-- Table structure for table `messages`
--

CREATE TABLE `messages` (
  `message_id` bigint unsigned NOT NULL AUTO_INCREMENT,
  `sender_id` bigint unsigned NOT NULL,
  `receiver_id` bigint unsigned NOT NULL,
  `message_text` longtext CHARACTER SET utf8mb4 COLLATE utf8mb4_unicode_ci,
  `attached_file` varchar(255) CHARACTER SET utf8mb4 COLLATE utf8mb4_unicode_ci DEFAULT NULL,
  `file_name` varchar(255) CHARACTER SET utf8mb4 COLLATE utf8mb4_unicode_ci DEFAULT NULL,
  `sent_at` datetime NOT NULL DEFAULT CURRENT_TIMESTAMP,
  `read_at` enum('0','1') CHARACTER SET utf8mb4 COLLATE utf8mb4_unicode_ci NOT NULL DEFAULT '0',
  `created_at` timestamp NULL DEFAULT NULL,
  `updated_at` timestamp NULL DEFAULT NULL,
  PRIMARY KEY (`message_id`),
  KEY `messages_sender_id_foreign` (`sender_id`),
  KEY `messages_receiver_id_foreign` (`receiver_id`),
  CONSTRAINT `messages_receiver_id_foreign` FOREIGN KEY (`receiver_id`) REFERENCES `users` (`user_id`) ON DELETE CASCADE,
  CONSTRAINT `messages_sender_id_foreign` FOREIGN KEY (`sender_id`) REFERENCES `users` (`user_id`) ON DELETE CASCADE
) ENGINE=InnoDB AUTO_INCREMENT=29 DEFAULT CHARSET=utf8mb4 COLLATE=utf8mb4_unicode_ci;

--
-- Dumping data for table `messages`
--

INSERT INTO `messages` VALUES (1,1,1,'hello',NULL,NULL,'2025-03-17 17:44:00','0',NULL,NULL),(2,1,1,'asdasdsad',NULL,NULL,'2025-03-17 19:03:20','0',NULL,NULL),(6,3,2,NULL,NULL,NULL,'2025-04-03 11:53:38','1','2025-04-03 11:53:38',NULL),(7,3,2,'Hey man','','','2025-04-03 11:53:42','1','2025-04-03 11:53:42',NULL),(8,3,2,'I like this product','public/images/messages/1743681242.png','1743681242.png','2025-04-03 11:54:02','1','2025-04-03 11:54:02',NULL),(9,3,9,NULL,NULL,NULL,'2025-04-03 12:57:11','1','2025-04-03 12:57:11',NULL),(10,15,9,NULL,NULL,NULL,'2025-04-04 08:27:22','1','2025-04-04 08:27:22',NULL),(11,15,9,'yutyuytuyt','','','2025-04-04 08:27:26','1','2025-04-04 08:27:26',NULL),(12,9,15,'tyutyutyutytyutyut','','','2025-04-04 08:40:43','1','2025-04-04 08:40:43',NULL),(13,15,9,'jklkljkjklkjlkjljk','','','2025-04-07 05:45:32','1','2025-04-07 05:45:32',NULL),(14,2,3,'etfasdksa db sadb sabjd asbd sandnmsa dmnsa d.sa dnsa d','public/images/messages/1744432131.png','1744432131.png','2025-04-12 04:28:51','1','2025-04-12 04:28:51',NULL),(15,2,3,'sadasdasds as dgcsamgd sa','','','2025-04-12 04:30:45','1','2025-04-12 04:30:45',NULL),(16,2,3,'het m asdasdsa','public/images/messages/1744432265.png','1744432265.png','2025-04-12 04:31:05','1','2025-04-12 04:31:05',NULL),(17,2,3,'asdsadsadsad','public/images/messages/1744432748.png','1744432748.png','2025-04-12 04:39:08','1','2025-04-12 04:39:08',NULL),(18,21,9,NULL,NULL,NULL,'2025-04-16 10:55:20','1','2025-04-16 10:55:20',NULL),(19,21,9,'dsfdsfdsfdsf','','','2025-04-16 10:55:22','1','2025-04-16 10:55:22',NULL),(20,22,9,NULL,NULL,NULL,'2025-04-16 10:57:27','1','2025-04-16 10:57:27',NULL),(21,22,9,'sdfdsfdsfdsf','','','2025-04-16 10:57:30','1','2025-04-16 10:57:30',NULL),(22,9,22,'cvbcvcvb','','','2025-04-16 11:37:31','0','2025-04-16 11:37:31',NULL),(23,2,3,'hello kamlesh mail test','','','2025-04-16 12:13:27','1','2025-04-16 12:13:27',NULL),(24,9,22,'sdfdsfdsfdsfds','','','2025-04-16 12:17:19','0','2025-04-16 12:17:19',NULL),(25,26,9,NULL,NULL,NULL,'2025-04-28 12:46:33','1','2025-04-28 12:46:33',NULL),(26,26,9,'dsfsdfdsfdsfsdfdsfds','','','2025-04-28 12:46:36','1','2025-04-28 12:46:36',NULL),(27,21,9,'hjkhjkhjkhjkhjhjkhj','','','2025-04-29 05:40:35','1','2025-04-29 05:40:35',NULL),(28,9,21,'sdfdsfdsfds hihihihihihi','','','2025-04-29 08:14:40','1','2025-04-29 08:14:40',NULL);

--
-- Table structure for table `migrations`
--

CREATE TABLE `migrations` (
  `id` int unsigned NOT NULL AUTO_INCREMENT,
  `migration` varchar(255) CHARACTER SET utf8mb4 COLLATE utf8mb4_unicode_ci NOT NULL,
  `batch` int NOT NULL,
  PRIMARY KEY (`id`)
) ENGINE=InnoDB AUTO_INCREMENT=18 DEFAULT CHARSET=utf8mb4 COLLATE=utf8mb4_unicode_ci;

--
-- Dumping data for table `migrations`
--

INSERT INTO `migrations` VALUES (1,'0001_01_01_000000_create_users_table',1),(2,'0001_01_01_000001_create_cache_table',1),(3,'0001_01_01_000002_create_jobs_table',1),(4,'2025_03_11_180850_add_role_to_users_table',1),(5,'2025_03_13_111954_create_projects_table',1),(6,'2025_03_13_124920_create_setting_table',1),(7,'2025_03_15_110103_create_products_table',1),(8,'2025_03_15_110452_create_project_items_table',1),(9,'2025_03_17_094036_create_messages_table',1),(10,'2025_03_17_100322_create_notifications_table',1),(11,'2025_03_17_100625_create_buyer_address_table',1),(12,'2025_03_17_100951_create_table_postcodes',1),(13,'2025_03_17_101430_create_table_price_offers',1),(14,'2025_03_17_102010_create_ratings_table',1),(15,'2025_03_17_102626_create_table_offer_items',1),(16,'2025_04_04_052911_add_address_in_projects_table',2),(17,'2025_04_24_075322_create_table_mail_history',3);

--
-- Table structure for table `notifications`
--

CREATE TABLE `notifications` (
  `id` bigint unsigned NOT NULL AUTO_INCREMENT,
  `project_id` bigint unsigned NOT NULL,
  `title` varchar(255) CHARACTER SET utf8mb4 COLLATE utf8mb4_unicode_ci NOT NULL,
  `description` longtext CHARACTER SET utf8mb4 COLLATE utf8mb4_unicode_ci NOT NULL,
  `sent_to` varchar(255) CHARACTER SET utf8mb4 COLLATE utf8mb4_unicode_ci NOT NULL,
  `is_marked` enum('0','1') CHARACTER SET utf8mb4 COLLATE utf8mb4_unicode_ci NOT NULL DEFAULT '0',
  `active` enum('0','1') CHARACTER SET utf8mb4 COLLATE utf8mb4_unicode_ci NOT NULL DEFAULT '0',
  `status` enum('0','1') CHARACTER SET utf8mb4 COLLATE utf8mb4_unicode_ci NOT NULL DEFAULT '0',
  `created_at` timestamp NULL DEFAULT NULL,
  `updated_at` timestamp NULL DEFAULT NULL,
  PRIMARY KEY (`id`),
  KEY `notifications_project_id_foreign` (`project_id`),
  CONSTRAINT `notifications_project_id_foreign` FOREIGN KEY (`project_id`) REFERENCES `projects` (`id`) ON DELETE CASCADE
) ENGINE=InnoDB AUTO_INCREMENT=225 DEFAULT CHARSET=utf8mb4 COLLATE=utf8mb4_unicode_ci;

--
-- Dumping data for table `notifications`
--

INSERT INTO `notifications` VALUES (1,2,'project 2','\"thias dhj lasjhvd.asv\"','8','0','0','0','2025-04-03 10:41:47',NULL),(2,3,'kamlesh test','\"nice manasda\"','3','0','0','0','2025-04-03 11:52:45',NULL),(3,5,'test','\"pir\"','3','0','0','0','2025-04-03 12:31:07',NULL),(4,5,'test','\"pir\"','15','0','0','0','2025-04-03 12:31:09',NULL),(5,6,'tedt','\"ddsfdsf\"','3','1','0','0','2025-04-03 12:38:33',NULL),(6,6,'tedt','\"ddsfdsf\"','15','0','0','0','2025-04-03 12:38:35',NULL),(7,7,'New Test Project','\"fgdfgdf\"','3','0','0','0','2025-04-04 08:25:18',NULL),(8,7,'New Test Project','\"fgdfgdf\"','15','0','0','0','2025-04-04 08:25:20',NULL),(9,8,'fgh','\"g\"','3','0','0','0','2025-04-04 08:26:05',NULL),(10,8,'fgh','\"g\"','15','0','0','0','2025-04-04 08:26:06',NULL),(11,9,'dfg','\"dsfds\"','3','0','0','0','2025-04-04 09:05:07',NULL),(12,9,'dfg','\"dsfds\"','15','0','0','0','2025-04-04 09:05:09',NULL),(13,11,'test offer price','\"red bricks\"','3','0','0','0','2025-04-05 07:08:11',NULL),(14,11,'test offer price','\"red bricks\"','8','0','0','0','2025-04-05 07:08:14',NULL),(15,11,'test offer price','\"red bricks\"','12','0','0','0','2025-04-05 07:08:15',NULL),(16,11,'test offer price','\"red bricks\"','15','0','0','0','2025-04-05 07:08:17',NULL),(17,12,'new test','\"hjkhjk\"','3','0','0','0','2025-04-07 05:53:18',NULL),(18,12,'new test','\"hjkhjk\"','15','0','0','0','2025-04-07 05:53:20',NULL),(19,13,'test','\"gfhfg\"','3','0','0','0','2025-04-07 06:18:45',NULL),(20,13,'test','\"gfhfg\"','15','0','0','0','2025-04-07 06:18:47',NULL),(21,13,'test','\"gfhfg\"','16','0','0','0','2025-04-07 06:18:49',NULL),(22,16,'test 1','\"test prioduc\"','3','0','0','0','2025-04-11 09:48:02',NULL),(23,1,'abc test1','\"asdsadsa\"','3','0','0','0','2025-04-11 09:49:52',NULL),(24,17,'test 2','\"sadsadsa4\"','3','0','0','0','2025-04-11 09:51:56',NULL),(25,18,'sadsad','\"asdsads\"','3','0','0','0','2025-04-11 09:58:51',NULL),(26,19,'test 23','\"asdm nasvv\"','3','0','0','0','2025-04-11 10:00:29',NULL),(27,20,'test 3','\"asdmasbv\"','3','0','0','0','2025-04-11 10:01:31',NULL),(28,21,'test 6','\"sakdjaslhjdg\"','3','0','0','0','2025-04-11 10:18:00',NULL),(29,21,'test 6','\"asdsd\"','8','0','0','0','2025-04-11 10:18:01',NULL),(30,21,'test 6','\"asdasd\"','10','0','0','0','2025-04-11 10:18:01',NULL),(31,21,'test 6','\"nice n ashjdvhjsa djsa\"','15','0','0','0','2025-04-11 10:18:01',NULL),(32,22,'test final','\"product 1\"','3','0','0','0','2025-04-11 10:26:37',NULL),(33,22,'test final','\"product 2\"','8','0','0','0','2025-04-11 10:26:38',NULL),(34,22,'test final','\"product 3\"','15','0','0','0','2025-04-11 10:26:38',NULL),(35,23,'tets image','\"prodasbdh sad lsa23\"','3','0','0','0','2025-04-11 10:33:32',NULL),(36,23,'tets image','\"thi. sadasda\"','8','0','0','0','2025-04-11 10:33:32',NULL),(37,23,'tets image','\"kllocjsads dsadsa\"','10','0','0','0','2025-04-11 10:33:32',NULL),(38,24,'nice test image','\"produc 1\"','3','0','0','0','2025-04-11 10:43:24',NULL),(39,24,'nice test image','\"produ ct 23\"','8','0','0','0','2025-04-11 10:43:24',NULL),(40,24,'nice test image','\"produc 34333\"','12','0','0','0','2025-04-11 10:43:24',NULL),(41,25,'xx 12232','\"product 1\"','3','0','0','0','2025-04-11 10:55:25',NULL),(42,25,'xx 12232','\"ahsdvs dsa d\"','8','0','0','0','2025-04-11 10:55:25',NULL),(43,25,'xx 12232','\"amdbaskjd\\/s\"','10','0','0','0','2025-04-11 10:55:25',NULL),(44,11,'test offer price','test offer price','18','0','0','0','2025-04-12 07:03:21',NULL),(45,16,'test 1','ths is vavstes','18','0','0','0','2025-04-12 07:03:21',NULL),(46,17,'test 2','asdsa','18','0','0','0','2025-04-12 07:03:21',NULL),(47,18,'sadsad','asdsadsa','18','0','0','0','2025-04-12 07:03:21',NULL),(48,19,'test 23','adashvd','18','0','0','0','2025-04-12 07:03:21',NULL),(49,20,'test 3','adsah','18','0','0','0','2025-04-12 07:03:21',NULL),(50,21,'test 6','nice ytestasbdsa d sand sanm, dn,abs d','18','0','0','0','2025-04-12 07:03:21',NULL),(51,22,'test final','asdsadh.sa','18','0','0','0','2025-04-12 07:03:21',NULL),(52,23,'tets image','sadasd','18','0','0','0','2025-04-12 07:03:21',NULL),(53,24,'nice test image','sadsadsad','18','0','0','0','2025-04-12 07:03:21',NULL),(54,25,'xx 12232','test 1','18','0','0','0','2025-04-12 07:03:21',NULL),(55,16,'test 1','ths is vavstes','19','0','0','0','2025-04-12 07:10:54',NULL),(56,17,'test 2','asdsa','19','0','0','0','2025-04-12 07:10:54',NULL),(57,18,'sadsad','asdsadsa','19','0','0','0','2025-04-12 07:10:54',NULL),(58,19,'test 23','adashvd','19','0','0','0','2025-04-12 07:10:54',NULL),(59,20,'test 3','adsah','19','0','0','0','2025-04-12 07:10:54',NULL),(60,21,'test 6','nice ytestasbdsa d sand sanm, dn,abs d','19','0','0','0','2025-04-12 07:10:54',NULL),(61,22,'test final','asdsadh.sa','19','0','0','0','2025-04-12 07:10:54',NULL),(62,23,'tets image','sadasd','19','0','0','0','2025-04-12 07:10:54',NULL),(63,24,'nice test image','sadsadsad','19','0','0','0','2025-04-12 07:10:54',NULL),(64,25,'xx 12232','test 1','19','0','0','0','2025-04-12 07:10:54',NULL),(65,16,'test 1','ths is vavstes','20','0','0','0','2025-04-12 07:20:52',NULL),(66,17,'test 2','asdsa','20','0','0','0','2025-04-12 07:20:52',NULL),(67,18,'sadsad','asdsadsa','20','0','0','0','2025-04-12 07:20:52',NULL),(68,19,'test 23','adashvd','20','0','0','0','2025-04-12 07:20:52',NULL),(69,20,'test 3','adsah','20','0','0','0','2025-04-12 07:20:52',NULL),(70,21,'test 6','nice ytestasbdsa d sand sanm, dn,abs d','20','0','0','0','2025-04-12 07:20:52',NULL),(71,22,'test final','asdsadh.sa','20','0','0','0','2025-04-12 07:20:52',NULL),(72,23,'tets image','sadasd','20','0','0','0','2025-04-12 07:20:52',NULL),(73,24,'nice test image','sadsadsad','20','0','0','0','2025-04-12 07:20:52',NULL),(74,25,'xx 12232','test 1','20','0','0','0','2025-04-12 07:20:52',NULL),(75,26,'test project','\"pir board\"','3','0','0','0','2025-04-14 05:21:17',NULL),(76,26,'test project','\"pir board\"','15','0','0','0','2025-04-14 05:21:18',NULL),(77,26,'test project','\"pir board\"','16','0','0','0','2025-04-14 05:21:18',NULL),(78,26,'test project','\"pir board\"','18','0','0','0','2025-04-14 05:21:18',NULL),(79,26,'test project','\"pir board\"','19','0','0','0','2025-04-14 05:21:18',NULL),(80,26,'test project','\"pir board\"','20','0','0','0','2025-04-14 05:21:18',NULL),(81,27,'hghf','\"f\"','3','0','0','0','2025-04-14 05:36:04',NULL),(82,27,'hghf','\"f\"','15','0','0','0','2025-04-14 05:36:04',NULL),(83,27,'hghf','\"f\"','16','0','0','0','2025-04-14 05:36:04',NULL),(84,27,'hghf','\"f\"','18','0','0','0','2025-04-14 05:36:04',NULL),(85,27,'hghf','\"f\"','19','0','0','0','2025-04-14 05:36:04',NULL),(86,27,'hghf','\"f\"','20','0','0','0','2025-04-14 05:36:04',NULL),(87,1,'abc test1','first prnklansdlbaskjdb1','21','0','0','0','2025-04-16 10:36:10',NULL),(88,12,'new test','fsdfdsf','21','0','0','0','2025-04-16 10:36:10',NULL),(89,1,'abc test1','first prnklansdlbaskjdb1','22','0','0','0','2025-04-16 10:50:25',NULL),(90,12,'new test','fsdfdsf','22','0','0','0','2025-04-16 10:50:25',NULL),(91,29,'testtest','\"sdfdsf\"','3','0','0','0','2025-04-16 10:53:15',NULL),(92,29,'testtest','\"sdfdsf\"','15','0','0','0','2025-04-16 10:53:15',NULL),(93,29,'testtest','\"sdfdsf\"','16','0','0','0','2025-04-16 10:53:15',NULL),(94,29,'testtest','\"sdfdsf\"','18','0','0','0','2025-04-16 10:53:15',NULL),(95,29,'testtest','\"sdfdsf\"','19','0','0','0','2025-04-16 10:53:15',NULL),(96,29,'testtest','\"sdfdsf\"','20','0','0','0','2025-04-16 10:53:15',NULL),(97,29,'testtest','\"sdfdsf\"','21','0','0','0','2025-04-16 10:53:15',NULL),(98,29,'testtest','\"sdfdsf\"','22','0','0','0','2025-04-16 10:53:15',NULL),(99,30,'new date check','\"product 13\"','3','0','0','0','2025-04-16 13:50:21',NULL),(100,30,'new date check','\"product 13\"','15','0','0','0','2025-04-16 13:50:21',NULL),(101,30,'new date check','\"product 13\"','16','0','0','0','2025-04-16 13:50:21',NULL),(102,30,'new date check','\"product 13\"','18','0','0','0','2025-04-16 13:50:22',NULL),(103,30,'new date check','\"product 13\"','19','0','0','0','2025-04-16 13:50:22',NULL),(104,30,'new date check','\"product 13\"','20','0','0','0','2025-04-16 13:50:22',NULL),(105,30,'new date check','\"product 13\"','21','0','0','0','2025-04-16 13:50:22',NULL),(106,30,'new date check','\"product 13\"','22','0','0','0','2025-04-16 13:50:22',NULL),(107,30,'new date check','\"product 2\"','8','0','0','0','2025-04-16 13:50:22',NULL),(108,30,'new date check','\"product 2\"','12','0','0','0','2025-04-16 13:50:22',NULL),(109,1,'abc test1','first prnklansdlbaskjdb1','23','0','0','0','2025-04-23 11:32:12',NULL),(110,30,'new date check','djabdlhsabdkas.','23','0','0','0','2025-04-23 11:32:12',NULL),(111,31,'sdfdsf','\"f\"','3','0','0','0','2025-04-23 11:43:26',NULL),(112,31,'sdfdsf','\"f\"','15','0','0','0','2025-04-23 11:43:26',NULL),(113,31,'sdfdsf','\"f\"','16','0','0','0','2025-04-23 11:43:26',NULL),(114,31,'sdfdsf','\"f\"','18','0','0','0','2025-04-23 11:43:26',NULL),(115,31,'sdfdsf','\"f\"','19','0','0','0','2025-04-23 11:43:26',NULL),(116,31,'sdfdsf','\"f\"','20','0','0','0','2025-04-23 11:43:26',NULL),(117,31,'sdfdsf','\"f\"','21','0','0','0','2025-04-23 11:43:26',NULL),(118,31,'sdfdsf','\"f\"','22','0','0','0','2025-04-23 11:43:26',NULL),(119,1,'abc test1','first prnklansdlbaskjdb1','24','0','0','0','2025-04-24 14:42:11',NULL),(120,30,'new date check','djabdlhsabdkas.','24','0','0','0','2025-04-24 14:42:11',NULL),(121,32,'test kamlesh','\"as dhasvhvlhj\"','3','0','0','0','2025-04-24 14:44:15',NULL),(122,32,'test kamlesh','\"as dhasvhvlhj\"','15','0','0','0','2025-04-24 14:44:15',NULL),(123,32,'test kamlesh','\"as dhasvhvlhj\"','16','0','0','0','2025-04-24 14:44:15',NULL),(124,32,'test kamlesh','\"as dhasvhvlhj\"','18','0','0','0','2025-04-24 14:44:15',NULL),(125,32,'test kamlesh','\"as dhasvhvlhj\"','19','0','0','0','2025-04-24 14:44:15',NULL),(126,32,'test kamlesh','\"as dhasvhvlhj\"','20','0','0','0','2025-04-24 14:44:15',NULL),(127,32,'test kamlesh','\"as dhasvhvlhj\"','21','0','0','0','2025-04-24 14:44:15',NULL),(128,32,'test kamlesh','\"as dhasvhvlhj\"','22','0','0','0','2025-04-24 14:44:15',NULL),(129,33,'qweqw','\"ss\"','3','0','0','0','2025-04-25 10:44:44',NULL),(130,33,'qweqw','\"ss\"','15','0','0','0','2025-04-25 10:44:44',NULL),(131,33,'qweqw','\"ss\"','16','0','0','0','2025-04-25 10:44:44',NULL),(132,33,'qweqw','\"ss\"','18','0','0','0','2025-04-25 10:44:44',NULL),(133,33,'qweqw','\"ss\"','19','0','0','0','2025-04-25 10:44:44',NULL),(134,33,'qweqw','\"ss\"','20','0','0','0','2025-04-25 10:44:44',NULL),(135,33,'qweqw','\"ss\"','21','0','0','0','2025-04-25 10:44:44',NULL),(136,33,'qweqw','\"ss\"','22','0','0','0','2025-04-25 10:44:44',NULL),(137,34,'dfgdf','\"12\"','3','0','0','0','2025-04-28 12:36:02',NULL),(138,34,'dfgdf','\"12\"','15','0','0','0','2025-04-28 12:36:02',NULL),(139,34,'dfgdf','\"12\"','16','0','0','0','2025-04-28 12:36:02',NULL),(140,34,'dfgdf','\"12\"','18','0','0','0','2025-04-28 12:36:02',NULL),(141,34,'dfgdf','\"12\"','19','0','0','0','2025-04-28 12:36:02',NULL),(142,34,'dfgdf','\"12\"','20','0','0','0','2025-04-28 12:36:02',NULL),(143,34,'dfgdf','\"12\"','21','0','0','0','2025-04-28 12:36:02',NULL),(144,34,'dfgdf','\"12\"','22','0','0','0','2025-04-28 12:36:02',NULL),(145,1,'abc test1','first prnklansdlbaskjdb1','25','0','0','0','2025-04-28 12:37:46',NULL),(146,30,'new date check','djabdlhsabdkas.','25','0','0','0','2025-04-28 12:37:46',NULL),(147,32,'test kamlesh','nice parokasdasd','25','0','0','0','2025-04-28 12:37:46',NULL),(148,34,'dfgdf','dfgdfdf','25','0','0','0','2025-04-28 12:37:46',NULL),(149,1,'abc test1','first prnklansdlbaskjdb1','26','0','0','0','2025-04-28 12:42:09',NULL),(150,30,'new date check','djabdlhsabdkas.','26','0','0','0','2025-04-28 12:42:09',NULL),(151,32,'test kamlesh','nice parokasdasd','26','0','0','0','2025-04-28 12:42:09',NULL),(152,34,'dfgdf','dfgdfdf','26','0','0','0','2025-04-28 12:42:09',NULL),(153,35,'ertrgdfgdfgdf!!!','\"dfdsdf\"','3','0','0','0','2025-04-28 13:01:02',NULL),(154,35,'ertrgdfgdfgdf!!!','\"dfdsdf\"','15','0','0','0','2025-04-28 13:01:02',NULL),(155,35,'ertrgdfgdfgdf!!!','\"dfdsdf\"','16','0','0','0','2025-04-28 13:01:02',NULL),(156,35,'ertrgdfgdfgdf!!!','\"dfdsdf\"','18','0','0','0','2025-04-28 13:01:03',NULL),(157,35,'ertrgdfgdfgdf!!!','\"dfdsdf\"','19','0','0','0','2025-04-28 13:01:03',NULL),(158,35,'ertrgdfgdfgdf!!!','\"dfdsdf\"','20','0','0','0','2025-04-28 13:01:03',NULL),(159,35,'ertrgdfgdfgdf!!!','\"dfdsdf\"','21','0','0','0','2025-04-28 13:01:03',NULL),(160,35,'ertrgdfgdfgdf!!!','\"dfdsdf\"','22','0','0','0','2025-04-28 13:01:03',NULL),(161,35,'ertrgdfgdfgdf!!!','\"dfdsdf\"','25','0','0','0','2025-04-28 13:01:03',NULL),(162,35,'ertrgdfgdfgdf!!!','\"dfdsdf\"','26','0','0','0','2025-04-28 13:01:03',NULL),(163,36,'fgdfgfdgdf','\"fghfghfghgf\"','3','0','0','0','2025-04-28 13:40:37',NULL),(164,36,'fgdfgfdgdf','\"fghfghfghgf\"','15','0','0','0','2025-04-28 13:40:37',NULL),(165,36,'fgdfgfdgdf','\"fghfghfghgf\"','16','0','0','0','2025-04-28 13:40:37',NULL),(166,36,'fgdfgfdgdf','\"fghfghfghgf\"','18','0','0','0','2025-04-28 13:40:37',NULL),(167,36,'fgdfgfdgdf','\"fghfghfghgf\"','19','0','0','0','2025-04-28 13:40:37',NULL),(168,36,'fgdfgfdgdf','\"fghfghfghgf\"','20','0','0','0','2025-04-28 13:40:37',NULL),(169,36,'fgdfgfdgdf','\"fghfghfghgf\"','21','0','0','0','2025-04-28 13:40:37',NULL),(170,36,'fgdfgfdgdf','\"fghfghfghgf\"','22','0','0','0','2025-04-28 13:40:37',NULL),(171,36,'fgdfgfdgdf','\"fghfghfghgf\"','25','0','0','0','2025-04-28 13:40:37',NULL),(172,36,'fgdfgfdgdf','\"fghfghfghgf\"','26','0','0','0','2025-04-28 13:40:37',NULL),(173,37,'New for testing change status','\"123\"','3','0','0','0','2025-05-02 10:34:55',NULL),(174,37,'New for testing change status','\"123\"','15','0','0','0','2025-05-02 10:34:55',NULL),(175,37,'New for testing change status','\"123\"','16','0','0','0','2025-05-02 10:34:55',NULL),(176,37,'New for testing change status','\"123\"','18','0','0','0','2025-05-02 10:34:56',NULL),(177,37,'New for testing change status','\"123\"','19','0','0','0','2025-05-02 10:34:56',NULL),(178,37,'New for testing change status','\"123\"','20','0','0','0','2025-05-02 10:34:56',NULL),(179,37,'New for testing change status','\"123\"','21','0','0','0','2025-05-02 10:34:56',NULL),(180,37,'New for testing change status','\"123\"','22','0','0','0','2025-05-02 10:34:56',NULL),(181,37,'New for testing change status','\"123\"','25','0','0','0','2025-05-02 10:34:56',NULL),(182,37,'New for testing change status','\"123\"','26','0','0','0','2025-05-02 10:34:56',NULL),(183,1,'abc test1','first prnklansdlbaskjdb1','27','0','0','0','2025-05-02 10:36:44',NULL),(184,30,'new date check','djabdlhsabdkas.','27','0','0','0','2025-05-02 10:36:44',NULL),(185,32,'test kamlesh','nice parokasdasd','27','0','0','0','2025-05-02 10:36:44',NULL),(186,38,'test no change status','\"123\"','3','0','0','0','2025-05-02 10:37:52',NULL),(187,38,'test no change status','\"123\"','15','0','0','0','2025-05-02 10:37:52',NULL),(188,38,'test no change status','\"123\"','16','0','0','0','2025-05-02 10:37:52',NULL),(189,38,'test no change status','\"123\"','18','0','0','0','2025-05-02 10:37:52',NULL),(190,38,'test no change status','\"123\"','19','0','0','0','2025-05-02 10:37:52',NULL),(191,38,'test no change status','\"123\"','20','0','0','0','2025-05-02 10:37:52',NULL),(192,38,'test no change status','\"123\"','21','0','0','0','2025-05-02 10:37:52',NULL),(193,38,'test no change status','\"123\"','22','0','0','0','2025-05-02 10:37:52',NULL),(194,38,'test no change status','\"123\"','25','0','0','0','2025-05-02 10:37:52',NULL),(195,38,'test no change status','\"123\"','26','0','0','0','2025-05-02 10:37:52',NULL),(196,38,'test no change status','\"123\"','27','0','0','0','2025-05-02 10:37:52',NULL),(197,1,'abc test1','first prnklansdlbaskjdb1','28','0','0','0','2025-05-02 10:38:27',NULL),(198,30,'new date check','djabdlhsabdkas.','28','0','0','0','2025-05-02 10:38:27',NULL),(199,32,'test kamlesh','nice parokasdasd','28','0','0','0','2025-05-02 10:38:27',NULL),(200,38,'test no change status','123','28','0','0','0','2025-05-02 10:38:27',NULL),(201,39,'nre nre nre','\"erew\"','3','0','0','0','2025-05-02 11:42:11',NULL),(202,39,'nre nre nre','\"erew\"','15','0','0','0','2025-05-02 11:42:11',NULL),(203,39,'nre nre nre','\"erew\"','16','0','0','0','2025-05-02 11:42:11',NULL),(204,39,'nre nre nre','\"erew\"','18','0','0','0','2025-05-02 11:42:11',NULL),(205,39,'nre nre nre','\"erew\"','19','0','0','0','2025-05-02 11:42:11',NULL),(206,39,'nre nre nre','\"erew\"','20','0','0','0','2025-05-02 11:42:11',NULL),(207,39,'nre nre nre','\"erew\"','21','0','0','0','2025-05-02 11:42:11',NULL),(208,39,'nre nre nre','\"erew\"','22','0','0','0','2025-05-02 11:42:11',NULL),(209,39,'nre nre nre','\"erew\"','25','0','0','0','2025-05-02 11:42:11',NULL),(210,39,'nre nre nre','\"erew\"','26','0','0','0','2025-05-02 11:42:11',NULL),(211,39,'nre nre nre','\"erew\"','27','0','0','0','2025-05-02 11:42:11',NULL),(212,39,'nre nre nre','\"erew\"','28','0','0','0','2025-05-02 11:42:11',NULL),(213,40,'new for new','\"123\"','3','0','0','0','2025-05-02 11:45:31',NULL),(214,40,'new for new','\"123\"','15','0','0','0','2025-05-02 11:45:31',NULL),(215,40,'new for new','\"123\"','16','0','0','0','2025-05-02 11:45:31',NULL),(216,40,'new for new','\"123\"','18','0','0','0','2025-05-02 11:45:31',NULL),(217,40,'new for new','\"123\"','19','0','0','0','2025-05-02 11:45:31',NULL),(218,40,'new for new','\"123\"','20','0','0','0','2025-05-02 11:45:31',NULL),(219,40,'new for new','\"123\"','21','0','0','0','2025-05-02 11:45:31',NULL),(220,40,'new for new','\"123\"','22','0','0','0','2025-05-02 11:45:31',NULL),(221,40,'new for new','\"123\"','25','0','0','0','2025-05-02 11:45:31',NULL),(222,40,'new for new','\"123\"','26','0','0','0','2025-05-02 11:45:31',NULL),(223,40,'new for new','\"123\"','27','0','0','0','2025-05-02 11:45:31',NULL),(224,40,'new for new','\"123\"','28','0','0','0','2025-05-02 11:45:31',NULL);

--
-- Table structure for table `offer_items`
--

CREATE TABLE `offer_items` (
  `id` bigint unsigned NOT NULL AUTO_INCREMENT,
  `offer_id` bigint unsigned NOT NULL,
  `seller_id` bigint unsigned NOT NULL,
  `project_id` bigint unsigned NOT NULL,
  `product_id` bigint unsigned DEFAULT NULL,
  `item_id` bigint unsigned DEFAULT NULL,
  `product_name` varchar(255) CHARACTER SET utf8mb4 COLLATE utf8mb4_unicode_ci NOT NULL,
  `product_price` float NOT NULL,
  `vat` enum('0','1') CHARACTER SET utf8mb4 COLLATE utf8mb4_unicode_ci NOT NULL DEFAULT '0',
  `delivery_price` float DEFAULT NULL,
  `delivery_date` varchar(255) CHARACTER SET utf8mb4 COLLATE utf8mb4_unicode_ci DEFAULT NULL,
  `payment_term` varchar(255) CHARACTER SET utf8mb4 COLLATE utf8mb4_unicode_ci DEFAULT NULL,
  `status` enum('ordered','declined','order-out-of-website') CHARACTER SET utf8mb4 COLLATE utf8mb4_unicode_ci DEFAULT NULL,
  `edit_permission` enum('0','1') CHARACTER SET utf8mb4 COLLATE utf8mb4_unicode_ci NOT NULL DEFAULT '0',
  `is_editable` enum('0','1') CHARACTER SET utf8mb4 COLLATE utf8mb4_unicode_ci NOT NULL DEFAULT '0',
  `bid_currency` varchar(255) CHARACTER SET utf8mb4 COLLATE utf8mb4_unicode_ci DEFAULT NULL,
  `created_at` timestamp NULL DEFAULT NULL,
  `updated_at` timestamp NULL DEFAULT NULL,
  PRIMARY KEY (`id`),
  KEY `offer_items_offer_id_foreign` (`offer_id`),
  KEY `offer_items_seller_id_foreign` (`seller_id`),
  KEY `offer_items_project_id_foreign` (`project_id`),
  KEY `offer_items_product_id_foreign` (`product_id`),
  KEY `offer_items_item_id_foreign` (`item_id`),
  CONSTRAINT `offer_items_item_id_foreign` FOREIGN KEY (`item_id`) REFERENCES `project_items` (`id`) ON DELETE SET NULL,
  CONSTRAINT `offer_items_offer_id_foreign` FOREIGN KEY (`offer_id`) REFERENCES `price_offers` (`offer_id`) ON DELETE CASCADE,
  CONSTRAINT `offer_items_product_id_foreign` FOREIGN KEY (`product_id`) REFERENCES `products` (`id`) ON DELETE SET NULL,
  CONSTRAINT `offer_items_project_id_foreign` FOREIGN KEY (`project_id`) REFERENCES `projects` (`id`) ON DELETE CASCADE,
  CONSTRAINT `offer_items_seller_id_foreign` FOREIGN KEY (`seller_id`) REFERENCES `users` (`user_id`) ON DELETE CASCADE
) ENGINE=InnoDB AUTO_INCREMENT=24 DEFAULT CHARSET=utf8mb4 COLLATE=utf8mb4_unicode_ci;

--
-- Dumping data for table `offer_items`
--

INSERT INTO `offer_items` VALUES (2,4,3,3,2,5,'timber',323,'1',345,'19/04/2025','Upfront',NULL,'0','0','₹','2025-04-03 11:53:24',NULL),(3,7,3,9,1,12,'insulation',44,'1',444,'24/07/2025','Upfront',NULL,'0','0','₹','2025-04-05 07:06:45',NULL),(5,9,3,11,5,13,'bricks',9999,'1',99,'30/07/2025','Upfront',NULL,'0','0','₹','2025-04-05 07:08:48',NULL),(6,10,15,12,1,14,'insulation',13,'0',12,'12/12/2025','12',NULL,'0','0','₪','2025-04-07 05:53:43',NULL),(7,11,3,13,1,15,'insulation',834,'1',998989,'30/04/2025','Upfront',NULL,'0','0','₹','2025-04-09 13:45:03',NULL),(8,12,3,25,1,35,'insulation',34,'1',34343,'24/04/2025','Upfront',NULL,'0','0','₹','2025-04-11 14:13:18',NULL),(9,12,3,25,5,36,'bricks',343,'1',3343,'26/04/2025','Upfront',NULL,'0','0','₹','2025-04-11 14:13:18',NULL),(10,12,3,25,6,37,'internal door',343,'0',232323,'30/04/2025','',NULL,'0','0','₹','2025-04-11 14:13:18',NULL),(11,13,21,29,1,52,'insulation',12,'1',12,'12/12/2025','122112',NULL,'0','0','₪','2025-04-16 10:54:47',NULL),(12,13,21,29,1,53,'insulation',12,'1',12,'12/12/2025','1212',NULL,'0','0','₪','2025-04-16 10:54:47',NULL),(13,14,22,29,1,52,'insulation',3,'0',3,'02/02/2025','333','declined','0','0','₪','2025-04-16 10:57:39',NULL),(14,14,22,29,1,53,'insulation',32,'0',2,'11/01/2025','22','ordered','0','0','₪','2025-04-16 10:57:39',NULL),(15,15,3,30,2,54,'timber',33,'1',22,'25/06/2025','Upfront',NULL,'0','0','₹','2025-04-16 13:51:49',NULL),(16,15,3,30,5,55,'bricks',4554,'1',444,'26/06/2025','',NULL,'0','0','₹','2025-04-16 13:51:49',NULL),(17,16,21,34,1,60,'insulation',12,'0',12,'12/12/2025','',NULL,'0','0','₪','2025-04-28 12:36:48',NULL),(18,17,21,35,1,61,'insulation',12,'0',12,'12/12/2025','',NULL,'0','0','₪','2025-04-28 13:02:43',NULL),(19,18,21,36,1,62,'insulation',12,'0',1212,'12/12/2025','',NULL,'0','0','₪','2025-04-28 13:41:01',NULL),(20,19,21,37,1,63,'insulation',12,'0',12,'12/12/2025','',NULL,'0','0','₪','2025-05-02 10:35:22',NULL),(21,20,21,38,1,64,'insulation',12,'0',12,'12/12/2025','',NULL,'0','0','₪','2025-05-02 10:49:53',NULL),(22,21,21,39,1,65,'insulation',12,'0',12,'12/09/2026','',NULL,'0','0','₪','2025-05-02 11:42:37',NULL),(23,22,21,40,1,66,'insulation',12,'0',12,'12/12/2025','',NULL,'1','1','₪','2025-05-02 11:46:02',NULL);

--
-- Table structure for table `password_reset_tokens`
--

CREATE TABLE `password_reset_tokens` (
  `email` varchar(255) CHARACTER SET utf8mb4 COLLATE utf8mb4_unicode_ci NOT NULL,
  `token` varchar(255) CHARACTER SET utf8mb4 COLLATE utf8mb4_unicode_ci NOT NULL,
  `created_at` timestamp NULL DEFAULT NULL,
  PRIMARY KEY (`email`)
) ENGINE=InnoDB DEFAULT CHARSET=utf8mb4 COLLATE=utf8mb4_unicode_ci;

--
-- Dumping data for table `password_reset_tokens`
--


--
-- Table structure for table `postcodes`
--

CREATE TABLE `postcodes` (
  `id` bigint unsigned NOT NULL AUTO_INCREMENT,
  `postcode` varchar(255) CHARACTER SET utf8mb4 COLLATE utf8mb4_unicode_ci DEFAULT NULL,
  `eastings` int DEFAULT NULL,
  `northings` int DEFAULT NULL,
  `latitude` decimal(10,8) DEFAULT NULL,
  `longitude` decimal(10,8) DEFAULT NULL,
  `town` varchar(255) CHARACTER SET utf8mb4 COLLATE utf8mb4_unicode_ci DEFAULT NULL,
  `region` varchar(255) CHARACTER SET utf8mb4 COLLATE utf8mb4_unicode_ci DEFAULT NULL,
  `country` varchar(255) CHARACTER SET utf8mb4 COLLATE utf8mb4_unicode_ci DEFAULT NULL,
  `country_string` varchar(255) CHARACTER SET utf8mb4 COLLATE utf8mb4_unicode_ci DEFAULT NULL,
  `created_at` timestamp NULL DEFAULT NULL,
  `updated_at` timestamp NULL DEFAULT NULL,
  PRIMARY KEY (`id`)
) ENGINE=InnoDB DEFAULT CHARSET=utf8mb4 COLLATE=utf8mb4_unicode_ci;

--
-- Dumping data for table `postcodes`
--


--
-- Table structure for table `price_offers`
--

CREATE TABLE `price_offers` (
  `offer_id` bigint unsigned NOT NULL AUTO_INCREMENT,
  `seller_id` bigint unsigned NOT NULL,
  `project_id` bigint unsigned NOT NULL,
  `notif_id` bigint unsigned DEFAULT NULL,
  `offer_data` longtext CHARACTER SET utf8mb4 COLLATE utf8mb4_unicode_ci NOT NULL,
  `attached_file` varchar(255) CHARACTER SET utf8mb4 COLLATE utf8mb4_unicode_ci NOT NULL,
  `is_marked` enum('0','1') CHARACTER SET utf8mb4 COLLATE utf8mb4_unicode_ci NOT NULL DEFAULT '0',
  `status` enum('ordered','declined','order-out-of-website') CHARACTER SET utf8mb4 COLLATE utf8mb4_unicode_ci DEFAULT NULL,
  `edit_permission` enum('0','1') CHARACTER SET utf8mb4 COLLATE utf8mb4_unicode_ci NOT NULL DEFAULT '0',
  `version` enum('1','2','3') CHARACTER SET utf8mb4 COLLATE utf8mb4_unicode_ci NOT NULL DEFAULT '1',
  `created_at` timestamp NULL DEFAULT NULL,
  `updated_at` timestamp NULL DEFAULT NULL,
  PRIMARY KEY (`offer_id`),
  KEY `price_offers_seller_id_foreign` (`seller_id`),
  KEY `price_offers_project_id_foreign` (`project_id`),
  CONSTRAINT `price_offers_project_id_foreign` FOREIGN KEY (`project_id`) REFERENCES `projects` (`id`) ON DELETE CASCADE,
  CONSTRAINT `price_offers_seller_id_foreign` FOREIGN KEY (`seller_id`) REFERENCES `users` (`user_id`) ON DELETE CASCADE
) ENGINE=InnoDB AUTO_INCREMENT=23 DEFAULT CHARSET=utf8mb4 COLLATE=utf8mb4_unicode_ci;

--
-- Dumping data for table `price_offers`
--

INSERT INTO `price_offers` VALUES (4,3,3,2,'[{\"item_id\":\"5\",\"product_id\":2,\"product\":\"timber\",\"price\":\"323\",\"vat\":\"1\",\"delivery_price\":\"345\",\"delivery_date\":\"19\\/04\\/2025\",\"payment_term\":\"Upfront\"}]','public/images/price-offers/1743681204.png','0','ordered','0','2','2025-04-03 11:53:24',NULL),(5,15,5,4,'[{\"item_id\":\"6\",\"product_id\":1,\"product\":\"insulation\",\"price\":\"12\",\"vat\":\"0\",\"delivery_price\":\"12\",\"delivery_date\":\"12\\/12\\/1212\",\"payment_term\":null}]','','0',NULL,'0','2','2025-04-03 12:31:46',NULL),(6,15,8,10,'[{\"item_id\":\"11\",\"product_id\":1,\"product\":\"insulation\",\"price\":\"12\",\"vat\":\"0\",\"delivery_price\":\"12\",\"delivery_date\":\"12\\/12\\/2121\",\"payment_term\":\"12\"}]','','0',NULL,'0','2','2025-04-04 08:27:35',NULL),(7,3,9,11,'[{\"item_id\":\"12\",\"product_id\":1,\"product\":\"insulation\",\"price\":\"44\",\"vat\":\"1\",\"delivery_price\":\"444\",\"delivery_date\":\"24\\/07\\/2025\",\"payment_term\":\"Upfront\"}]','public/images/price-offers/1743836805.png','0',NULL,'0','2','2025-04-05 07:06:45',NULL),(9,3,11,13,'[{\"item_id\":\"13\",\"product_id\":5,\"product\":\"bricks\",\"price\":\"9999\",\"vat\":\"1\",\"delivery_price\":\"99\",\"delivery_date\":\"30\\/07\\/2025\",\"payment_term\":\"Upfront\"}]','','0','declined','0','2','2025-04-05 07:08:48',NULL),(10,15,12,18,'[{\"item_id\":\"14\",\"product_id\":1,\"product\":\"insulation\",\"price\":\"12\",\"vat\":\"0\",\"delivery_price\":\"12\",\"delivery_date\":\"12\\/12\\/2025\",\"payment_term\":\"12\"}]','','0','ordered','0','2','2025-04-07 05:53:43',NULL),(11,3,13,19,'[{\"item_id\":\"15\",\"product_id\":1,\"product\":\"insulation\",\"price\":\"834\",\"vat\":\"1\",\"delivery_price\":\"998989\",\"delivery_date\":\"30\\/04\\/2025\",\"payment_term\":\"Upfront\"}]','','0',NULL,'0','2','2025-04-09 13:45:03',NULL),(12,3,25,41,'[{\"item_id\":\"35\",\"product_id\":1,\"product\":\"insulation\",\"price\":\"34\",\"vat\":\"1\",\"delivery_price\":\"34343\",\"delivery_date\":\"24\\/04\\/2025\",\"payment_term\":\"Upfront\",\"currency\":\"\\u20b9\"},{\"item_id\":\"36\",\"product_id\":5,\"product\":\"bricks\",\"price\":\"343\",\"vat\":\"1\",\"delivery_price\":\"3343\",\"delivery_date\":\"26\\/04\\/2025\",\"payment_term\":\"Upfront\",\"currency\":\"\\u20b9\"},{\"item_id\":\"37\",\"product_id\":6,\"product\":\"internal door\",\"price\":\"343\",\"vat\":\"0\",\"delivery_price\":\"232323\",\"delivery_date\":\"30\\/04\\/2025\",\"payment_term\":null,\"currency\":\"\\u20b9\"}]','public/images/price-offers/1744380798.png','0',NULL,'0','2','2025-04-11 14:13:18',NULL),(13,21,29,97,'[{\"item_id\":\"52\",\"product_id\":1,\"product\":\"insulation\",\"price\":\"12\",\"vat\":\"1\",\"delivery_price\":\"12\",\"delivery_date\":\"12\\/12\\/2025\",\"payment_term\":\"122112\",\"currency\":\"\\u20aa\"},{\"item_id\":\"53\",\"product_id\":1,\"product\":\"insulation\",\"price\":\"12\",\"vat\":\"1\",\"delivery_price\":\"12\",\"delivery_date\":\"12\\/12\\/2025\",\"payment_term\":\"1212\",\"currency\":\"\\u20aa\"}]','','0',NULL,'0','2','2025-04-16 10:54:47',NULL),(14,22,29,98,'[{\"item_id\":\"52\",\"product_id\":1,\"product\":\"insulation\",\"price\":\"3\",\"vat\":\"0\",\"delivery_price\":\"3\",\"delivery_date\":\"02\\/02\\/2025\",\"payment_term\":\"333\",\"currency\":\"\\u20aa\"},{\"item_id\":\"53\",\"product_id\":1,\"product\":\"insulation\",\"price\":\"32\",\"vat\":\"0\",\"delivery_price\":\"2\",\"delivery_date\":\"11\\/01\\/2025\",\"payment_term\":\"22\",\"currency\":\"\\u20aa\"}]','','0',NULL,'0','2','2025-04-16 10:57:39',NULL),(15,3,30,99,'[{\"item_id\":\"54\",\"product_id\":2,\"product\":\"timber\",\"price\":\"33\",\"vat\":\"1\",\"delivery_price\":\"22\",\"delivery_date\":\"25\\/06\\/2025\",\"payment_term\":\"Upfront\",\"currency\":\"\\u20b9\"},{\"item_id\":\"55\",\"product_id\":5,\"product\":\"bricks\",\"price\":\"4554\",\"vat\":\"1\",\"delivery_price\":\"444\",\"delivery_date\":\"26\\/06\\/2025\",\"payment_term\":null,\"currency\":\"\\u20b9\"}]','','0',NULL,'0','2','2025-04-16 13:51:49',NULL),(16,21,34,143,'[{\"item_id\":\"60\",\"product_id\":1,\"product\":\"insulation\",\"price\":\"12\",\"vat\":\"0\",\"delivery_price\":\"12\",\"delivery_date\":\"12\\/12\\/2025\",\"payment_term\":null,\"currency\":\"\\u20aa\"}]','','0','ordered','0','2','2025-04-28 12:36:48',NULL),(17,21,35,159,'[{\"item_id\":\"61\",\"product_id\":1,\"product\":\"insulation\",\"price\":\"12\",\"vat\":\"0\",\"delivery_price\":\"12\",\"delivery_date\":\"12\\/12\\/2025\",\"payment_term\":null,\"currency\":\"\\u20aa\"}]','','0','ordered','0','2','2025-04-28 13:02:43',NULL),(18,21,36,169,'[{\"item_id\":\"62\",\"product_id\":1,\"product\":\"insulation\",\"price\":\"12\",\"vat\":\"0\",\"delivery_price\":\"12\",\"delivery_date\":\"12\\/12\\/2025\",\"payment_term\":null,\"currency\":\"\\u20aa\"}]','','0',NULL,'0','2','2025-04-28 13:41:01',NULL),(19,21,37,179,'[{\"item_id\":\"63\",\"product_id\":1,\"product\":\"insulation\",\"price\":\"12\",\"vat\":\"0\",\"delivery_price\":\"12\",\"delivery_date\":\"12\\/12\\/2025\",\"payment_term\":null,\"currency\":\"\\u20aa\"}]','','0','ordered','0','2','2025-05-02 10:35:22',NULL),(20,21,38,192,'[{\"item_id\":\"64\",\"product_id\":1,\"product\":\"insulation\",\"price\":\"12\",\"vat\":\"0\",\"delivery_price\":\"12\",\"delivery_date\":\"12\\/12\\/2025\",\"payment_term\":null,\"currency\":\"\\u20aa\"}]','','0',NULL,'0','2','2025-05-02 10:49:53',NULL),(21,21,39,207,'[{\"item_id\":\"65\",\"product_id\":1,\"product\":\"insulation\",\"price\":\"12\",\"vat\":\"0\",\"delivery_price\":\"12\",\"delivery_date\":\"12\\/09\\/2026\",\"payment_term\":null,\"currency\":\"\\u20aa\"}]','','0',NULL,'0','2','2025-05-02 11:42:37',NULL),(22,21,40,219,'[{\"item_id\":\"66\",\"product_id\":1,\"product\":\"insulation\",\"price\":\"12\",\"vat\":\"0\",\"delivery_price\":\"12\",\"delivery_date\":\"12\\/12\\/2025\",\"payment_term\":null,\"currency\":\"\\u20aa\"}]','','0',NULL,'0','2','2025-05-02 11:46:02',NULL);

--
-- Table structure for table `products`
--

CREATE TABLE `products` (
  `id` bigint unsigned NOT NULL AUTO_INCREMENT,
  `name` varchar(255) CHARACTER SET utf8mb4 COLLATE utf8mb4_unicode_ci NOT NULL,
  `image` varchar(255) CHARACTER SET utf8mb4 COLLATE utf8mb4_unicode_ci NOT NULL,
  `created_at` timestamp NULL DEFAULT NULL,
  `updated_at` timestamp NULL DEFAULT NULL,
  PRIMARY KEY (`id`)
) ENGINE=InnoDB AUTO_INCREMENT=10 DEFAULT CHARSET=utf8mb4 COLLATE=utf8mb4_unicode_ci;

--
-- Dumping data for table `products`
--

INSERT INTO `products` VALUES (1,'Insulation','uploads/ins_6Nfjc66u.jpg','2025-03-18 00:07:14',NULL),(2,'Timber','uploads/sergey-lapunin-alvqKxt5LJk-unsplash_ZDqBcU6Y.jpg','2025-03-18 00:07:14',NULL),(3,'Plywood','uploads/plywood_i0RaKfly.jpg','2025-03-18 00:07:14',NULL),(4,'Plasterboard','uploads/pexels-jimmy-nilsson-masth-11427094_U4vSAmU9.jpg','2025-03-18 00:07:14',NULL),(5,'Bricks','uploads/window-484596_640_NQLSgMPx.jpg','2025-03-18 00:07:14',NULL),(6,'Internal Door','../../uploads/product_EmfVyCDA.jpg','2025-03-18 00:07:14',NULL);

--
-- Table structure for table `project_items`
--

CREATE TABLE `project_items` (
  `id` bigint unsigned NOT NULL AUTO_INCREMENT,
  `project_id` bigint unsigned NOT NULL,
  `description` longtext CHARACTER SET utf8mb4 COLLATE utf8mb4_unicode_ci NOT NULL,
  `product_type` varchar(255) CHARACTER SET utf8mb4 COLLATE utf8mb4_unicode_ci DEFAULT NULL,
  `open_to_similar_brands` enum('yes','no') CHARACTER SET utf8mb4 COLLATE utf8mb4_unicode_ci NOT NULL,
  `quantity` int DEFAULT NULL,
  `unit` varchar(255) CHARACTER SET utf8mb4 COLLATE utf8mb4_unicode_ci DEFAULT NULL,
  `date_required` varchar(255) CHARACTER SET utf8mb4 COLLATE utf8mb4_unicode_ci DEFAULT NULL,
  `edit_data` longtext CHARACTER SET utf8mb4 COLLATE utf8mb4_unicode_ci,
  `is_updated` enum('0','1') CHARACTER SET utf8mb4 COLLATE utf8mb4_unicode_ci NOT NULL DEFAULT '0',
  `product_image` varchar(255) CHARACTER SET utf8mb4 COLLATE utf8mb4_unicode_ci DEFAULT NULL,
  `product_image_old` varchar(255) CHARACTER SET utf8mb4 COLLATE utf8mb4_unicode_ci DEFAULT NULL,
  `status` enum('0','1') CHARACTER SET utf8mb4 COLLATE utf8mb4_unicode_ci NOT NULL DEFAULT '1',
  `currency` varchar(255) CHARACTER SET utf8mb4 COLLATE utf8mb4_unicode_ci DEFAULT '£',
  `created_at` timestamp NULL DEFAULT NULL,
  `updated_at` timestamp NULL DEFAULT NULL,
  PRIMARY KEY (`id`),
  KEY `project_items_project_id_foreign` (`project_id`),
  CONSTRAINT `project_items_project_id_foreign` FOREIGN KEY (`project_id`) REFERENCES `projects` (`id`) ON DELETE CASCADE
) ENGINE=InnoDB AUTO_INCREMENT=67 DEFAULT CHARSET=utf8mb4 COLLATE=utf8mb4_unicode_ci;

--
-- Dumping data for table `project_items`
--

INSERT INTO `project_items` VALUES (3,2,'thias dhj lasjhvd.asv','plywood','yes',200,'120','asdasdsadasasd',NULL,'0','public/images/product-items/1742551611.png',NULL,'1','₹','2025-03-21 04:36:51','2025-03-21 04:36:51'),(4,1,'asdsadsa','plasterboard','yes',34,'33','09/04/2025',NULL,'0','public/images/product-items/1742562290.png',NULL,'1','₹','2025-03-21 07:34:50','2025-03-21 07:34:50'),(5,3,'nice manasda','timber','yes',250,'100','09/04/2026',NULL,'0','public/images/product-items/1743676882.png',NULL,'1','₹','2025-04-03 10:41:22','2025-04-03 10:41:22'),(6,5,'pir','insulation','yes',12,'Unit','3.3.3',NULL,'0',NULL,NULL,'1','₪','2025-04-03 12:31:05','2025-04-03 12:31:05'),(7,6,'ddsfdsf','insulation','yes',34,'3434','34234234',NULL,'0',NULL,NULL,'1','₪','2025-04-03 12:38:31','2025-04-03 12:38:31'),(9,7,'fgdfgdf','insulation','yes',34,'234','ewrew3423',NULL,'0',NULL,NULL,'1','₪','2025-04-04 08:25:01','2025-04-04 08:25:01'),(10,7,'timber','timber','yes',65,'567','56756',NULL,'0',NULL,NULL,'1','₪','2025-04-04 08:25:15','2025-04-04 08:25:15'),(11,8,'g','insulation','yes',4,NULL,'g',NULL,'0',NULL,NULL,'1','₪','2025-04-04 08:25:57','2025-04-04 08:25:57'),(12,9,'dsfds','insulation','yes',3,'3','33',NULL,'0',NULL,NULL,'1','₪','2025-04-04 09:05:06','2025-04-04 09:05:06'),(13,11,'red bricks','bricks','yes',333,'444','bext year',NULL,'0','public/images/product-items/1743836887.png',NULL,'1','₹','2025-04-05 07:08:07','2025-04-05 07:08:07'),(14,12,'hjkhjk','insulation','yes',7,'7','7',NULL,'0',NULL,NULL,'1','₪','2025-04-07 05:49:10','2025-04-07 05:49:10'),(15,13,'gfhfg','insulation','yes',5,'5','555',NULL,'0',NULL,NULL,'1','₪','2025-04-07 06:18:41','2025-04-07 06:18:41'),(16,16,'test prioduc','timber','yes',343,'KG','20/2025',NULL,'0','public/images/product-items/1744364837.png',NULL,'1','₹','2025-04-11 09:47:17','2025-04-11 09:47:17'),(17,1,'red bricks','bricks','no',343,'434','09/04/2025',NULL,'0',NULL,NULL,'1','₹','2025-04-11 09:47:55','2025-04-11 09:47:55'),(18,17,'sadsadsa4','plasterboard','yes',343,'343','sdasda',NULL,'0',NULL,NULL,'1','₹','2025-04-11 09:51:50','2025-04-11 09:51:50'),(19,18,'asdsads','plasterboard','yes',32432,'asdsad','sdsadsadsa',NULL,'0',NULL,NULL,'1','₹','2025-04-11 09:58:46','2025-04-11 09:58:46'),(20,19,'asdm nasvv','plywood','yes',323,'23','234324324324',NULL,'0',NULL,NULL,'1','₹','2025-04-11 10:00:23','2025-04-11 10:00:23'),(21,20,'asdmasbv','plywood','yes',3233,'234324','yes jad',NULL,'0',NULL,NULL,'1','₹','2025-04-11 10:01:26','2025-04-11 10:01:26'),(22,21,'sakdjaslhjdg','timber','no',2322,'4323','20/2025',NULL,'0','public/images/product-items/1744366601.png',NULL,'1','₹','2025-04-11 10:16:41','2025-04-11 10:16:41'),(23,21,'asdsd','plywood','yes',343,'3434','09/04/2025',NULL,'0',NULL,NULL,'1','₹','2025-04-11 10:17:05','2025-04-11 10:17:05'),(24,21,'asdasd','internal door','yes',34343,'3434','nasdiugasudgsad',NULL,'0',NULL,NULL,'1','₹','2025-04-11 10:17:16','2025-04-11 10:17:16'),(25,21,'nice n ashjdvhjsa djsa','plasterboard','yes',343,'kg','next mo th',NULL,'0','public/images/product-items/1744366675.png',NULL,'1','₹','2025-04-11 10:17:55','2025-04-11 10:17:55'),(26,22,'product 1','timber','yes',423,'334','09/04/2025',NULL,'0','public/images/product-items/1744367033.png',NULL,'1','₹','2025-04-11 10:23:53','2025-04-11 10:23:53'),(27,22,'product 2','plywood','yes',343,'3434','sadsad',NULL,'0','public/images/product-items/1744367084.png',NULL,'1','₹','2025-04-11 10:24:44','2025-04-11 10:24:44'),(28,22,'product 3','plasterboard','no',566,'33','yes jad',NULL,'0','public/images/product-items/1744367125.png',NULL,'1','₹','2025-04-11 10:25:25','2025-04-11 10:25:25'),(29,23,'prodasbdh sad lsa23','timber','yes',43,'324324','12/2025',NULL,'0','public/images/product-items/1744367547.png',NULL,'1','₹','2025-04-11 10:32:27','2025-04-11 10:32:27'),(30,23,'thi. sadasda','plywood','no',3432,'3434','20/2025',NULL,'0','public/images/product-items/1744367571.png',NULL,'1','₹','2025-04-11 10:32:51','2025-04-11 10:32:51'),(31,23,'kllocjsads dsadsa','internal door','yes',45435,'435','09/04/2025',NULL,'0','public/images/product-items/1744367602.png',NULL,'1','₹','2025-04-11 10:33:22','2025-04-11 10:33:22'),(32,24,'produc 1','insulation','yes',434,'23','09/04/2025',NULL,'0','public/images/product-items/1744368082.png',NULL,'1','₹','2025-04-11 10:41:22','2025-04-11 10:41:22'),(33,24,'produ ct 23','plywood','no',23432,'234324','23232',NULL,'0',NULL,NULL,'1','₹','2025-04-11 10:42:03','2025-04-11 10:42:03'),(34,24,'produc 34333','bricks','no',24324,'34234','nasdiugasudgsad',NULL,'0','public/images/product-items/1744368200.png',NULL,'1','₹','2025-04-11 10:43:20','2025-04-11 10:43:20'),(35,25,'product 1','insulation','yes',2323,'23','09/04/2025',NULL,'0','public/images/product-items/1744368841.png',NULL,'1','₹','2025-04-11 10:54:01','2025-04-11 10:54:01'),(36,25,'ahsdvs dsa d','bricks','no',34343,'3232','20/2025',NULL,'0','public/images/product-items/1744368876.png',NULL,'1','₹','2025-04-11 10:54:36','2025-04-11 10:54:36'),(37,25,'amdbaskjd/s','internal door','yes',343243,'343','09/04/2025',NULL,'0','public/images/product-items/1744368918.png',NULL,'1','₹','2025-04-11 10:55:18','2025-04-11 10:55:18'),(38,26,'pir board','insulation','yes',12,'12','12',NULL,'0',NULL,NULL,'1','₪','2025-04-14 05:21:16','2025-04-14 05:21:16'),(39,26,'dfgfd','insulation','yes',4,'4','4',NULL,'0',NULL,NULL,'0','₪','2025-04-14 05:22:03','2025-04-14 05:22:03'),(40,26,'ewr','insulation','yes',3,'3','3',NULL,'0',NULL,NULL,'0','₪','2025-04-14 05:22:08','2025-04-14 05:22:08'),(41,26,'3','insulation','yes',3,'3','3',NULL,'0',NULL,NULL,'0','₪','2025-04-14 05:22:13','2025-04-14 05:22:13'),(42,26,'3','insulation','yes',3,'3','3',NULL,'0',NULL,NULL,'0','₪','2025-04-14 05:22:20','2025-04-14 05:22:20'),(43,27,'f','insulation','yes',4,'4','4',NULL,'0',NULL,NULL,'1','₪','2025-04-14 05:35:31','2025-04-14 05:35:31'),(44,27,'4','insulation','yes',4,'4','4',NULL,'0',NULL,NULL,'1','₪','2025-04-14 05:35:36','2025-04-14 05:35:36'),(45,27,'4','insulation','yes',4,'4','4',NULL,'0',NULL,NULL,'1','₪','2025-04-14 05:35:41','2025-04-14 05:35:41'),(46,27,'4','insulation','yes',4,'4','4',NULL,'0',NULL,NULL,'1','₪','2025-04-14 05:35:46','2025-04-14 05:35:46'),(47,27,'4','insulation','yes',4,'4','4',NULL,'0',NULL,NULL,'1','₪','2025-04-14 05:35:50','2025-04-14 05:35:50'),(48,27,'4','insulation','yes',4,'4','4',NULL,'0',NULL,NULL,'1','₪','2025-04-14 05:35:55','2025-04-14 05:35:55'),(49,27,'4','insulation','yes',4,'4','4',NULL,'0',NULL,NULL,'1','₪','2025-04-14 05:36:00','2025-04-14 05:36:00'),(50,1,'new product notification','plasterboard','yes',232,'232','2025-06-21',NULL,'0',NULL,NULL,'0','₹','2025-04-16 09:54:43','2025-04-16 09:54:43'),(51,12,'fdsfds','insulation','yes',323,'dsfdsf','2025-04-23',NULL,'0',NULL,NULL,'1','₪','2025-04-16 10:28:32','2025-04-16 10:28:32'),(52,29,'sdfdsf','insulation','yes',34432,'23432','2025-04-24',NULL,'0',NULL,NULL,'1','₪','2025-04-16 10:52:36','2025-04-16 10:52:36'),(53,29,'dsfdsf','insulation','yes',3232,'4534435','2025-04-30',NULL,'0',NULL,NULL,'1','₪','2025-04-16 10:53:13','2025-04-16 10:53:13'),(54,30,'product 13','timber','yes',432,'3434','2025-06-27',NULL,'0',NULL,NULL,'1','₹','2025-04-16 13:50:02','2025-04-16 13:50:02'),(55,30,'product 2','bricks','yes',343,'33','2025-08-15',NULL,'0',NULL,NULL,'1','₹','2025-04-16 13:50:18','2025-04-16 13:50:18'),(56,30,'product 3','plasterboard','yes',343,'3434','2025-10-25',NULL,'0',NULL,NULL,'0','₹','2025-04-16 13:50:50','2025-04-16 13:50:50'),(57,31,'f','insulation','yes',2,'f','2025-04-23',NULL,'0',NULL,NULL,'1','₪','2025-04-23 11:43:24','2025-04-23 11:43:24'),(58,32,'as dhasvhvlhj','insulation','yes',232,'23r5','2025-05-30',NULL,'0',NULL,NULL,'1','₹','2025-04-24 14:44:07','2025-04-24 14:44:07'),(59,33,'ss','insulation','yes',12,'w','2025-04-30',NULL,'0',NULL,NULL,'1','₪','2025-04-25 10:44:42','2025-04-25 10:44:42'),(60,34,'12','insulation','yes',12,'12','2025-04-30','{\"description\":\"change!!!!!!! CHANGE CHANGE CHANGE!!!!!\",\"quantity\":\"12\",\"unit\":\"12\",\"date_required\":\"2025-04-30\",\"open_to_similar_brands\":\"yes\"}','0',NULL,NULL,'1','₪','2025-04-28 12:36:00','2025-04-28 13:41:50'),(61,35,'dfdsdf','insulation','yes',3,'3','2025-05-01',NULL,'0',NULL,NULL,'1','₪','2025-04-28 13:01:01','2025-04-28 13:01:01'),(62,36,'fghfghfghgf','insulation','yes',4545,'43534534','2025-04-30',NULL,'0',NULL,NULL,'1','₪','2025-04-28 13:40:36','2025-04-28 13:40:36'),(63,37,'123','insulation','yes',123,'123','2025-05-22',NULL,'0',NULL,NULL,'1','₪','2025-05-02 10:34:53','2025-05-02 10:34:53'),(64,38,'123','insulation','yes',123,'123','2025-05-21',NULL,'0',NULL,NULL,'1','₪','2025-05-02 10:37:50','2025-05-02 10:37:50'),(65,39,'erew','insulation','yes',333,'333','2025-05-28',NULL,'0',NULL,NULL,'1','₪','2025-05-02 11:42:09','2025-05-02 11:42:09'),(66,40,'we edit that product, lasdfdasdfdsfsdfsd','insulation','yes',12,'12','2025-05-14','','1',NULL,NULL,'1','₪','2025-05-02 11:45:28','2025-05-02 11:48:22');

--
-- Table structure for table `projects`
--

CREATE TABLE `projects` (
  `id` bigint unsigned NOT NULL AUTO_INCREMENT,
  `buyer_id` bigint unsigned NOT NULL,
  `seller_id` bigint unsigned DEFAULT NULL,
  `project_name` varchar(255) CHARACTER SET utf8mb4 COLLATE utf8mb4_unicode_ci NOT NULL,
  `post_code` varchar(255) CHARACTER SET utf8mb4 COLLATE utf8mb4_unicode_ci DEFAULT NULL,
  `project_description` longtext CHARACTER SET utf8mb4 COLLATE utf8mb4_unicode_ci NOT NULL,
  `status` enum('0','1') CHARACTER SET utf8mb4 COLLATE utf8mb4_unicode_ci NOT NULL DEFAULT '0',
  `is_deleted` enum('0','1') CHARACTER SET utf8mb4 COLLATE utf8mb4_unicode_ci NOT NULL DEFAULT '0',
  `is_completed` enum('0','1','2','3') CHARACTER SET utf8mb4 COLLATE utf8mb4_unicode_ci NOT NULL DEFAULT '0',
  `created_at` timestamp NULL DEFAULT NULL,
  `updated_at` timestamp NULL DEFAULT NULL,
  `address` varchar(255) CHARACTER SET utf8mb4 COLLATE utf8mb4_unicode_ci DEFAULT NULL,
  PRIMARY KEY (`id`),
  KEY `projects_buyer_id_foreign` (`buyer_id`),
  KEY `projects_seller_id_foreign` (`seller_id`),
  CONSTRAINT `projects_buyer_id_foreign` FOREIGN KEY (`buyer_id`) REFERENCES `users` (`user_id`) ON DELETE CASCADE,
  CONSTRAINT `projects_seller_id_foreign` FOREIGN KEY (`seller_id`) REFERENCES `users` (`user_id`) ON DELETE CASCADE
) ENGINE=InnoDB AUTO_INCREMENT=41 DEFAULT CHARSET=utf8mb4 COLLATE=utf8mb4_unicode_ci;

--
-- Dumping data for table `projects`
--

INSERT INTO `projects` VALUES (1,2,NULL,'abc test1','Rajkot, Rajkot East Taluka, Rajkot, Gujarat, 360001, India1','first prnklansdlbaskjdb1','1','0','0','2025-03-17 06:41:20','2025-03-17 06:41:31',NULL),(2,2,NULL,'project 2','Gondal, NH27, Gondal, Gondal Taluka, Rajkot, Gujarat, 360300, India','this is seocnd propject','1','0','0','2025-03-21 04:36:10','2025-03-21 04:36:10',NULL),(3,2,NULL,'kamlesh test','USA','my new test project on stage2','1','1','0','2025-04-03 10:39:48','2025-04-03 10:39:48',NULL),(4,9,NULL,'1','1','1','0','1','0','2025-04-03 10:46:27','2025-04-03 10:46:27',NULL),(5,9,NULL,'test','SE6 14, Arngask Road, Catford South, London Borough of Lewisham, London, Greater London, England, SE6 1DD, United Kingdom','test','1','1','0','2025-04-03 12:28:23','2025-04-03 12:28:23',NULL),(6,9,NULL,'tedt','Dymchurch Road (CT21 4ND), Martello Lakes, Hythe, Folkestone and Hythe District, Kent, England, CT21 6NT, United Kingdom','edsgfg','1','1','0','2025-04-03 12:37:58','2025-04-03 12:37:58',NULL),(7,9,NULL,'New Test Project','Grove Lane, Clockhouse, Little Woodcote, London Borough of Sutton, London, Greater London, England, CR5 2PE, United Kingdom','test','1','1','0','2025-04-04 08:19:57','2025-04-04 08:19:57',NULL),(8,9,NULL,'fgh','fgh','fg','1','1','0','2025-04-04 08:25:50','2025-04-04 08:25:50',NULL),(9,9,NULL,'dfg','dfg','dfg','1','1','0','2025-04-04 09:05:00','2025-04-04 09:05:00',NULL),(10,2,NULL,'postcode test','B6 4AH','asdsadsad','0','1','0','2025-04-05 06:56:55','2025-04-05 06:56:55','Aston, Birmingham, UK'),(11,2,NULL,'test offer price','IP2','test offer price','1','0','0','2025-04-05 07:07:37','2025-04-05 07:07:37','Aster Road, Ipswich, UK'),(12,9,NULL,'new test','SE5 8SP','fsdfdsf','1','1','0','2025-04-07 05:48:54','2025-04-07 16:03:37','39 Grove Lane, London, UK'),(13,9,NULL,'test','SE5 8SP','test','1','1','0','2025-04-07 06:18:34','2025-04-07 16:11:57','39 Grove Lane, London, UK'),(14,9,NULL,'uigyi','SE5 8SP','hghg','0','1','0','2025-04-07 15:59:30','2025-04-07 15:59:30','39 Grove Lane, London, UK'),(15,9,NULL,'x','SE5','x','0','1','0','2025-04-07 16:10:57','2025-04-07 16:10:57','Grove Lane, London, UK'),(16,2,NULL,'test 1','GU8','ths is vavstes','1','0','0','2025-04-11 09:46:57','2025-04-11 09:46:57','Šeklfordas, Godalming, UK'),(17,2,NULL,'test 2','IG4 5AE','asdsa','1','0','0','2025-04-11 09:51:42','2025-04-11 09:51:42','Redbridge, Ilford, UK'),(18,2,NULL,'sadsad','N15 5LD','asdsadsa','1','0','0','2025-04-11 09:58:36','2025-04-11 09:58:36','Seven Sisters, London, UK'),(19,2,NULL,'test 23','SA12 7BR','adashvd','1','0','0','2025-04-11 10:00:13','2025-04-11 10:00:13','Jistcourt House, Seaway Parade Industrial E, Port Talbot, UK'),(20,2,NULL,'test 3','GU6','adsah','1','0','0','2025-04-11 10:01:17','2025-04-11 10:01:17','Ewhurst, Cranleigh, UK'),(21,2,NULL,'test 6','E1','nice ytestasbdsa d sand sanm, dn,abs d','1','0','0','2025-04-11 10:16:06','2025-04-11 10:16:06','Stepney Green, London, UK'),(22,2,NULL,'test final','TW7 5NZ','asdsadh.sa','1','0','0','2025-04-11 10:23:06','2025-04-11 10:23:06','Tesco Extra Osterley, Grant Way, Isleworth, UK'),(23,2,NULL,'tets image','BS16','sadasd','1','0','0','2025-04-11 10:32:06','2025-04-11 10:32:06','Floxglove Road, Emersons Green, Bristol, UK'),(24,2,NULL,'nice test image','N15 5LD','sadsadsad','1','0','0','2025-04-11 10:41:01','2025-04-11 10:41:01','Seven Sisters, London, UK'),(25,2,NULL,'xx 12232','OX29 8HZ','test 1','1','0','0','2025-04-11 10:53:31','2025-04-11 10:53:31','Frreeland Industrial Estate, Wroslyn Road, Wroslyn Road Industrial Estate, Freeland, Witney, UK'),(26,9,NULL,'test project','SE5','test description','1','1','0','2025-04-14 05:20:38','2025-04-14 05:20:38','London SE5, UK'),(27,9,NULL,'hghf','SE4','gfhfg','1','1','0','2025-04-14 05:35:25','2025-04-14 05:35:25','London SE4, UK'),(28,9,NULL,'long text project','SE5 8RG','sdfds','0','1','0','2025-04-16 10:31:35','2025-04-16 10:31:35','Grove Court, Camberwell Grove, London SE5 8RG, UK'),(29,9,NULL,'testtest','SE5','sdfdsfds','1','1','0','2025-04-16 10:52:25','2025-04-16 10:52:25','London SE5, UK'),(30,2,NULL,'new date check','N15 5LD','djabdlhsabdkas.','1','0','0','2025-04-16 13:49:50','2025-04-16 13:49:50','Seven Sisters, London, UK'),(31,9,NULL,'sdfdsf','SE5','sdfds','1','1','0','2025-04-23 11:43:13','2025-04-23 11:43:13','London SE5, UK'),(32,2,NULL,'test kamlesh','BS11 8HT','nice parokasdasd','1','0','0','2025-04-24 14:43:58','2025-04-24 14:43:58','Zinc Road, Avonmouth, Bristol, UK'),(33,9,NULL,'qweqw','SE5','qweqwqw','1','1','0','2025-04-25 10:44:28','2025-04-25 10:44:28','London SE5, UK'),(34,9,21,'New project name','SE5','NEW PROJECT DESCRIPTION','1','0','1','2025-04-28 12:35:53','2025-04-28 13:41:39','London SE5, UK'),(35,9,21,'ertrgdfgdfgdf!!!','SE5','dfgdfgdff!!!','1','0','1','2025-04-28 13:00:52','2025-04-28 13:00:52','London SE5, UK'),(36,9,NULL,'fgdfgfdgdf','SE5','dfgdfgdf','1','0','0','2025-04-28 13:40:11','2025-04-28 13:40:11','London SE5, UK'),(37,9,21,'New for testing change status','SE5','123','1','0','1','2025-05-02 10:34:40','2025-05-02 10:34:40','London SE5, UK'),(38,9,NULL,'test no change status','SE5','123','1','0','0','2025-05-02 10:37:43','2025-05-02 10:37:43','London SE5, UK'),(39,9,NULL,'nre nre nre','SE5','dsfdsfds','1','0','0','2025-05-02 11:42:03','2025-05-02 11:42:03','London SE5, UK'),(40,9,NULL,'new for new','SE5','sdfsdfsdfsd','1','0','0','2025-05-02 11:45:21','2025-05-02 11:45:21','London SE5, UK');

--
-- Table structure for table `ratings`
--

CREATE TABLE `ratings` (
  `id` bigint unsigned NOT NULL AUTO_INCREMENT,
  `user_id` bigint unsigned NOT NULL,
  `seller_id` bigint unsigned NOT NULL,
  `project_id` bigint unsigned NOT NULL,
  `offer_id` bigint unsigned NOT NULL,
  `item_id` bigint unsigned NOT NULL,
  `rating` float NOT NULL,
  `comment` longtext CHARACTER SET utf8mb4 COLLATE utf8mb4_unicode_ci NOT NULL,
  `created_at` timestamp NULL DEFAULT NULL,
  `updated_at` timestamp NULL DEFAULT NULL,
  PRIMARY KEY (`id`),
  KEY `ratings_user_id_foreign` (`user_id`),
  KEY `ratings_seller_id_foreign` (`seller_id`),
  KEY `ratings_project_id_foreign` (`project_id`),
  KEY `ratings_offer_id_foreign` (`offer_id`),
  KEY `ratings_item_id_foreign` (`item_id`),
  CONSTRAINT `ratings_item_id_foreign` FOREIGN KEY (`item_id`) REFERENCES `project_items` (`id`) ON DELETE CASCADE,
  CONSTRAINT `ratings_offer_id_foreign` FOREIGN KEY (`offer_id`) REFERENCES `price_offers` (`offer_id`) ON DELETE CASCADE,
  CONSTRAINT `ratings_project_id_foreign` FOREIGN KEY (`project_id`) REFERENCES `projects` (`id`) ON DELETE CASCADE,
  CONSTRAINT `ratings_seller_id_foreign` FOREIGN KEY (`seller_id`) REFERENCES `users` (`user_id`) ON DELETE CASCADE,
  CONSTRAINT `ratings_user_id_foreign` FOREIGN KEY (`user_id`) REFERENCES `users` (`user_id`) ON DELETE CASCADE
) ENGINE=InnoDB AUTO_INCREMENT=10 DEFAULT CHARSET=utf8mb4 COLLATE=utf8mb4_unicode_ci;

--
-- Dumping data for table `ratings`
--

INSERT INTO `ratings` VALUES (2,2,3,3,4,5,5,'nice product','2025-04-03 11:55:38',NULL),(3,9,15,12,10,14,5,'adsdsad','2025-04-10 08:11:13',NULL),(4,9,15,12,10,14,5,'zdszdasdas','2025-04-28 12:33:06',NULL),(5,9,21,34,16,60,5,'4drterter','2025-04-28 12:38:14',NULL),(6,9,21,34,16,60,5,'dfgdfgfdfddffg','2025-04-28 12:40:31',NULL),(7,9,21,34,16,60,4,'nicece','2025-05-02 10:12:22',NULL),(8,9,21,35,17,61,5,'123123','2025-05-02 10:26:51',NULL),(9,9,21,37,19,63,5,'thanks','2025-05-02 10:35:56',NULL);

--
-- Table structure for table `sessions`
--

CREATE TABLE `sessions` (
  `id` varchar(255) CHARACTER SET utf8mb4 COLLATE utf8mb4_unicode_ci NOT NULL,
  `user_id` bigint unsigned DEFAULT NULL,
  `ip_address` varchar(45) CHARACTER SET utf8mb4 COLLATE utf8mb4_unicode_ci DEFAULT NULL,
  `user_agent` text CHARACTER SET utf8mb4 COLLATE utf8mb4_unicode_ci,
  `payload` longtext CHARACTER SET utf8mb4 COLLATE utf8mb4_unicode_ci NOT NULL,
  `last_activity` int NOT NULL,
  PRIMARY KEY (`id`),
  KEY `sessions_user_id_index` (`user_id`),
  KEY `sessions_last_activity_index` (`last_activity`)
) ENGINE=InnoDB DEFAULT CHARSET=utf8mb4 COLLATE=utf8mb4_unicode_ci;

--
-- Dumping data for table `sessions`
--

INSERT INTO `sessions` VALUES ('8W7oG7uq1MQbUkbSLoyLrAiCzxwiQCUFcBG7zDMd',9,'35.181.195.58','Mozilla/5.0 (Macintosh; Intel Mac OS X 10_15_7) AppleWebKit/537.36 (KHTML, like Gecko) Chrome/136.0.0.0 Safari/537.36','YTo3OntzOjY6Il90b2tlbiI7czo0MDoiempwUGRPVzdJOFZadEZ2eVlUdkV2dlRGVTVIQVhvQ3ZtY3RTeFBiRCI7czo2OiJfZmxhc2giO2E6Mjp7czozOiJvbGQiO2E6MDp7fXM6MzoibmV3IjthOjA6e319czo1MDoibG9naW5fd2ViXzU5YmEzNmFkZGMyYjJmOTQwMTU4MGYwMTRjN2Y1OGVhNGUzMDk4OWQiO2k6OTtzOjQ6InNob3ciO3M6NDoiaG9tZSI7czoxMDoibm90aWZfdHlwZSI7czozOiJhbGwiO3M6ODoidmF0LXR5cGUiO3M6ODoid2l0aC12YXQiO3M6OToiX3ByZXZpb3VzIjthOjE6e3M6MzoidXJsIjtzOjg2OiJodHRwOi8vc3RhZ2luZzIuY29ubmVjdGlvbnN5cy5jby51ay9sYXJhdmVsL3B1YmxpYy9pbWFnZXMvY29tcGFueS1sb2dvcy8xNzQzNjc5NTQ4LnBuZyI7fX0=',1747288410),('eOJvAaMlXzmgHVTBgNpkSzZEXTj5CYNdX68xmgnA',2,'35.181.195.58','Mozilla/5.0 (Macintosh; Intel Mac OS X 10_15_7) AppleWebKit/537.36 (KHTML, like Gecko) Chrome/135.0.0.0 Safari/537.36','YTo2OntzOjY6Il90b2tlbiI7czo0MDoiRnNqb1dEWjVkNXZhWFN2ak5hQkpzRG1SU0R0Qkh2aWdWNDNZMk5RSiI7czo5OiJfcHJldmlvdXMiO2E6MTp7czozOiJ1cmwiO3M6ODE6Imh0dHA6Ly91YXQuY29ubmVjdGlvbnN5cy5jby51ay9sYXJhdmVsL3B1YmxpYy9pbWFnZXMvY29tcGFueS1sb2dvcy8xNzQzNjc5ODUwLnBuZyI7fXM6NjoiX2ZsYXNoIjthOjI6e3M6Mzoib2xkIjthOjA6e31zOjM6Im5ldyI7YTowOnt9fXM6NTA6ImxvZ2luX3dlYl81OWJhMzZhZGRjMmIyZjk0MDE1ODBmMDE0YzdmNThlYTRlMzA5ODlkIjtpOjI7czo0OiJzaG93IjtzOjQ6ImhvbWUiO3M6MTA6Im5vdGlmX3R5cGUiO3M6MzoiYWxsIjt9',1747805472),('nE5IwW3oEwGB2ODjmY28Ni9Q7d8dqIHwh1FwsNUJ',1,'35.181.195.58','Mozilla/5.0 (Macintosh; Intel Mac OS X 10_15_7) AppleWebKit/537.36 (KHTML, like Gecko) Chrome/136.0.0.0 Safari/537.36','YTo0OntzOjY6Il90b2tlbiI7czo0MDoiN2tRaGZ4QnRXZlFWNU50UlgySEFFTDc5NjI0ZjdOMWFieTI5OU5jVCI7czo2OiJfZmxhc2giO2E6Mjp7czozOiJvbGQiO2E6MDp7fXM6MzoibmV3IjthOjA6e319czo1MDoibG9naW5fd2ViXzU5YmEzNmFkZGMyYjJmOTQwMTU4MGYwMTRjN2Y1OGVhNGUzMDk4OWQiO2k6MTtzOjk6Il9wcmV2aW91cyI7YToxOntzOjM6InVybCI7czo4MzoiaHR0cDovL3N0YWdpbmcyLmNvbm5lY3Rpb25zeXMuY28udWsvbGFyYXZlbC9wdWJsaWMvaW1hZ2VzL3Byb2R1Y3RzL2luc182TmZqYzY2dS5qcGciO319',1747315276);

--
-- Table structure for table `settings`
--

CREATE TABLE `settings` (
  `id` bigint unsigned NOT NULL AUTO_INCREMENT,
  `option_name` varchar(255) CHARACTER SET utf8mb4 COLLATE utf8mb4_unicode_ci NOT NULL,
  `option_value_live` varchar(255) CHARACTER SET utf8mb4 COLLATE utf8mb4_unicode_ci NOT NULL,
  `option_value_staging` varchar(255) CHARACTER SET utf8mb4 COLLATE utf8mb4_unicode_ci NOT NULL,
  `option_value_development` varchar(255) CHARACTER SET utf8mb4 COLLATE utf8mb4_unicode_ci NOT NULL,
  `option_type` varchar(255) CHARACTER SET utf8mb4 COLLATE utf8mb4_unicode_ci NOT NULL,
  `option_description` varchar(255) CHARACTER SET utf8mb4 COLLATE utf8mb4_unicode_ci DEFAULT NULL,
  `created_at` timestamp NULL DEFAULT NULL,
  `updated_at` timestamp NULL DEFAULT NULL,
  PRIMARY KEY (`id`)
) ENGINE=InnoDB AUTO_INCREMENT=10 DEFAULT CHARSET=utf8mb4 COLLATE=utf8mb4_unicode_ci;

--
-- Dumping data for table `settings`
--

INSERT INTO `settings` VALUES (1,'ShowBuyerCompanyName','T','T','T','Boolean','','2025-03-17 06:38:02','2025-03-17 06:38:02'),(2,'ShowSellerCompanyName','T','T','T','Boolean','','2025-03-17 06:38:02','2025-03-17 06:38:02'),(3,'NotificationEmailAddress','noreply@connectionsys.co.uk','no-reply@connectionsys.co.uk','dev@connectionsys.co.uk','Text','Our email from which the notifications are sent','2025-03-17 06:38:02','2025-03-17 06:38:02'),(4,'NotificationEmailPassword','lkeqwjrqwroqaspoi','ukpomcbjcycpnxkq','l,we09320-312dwvouahf9','Text','Password for the email account','2025-03-17 06:38:02','2025-03-17 06:38:02'),(5,'AdminLoginID','admin@connectionsys.co.uk','admin@conectionsys.co.uk','admin@conectionsys.co.uk','Text','admin login email ID','2025-03-17 06:38:02','2025-03-17 06:38:02'),(6,'AdminLoginPassword','Sdfga','Sdfga','sfgawr4wsrwerwer','Text','admin login password','2025-03-17 06:38:02','2025-03-17 06:38:02'),(7,'EmailSendingInterval','1','1','1','Numberic','Time in minutes between each iteration of the stored procedure that sends the emails','2025-03-17 06:38:02','2025-03-17 06:38:02'),(8,'EmailSendAttempts','3','3','3','Numberic','How may times the stored procedure should sent emails before giving up','2025-03-17 06:38:02','2025-03-17 06:38:02'),(9,'whatsappNumber','+447966451380','+447966451380','+447966451380','Text','Whatsapp number','2025-04-01 10:12:10',NULL);

--
-- Table structure for table `users`
--

CREATE TABLE `users` (
  `user_id` bigint unsigned NOT NULL AUTO_INCREMENT,
  `name` varchar(255) CHARACTER SET utf8mb4 COLLATE utf8mb4_unicode_ci NOT NULL,
  `email` varchar(255) CHARACTER SET utf8mb4 COLLATE utf8mb4_unicode_ci NOT NULL,
  `email_verified_at` timestamp NULL DEFAULT NULL,
  `password` varchar(255) CHARACTER SET utf8mb4 COLLATE utf8mb4_unicode_ci NOT NULL,
  `remember_token` varchar(100) CHARACTER SET utf8mb4 COLLATE utf8mb4_unicode_ci DEFAULT NULL,
  `created_at` timestamp NULL DEFAULT NULL,
  `updated_at` timestamp NULL DEFAULT NULL,
  `account_type` enum('admin','seller','buyer') CHARACTER SET utf8mb4 COLLATE utf8mb4_unicode_ci NOT NULL,
  `company_name` varchar(255) CHARACTER SET utf8mb4 COLLATE utf8mb4_unicode_ci DEFAULT NULL,
  `company_logo` varchar(255) CHARACTER SET utf8mb4 COLLATE utf8mb4_unicode_ci DEFAULT NULL,
  `products_list` longtext CHARACTER SET utf8mb4 COLLATE utf8mb4_unicode_ci,
  `country` varchar(255) CHARACTER SET utf8mb4 COLLATE utf8mb4_unicode_ci DEFAULT NULL,
  `currency` varchar(255) CHARACTER SET utf8mb4 COLLATE utf8mb4_unicode_ci DEFAULT NULL,
  `date_format` varchar(255) CHARACTER SET utf8mb4 COLLATE utf8mb4_unicode_ci DEFAULT NULL,
  `gr_link` text CHARACTER SET utf8mb4 COLLATE utf8mb4_unicode_ci,
  `newsletter_preference` enum('0','1') CHARACTER SET utf8mb4 COLLATE utf8mb4_unicode_ci NOT NULL,
  `secret_key` varchar(255) CHARACTER SET utf8mb4 COLLATE utf8mb4_unicode_ci DEFAULT NULL,
  `postcodes` longtext CHARACTER SET utf8mb4 COLLATE utf8mb4_unicode_ci,
  `last_project_created` timestamp NULL DEFAULT NULL,
  PRIMARY KEY (`user_id`),
  UNIQUE KEY `users_email_unique` (`email`)
) ENGINE=InnoDB AUTO_INCREMENT=29 DEFAULT CHARSET=utf8mb4 COLLATE=utf8mb4_unicode_ci;

--
-- Dumping data for table `users`
--

INSERT INTO `users` VALUES (1,'admin','admin@connectionsys.co.uk','2025-03-17 06:38:01','$2y$12$wvhu/ktJjyV51R53V2gmuuouAZmmhR6sow0Aftg5bti2Ne7QeBzvG','rtQ6fAeEL3XLM2pF86qacH0r5beCZshj4YLJvEmR6CxX8yT6piPMahugzBxA','2025-03-17 06:38:02','2025-03-17 06:38:02','admin',NULL,'public/images/company-logos/1743686556.jpg','apple,gody,brecola,demon,zxdf',NULL,NULL,NULL,NULL,'0','8BnqOXu0qutD1IGUJq23s8nsi3vw5iz7',NULL,NULL),(2,'buyer company','buyer@gmail.com',NULL,'$2y$12$HW1a5Y0SVj4Wv48aMRkEI.duJuSHw/ZuVR3JtKj8kjponoxpy8bjK',NULL,'2025-03-17 06:38:43','2025-03-17 06:38:43','buyer','buyer company','public/images/company-logos/1743679850.png','','all',NULL,NULL,NULL,'1','05SwwkifvIDwiGWJLlO0IjyBgqKmjpxB','',NULL),(3,'my seller','sellers@gmail.com',NULL,'$2y$12$a3GKb35xtZPwAkPi0OmrSeyeuzcJd4JGtQfZdgqSkKKA7ySh5b7zm',NULL,'2025-03-17 06:40:30','2025-03-17 06:40:30','seller','my seller','public/images/company-logos/1743679548.png','internal door,bricks,plasterboard,plywood,timber,insulation','uk',NULL,NULL,'https://www.google.com2','0','72QryHIueJ5BfuMXwMJeVw5JupvTigFk','',NULL),(7,'asdasdsa','asdsadsadas@gmail.com',NULL,'$2y$12$EzWwIBZuCVSY4g4yiDskEuXD2SOlcdYalbH6.ETFtSOGcvgEhnnkm',NULL,'2025-03-28 05:40:46','2025-03-28 05:40:46','buyer','asdasdsa',NULL,'','IN','₹','d/m/Y','','0','gicqx2KXyjniCM9kpsCJTENSIbaRKfum','',NULL),(8,'new seller 1','newseller@gmail.com',NULL,'$2y$12$TTMmwzxYTQppCFjJ043THuXgi0fcpzPS5ZNsO0/10wZmReYjem2.q',NULL,'2025-03-28 05:43:32','2025-03-28 05:43:32','seller','new seller 1',NULL,'bricks,plasterboard,plywood','IN','₹','d/m/Y','https://www.exampple.com','0','S6LTgS5iubXWBlJWfFyKHHnhXr27epdd',',,,,,,,,,,,,,,,,,,,,,,,,,,,,,,,,,,,,,,,,,,,,,,,,,,,,,,,,,,,,,,,,,,,,,,,,,,,,,,,,,,,,,,,,,,,,,,,,,,,,,,,,,,,,,,,,,,,,,,,,,,,,,,,,,,,,,,,,,,,,,,,,,,,,,,,,,,,,,,,,,,,,,,,,,,,,,,,,,,,,,,,,,,,,,,,,,,,,,,,,,,,,,,,,,,,,,,,,,,,,,,,,,,,,,,,,,,,,,,,,,,,,,,,,,,,,,,,,,,,,,,,,,,,,,,,,,,,,,,,,,,,,,,,,,,,,,,,,,,,,,,,,,,,,',NULL),(9,'buyer','buyer12@gmail.com',NULL,'$2y$12$ZWWZB7ELtoBrTRUsSaTkhO2yqjxBgbOizwLxz56pxpT1Tex3epy/K',NULL,'2025-03-28 13:02:53','2025-03-28 13:02:53','buyer','buyer','public/images/company-logos/1743755984.jpg','','IL','₪','d/m/Y','','1','zCHvzFDYa42JEr2lLPQzNLC3lN9JBARI','',NULL),(10,'seller','seller12@connectionsys.co.uk',NULL,'$2y$12$CO2VjWp4NDhE2J4tMzPZDuLlQeme70TwfClQ6HsQHfLm1u5UvgK4.',NULL,'2025-03-28 13:09:12','2025-03-28 13:09:12','seller','seller',NULL,'internal door','IL','₪','d/m/Y','','0','Iapyco9fuMLMejsQb4ULPBhzTiD6IIt1','',NULL),(11,'second buyer','secondbuyer@buyer.com',NULL,'$2y$12$kXXC5dvmWEcklooMr2QAC.9JN1PfuoesSEPvzjpVQCYL1WsVg5ycS',NULL,'2025-03-28 13:16:25','2025-03-28 13:16:25','buyer','second buyer',NULL,'','IL','₪','d/m/Y','','0','MA7Ggmp7sDNr4q3oPpg6FWk2o5l9FHdK','',NULL),(12,'second seller','secondseller@gmail.com',NULL,'$2y$12$COd9hRWms6D0vIbef5c8De1Obq7qtDR4wfhihO2L6bn3Br7hRkMVy',NULL,'2025-03-28 13:18:35','2025-03-28 13:18:35','seller','second seller',NULL,'internal door,bricks','IL','₪','d/m/Y','','0','PXpvoLqQwcSikIEtSsANn3t6b2ZaIi6l','',NULL),(13,'test','test@test.co',NULL,'$2y$12$OxCuMnJOaVm7zO5IVhcv.eRtHBOWL4sYEA4WQcEabeFTfg.sus6N.',NULL,'2025-04-01 06:35:51','2025-04-01 06:35:51','seller','test',NULL,'internal door','IL','₪','d/m/Y','','0','aKS95MZUchZpKIzNUiDqP9ihqYbd9A9O','[]',NULL),(15,'se6','se6@se6.com',NULL,'$2y$12$JaKdCwQ678o3f2Wq2s6F8ekEx3ALaXFgDkwFk9D9cegpjgp18DHZa',NULL,'2025-04-03 12:27:16','2025-04-03 12:27:16','seller','se6',NULL,'internal door,bricks,plasterboard,plywood,timber,insulation','IL','₪','d/m/Y','','0','RC2FCXmUmAGWUZT8mQUXIdMfIhaRlDFu','[{\"postcode\":\"SE6 2LA\",\"latitude\":51.4423,\"longitude\":-0.01734},{\"postcode\":\"SE15 4DG\",\"latitude\":51.46594,\"longitude\":-0.07308}]',NULL),(16,'se5','se5@se5.com',NULL,'$2y$12$V44KiygEa9u4dqatJVQW0uw5gQAmvvbUTAVx4ctCEG4ThswT0/0De',NULL,'2025-04-07 06:01:01','2025-04-07 06:01:01','seller','se5',NULL,'internal door,bricks,plasterboard,plywood,timber,insulation','IL','₪','d/m/Y','','0','rrLO0pINdOPYrUjMU6k2LLNCASbYF0pI','[{\"postcode\":\"SE15 4DG\",\"latitude\":51.46594,\"longitude\":-0.07308},{\"postcode\":\"SW9 7QF\",\"latitude\":51.46445,\"longitude\":-0.11385}]',NULL),(17,'admin kamlesh','adminkamlesh@gmail.com',NULL,'$2y$12$5EndgaENhItLtETa7Qqp0ul3GSz57qqUUiPkcaG5MQYqqnZgimATy',NULL,'2025-04-09 09:58:20','2025-04-09 09:58:20','admin','admin kamlesh',NULL,'','all',NULL,NULL,'','0','yz8QKvNltTcKMxGqRuHcBrliQxsmWlQj','[]',NULL),(18,'sadbhavhjv','vbasdkbas@gmail.com',NULL,'$2y$12$GbH4WLBCBE0sQ7iizYlaeu./wb8cXXNhTyqHYnxeDvFIvadlCtKk.',NULL,'2025-04-12 07:03:21','2025-04-12 07:03:21','seller','sadbhavhjv',NULL,'internal door,bricks,plasterboard,plywood,timber,insulation','IN','₹','d/m/Y','','0','LKWuCfXNHQadIJGbB8vkCxIvn7Lk7xOL','[{\"postcode\":\"TS27 3HY\",\"latitude\":54.67614,\"longitude\":-1.27018},{\"postcode\":\"TS4 3BA\",\"latitude\":54.54467,\"longitude\":-1.21099},{\"postcode\":\"TS11 8AD\",\"latitude\":54.56752,\"longitude\":-1.00608},{\"postcode\":\"TS17 6SD\",\"latitude\":54.55691,\"longitude\":-1.30664},{\"postcode\":\"DL3 6QA\",\"latitude\":54.53534,\"longitude\":-1.56835},{\"postcode\":\"WA7 2HW\",\"latitude\":53.33424,\"longitude\":-2.68853},{\"postcode\":\"WA4 1SS\",\"latitude\":53.39163,\"longitude\":-2.56167},{\"postcode\":\"BB3 0HA\",\"latitude\":53.7008,\"longitude\":-2.4636},{\"postcode\":\"FY3 8LZ\",\"latitude\":53.82164,\"longitude\":-3.02199},{\"postcode\":\"HU8 0JD\",\"latitude\":53.7692,\"longitude\":-0.30382},{\"postcode\":\"YO43 3LW\",\"latitude\":53.88112,\"longitude\":-0.66195},{\"postcode\":\"DN37 0AZ\",\"latitude\":53.52327,\"longitude\":-0.13911},{\"postcode\":\"DN20 0BN\",\"latitude\":53.58643,\"longitude\":-0.52407},{\"postcode\":\"YO31 8RH\",\"latitude\":53.96582,\"longitude\":-1.07375},{\"postcode\":\"DE1 2EL\",\"latitude\":52.91464,\"longitude\":-1.47189},{\"postcode\":\"LE1 1WA\",\"latitude\":52.63592,\"longitude\":-1.1304},{\"postcode\":\"LE15 8QL\",\"latitude\":52.66765,\"longitude\":-0.6263},{\"postcode\":\"NG7 1AF\",\"latitude\":52.95419,\"longitude\":-1.16667},{\"postcode\":\"HR4 7SJ\",\"latitude\":52.08154,\"longitude\":-2.73931},{\"postcode\":\"TF1 6QZ\",\"latitude\":52.71417,\"longitude\":-2.48941},{\"postcode\":\"ST2 9NF\",\"latitude\":53.01707,\"longitude\":-2.15888},{\"postcode\":\"BS39 4NS\",\"latitude\":51.35604,\"longitude\":-2.48654},{\"postcode\":\"BS2 9XZ\",\"latitude\":51.47115,\"longitude\":-2.57742},{\"postcode\":\"BS48 3DF\",\"latitude\":51.39706,\"longitude\":-2.75438},{\"postcode\":\"BS37 9TB\",\"latitude\":51.54673,\"longitude\":-2.46922},{\"postcode\":\"PL6 5PZ\",\"latitude\":50.40494,\"longitude\":-4.11297},{\"postcode\":\"TQ2 6DP\",\"latitude\":50.47092,\"longitude\":-3.55523},{\"postcode\":\"SN3 4FY\",\"latitude\":51.57763,\"longitude\":-1.73367},{\"postcode\":\"PE3 7JD\",\"latitude\":52.59214,\"longitude\":-0.26874},{\"postcode\":\"LU3 1HG\",\"latitude\":51.89102,\"longitude\":-0.42319},{\"postcode\":\"SS2 6LQ\",\"latitude\":51.54917,\"longitude\":0.706923},{\"postcode\":\"RM16 3NJ\",\"latitude\":51.50998,\"longitude\":0.334861},{\"postcode\":\"ME3 8NX\",\"latitude\":51.44772,\"longitude\":0.563174},{\"postcode\":\"RG12 9EE\",\"latitude\":51.4113,\"longitude\":-0.73363},{\"postcode\":\"RG18 9QQ\",\"latitude\":51.44559,\"longitude\":-1.27364},{\"postcode\":\"RG1 7YU\",\"latitude\":51.45302,\"longitude\":-0.99071},{\"postcode\":\"SL3 7PH\",\"latitude\":51.5035,\"longitude\":-0.57617},{\"postcode\":\"SL4 4QE\",\"latitude\":51.48034,\"longitude\":-0.67541},{\"postcode\":\"RG41 5DR\",\"latitude\":51.42296,\"longitude\":-0.89935},{\"postcode\":\"MK14 5JW\",\"latitude\":52.07241,\"longitude\":-0.7407},{\"postcode\":\"BN1 6UT\",\"latitude\":50.8465,\"longitude\":-0.15079},{\"postcode\":\"PO1 5QY\",\"latitude\":50.808,\"longitude\":-1.07006},{\"postcode\":\"SO14 6TX\",\"latitude\":50.9212,\"longitude\":-1.39952},{\"postcode\":\"PO30 3HX\",\"latitude\":50.67129,\"longitude\":-1.33366},{\"postcode\":\"DL13 3NW\",\"latitude\":54.68513,\"longitude\":-1.8405},{\"postcode\":\"CW11 2ST\",\"latitude\":53.16793,\"longitude\":-2.29299},{\"postcode\":\"CW6 0EQ\",\"latitude\":53.16336,\"longitude\":-2.70298},{\"postcode\":\"SY5 7NQ\",\"latitude\":52.62212,\"longitude\":-2.73667},{\"postcode\":\"PL30 4BE\",\"latitude\":50.45022,\"longitude\":-4.64254},{\"postcode\":\"TR21 0NE\",\"latitude\":49.92332,\"longitude\":-6.30217},{\"postcode\":\"SN10 3PR\",\"latitude\":51.32883,\"longitude\":-1.92661},{\"postcode\":\"MK44 2RX\",\"latitude\":52.19628,\"longitude\":-0.45463},{\"postcode\":\"MK45 5BH\",\"latitude\":51.99903,\"longitude\":-0.47754},{\"postcode\":\"NE65 7AX\",\"latitude\":55.30037,\"longitude\":-2.07523},{\"postcode\":\"BH8 9PW\",\"latitude\":50.74609,\"longitude\":-1.84807},{\"postcode\":\"DT2 7RX\",\"latitude\":50.79697,\"longitude\":-2.41467},{\"postcode\":\"HP22 5YB\",\"latitude\":51.76966,\"longitude\":-0.80569},{\"postcode\":\"NN14 3AA\",\"latitude\":52.42546,\"longitude\":-0.62504},{\"postcode\":\"NN7 4HJ\",\"latitude\":52.26898,\"longitude\":-1.01682},{\"postcode\":\"CB2 1DP\",\"latitude\":52.20017,\"longitude\":0.126436},{\"postcode\":\"CB7 5TZ\",\"latitude\":52.35788,\"longitude\":0.283149},{\"postcode\":\"PE15 0FQ\",\"latitude\":52.53544,\"longitude\":0.009016},{\"postcode\":\"PE28 4BA\",\"latitude\":52.35315,\"longitude\":-0.2247},{\"postcode\":\"SG8 7RB\",\"latitude\":52.10805,\"longitude\":0.091017},{\"postcode\":\"CA13 9SL\",\"latitude\":54.68524,\"longitude\":-3.2809},{\"postcode\":\"LA14 4QG\",\"latitude\":54.15731,\"longitude\":-3.1999},{\"postcode\":\"CA6 6HA\",\"latitude\":54.97833,\"longitude\":-2.80498},{\"postcode\":\"CA20 1EP\",\"latitude\":54.46617,\"longitude\":-3.37664},{\"postcode\":\"CA10 2DU\",\"latitude\":54.63107,\"longitude\":-2.62678},{\"postcode\":\"LA8 8AG\",\"latitude\":54.29908,\"longitude\":-2.78108},{\"postcode\":\"DE56 1LB\",\"latitude\":53.02884,\"longitude\":-1.46219},{\"postcode\":\"S44 6XG\",\"latitude\":53.23875,\"longitude\":-1.27228},{\"postcode\":\"S43 1AA\",\"latitude\":53.25575,\"longitude\":-1.40115},{\"postcode\":\"DE4 2PR\",\"latitude\":53.12326,\"longitude\":-1.70711},{\"postcode\":\"DE7 4PN\",\"latitude\":52.9382,\"longitude\":-1.3509},{\"postcode\":\"S33 7ZJ\",\"latitude\":53.38569,\"longitude\":-1.84398},{\"postcode\":\"S45 9AZ\",\"latitude\":53.16243,\"longitude\":-1.44253},{\"postcode\":\"DE65 6FD\",\"latitude\":52.8249,\"longitude\":-1.5348},{\"postcode\":\"EX10 0QQ\",\"latitude\":50.7576,\"longitude\":-3.22359},{\"postcode\":\"EX2 4NS\",\"latitude\":50.71782,\"longitude\":-3.51368},{\"postcode\":\"EX17 4HL\",\"latitude\":50.86882,\"longitude\":-3.59212},{\"postcode\":\"EX32\",\"latitude\":51.07621,\"longitude\":-3.92691},{\"postcode\":\"PL21 0HP\",\"latitude\":50.37195,\"longitude\":-3.81996},{\"postcode\":\"TQ13 9QQ\",\"latitude\":50.60981,\"longitude\":-3.65289},{\"postcode\":\"EX38 8NN\",\"latitude\":50.90739,\"longitude\":-4.21728},{\"postcode\":\"EX20 4HP\",\"latitude\":50.66481,\"longitude\":-4.03361},{\"postcode\":\"BN20 8LB\",\"latitude\":50.77387,\"longitude\":0.258516},{\"postcode\":\"TN34 2DP\",\"latitude\":50.86724,\"longitude\":0.578395},{\"postcode\":\"BN7 3HU\",\"latitude\":50.83341,\"longitude\":0.007671},{\"postcode\":\"TN32 5RT\",\"latitude\":50.94871,\"longitude\":0.542937},{\"postcode\":\"TN21 0PN\",\"latitude\":50.93322,\"longitude\":0.205156},{\"postcode\":\"SS14 3HZ\",\"latitude\":51.59036,\"longitude\":0.475055},{\"postcode\":\"CM7 5NT\",\"latitude\":51.91634,\"longitude\":0.575911},{\"postcode\":\"CM15 9QB\",\"latitude\":51.64108,\"longitude\":0.290091},{\"postcode\":\"SS7 3DZ\",\"latitude\":51.56159,\"longitude\":0.588084},{\"postcode\":\"CM2 6EJ\",\"latitude\":51.73503,\"longitude\":0.491177},{\"postcode\":\"CO3 9FB\",\"latitude\":51.87702,\"longitude\":0.859777},{\"postcode\":\"CM16 6BJ\",\"latitude\":51.71279,\"longitude\":0.154147},{\"postcode\":\"CM20 3SX\",\"latitude\":51.76614,\"longitude\":0.103888},{\"postcode\":\"CM9 8EJ\",\"latitude\":51.77458,\"longitude\":0.773106},{\"postcode\":\"SS5 4LL\",\"latitude\":51.5909,\"longitude\":0.683442},{\"postcode\":\"CO16 9GZ\",\"latitude\":51.85674,\"longitude\":1.108981},{\"postcode\":\"CM6 2DD\",\"latitude\":51.93592,\"longitude\":0.294485},{\"postcode\":\"GL50 1HX\",\"latitude\":51.89861,\"longitude\":-2.07515},{\"postcode\":\"GL7 7BZ\",\"latitude\":51.77255,\"longitude\":-1.97059},{\"postcode\":\"GL14 3NY\",\"latitude\":51.81249,\"longitude\":-2.47755},{\"postcode\":\"GL4 6UH\",\"latitude\":51.84641,\"longitude\":-2.23263},{\"postcode\":\"GL10 3TW\",\"latitude\":51.72001,\"longitude\":-2.30818},{\"postcode\":\"GL19 4AF\",\"latitude\":51.93485,\"longitude\":-2.19998},{\"postcode\":\"RG25 3AR\",\"latitude\":51.25937,\"longitude\":-1.22021},{\"postcode\":\"GU33 6LY\",\"latitude\":51.05765,\"longitude\":-0.93971},{\"postcode\":\"SO30 3HP\",\"latitude\":50.94872,\"longitude\":-1.32943},{\"postcode\":\"PO14 4AU\",\"latitude\":50.85388,\"longitude\":-1.23742},{\"postcode\":\"PO13 9XY\",\"latitude\":50.80636,\"longitude\":-1.16731},{\"postcode\":\"RG27 8SP\",\"latitude\":51.28197,\"longitude\":-0.88321},{\"postcode\":\"PO9 4DY\",\"latitude\":50.87231,\"longitude\":-1.00398},{\"postcode\":\"SO43 7FD\",\"latitude\":50.85748,\"longitude\":-1.59293},{\"postcode\":\"GU14 6XN\",\"latitude\":51.27815,\"longitude\":-0.76807},{\"postcode\":\"SO20 6EQ\",\"latitude\":51.13417,\"longitude\":-1.50214},{\"postcode\":\"SO21 1LD\",\"latitude\":51.03002,\"longitude\":-1.24393},{\"postcode\":\"EN7 6DE\",\"latitude\":51.7208,\"longitude\":-0.05073},{\"postcode\":\"HP4 2GW\",\"latitude\":51.76845,\"longitude\":-0.55098},{\"postcode\":\"WD6 5PP\",\"latitude\":51.68017,\"longitude\":-0.26899},{\"postcode\":\"SG6 2AH\",\"latitude\":51.95738,\"longitude\":-0.22314},{\"postcode\":\"WD3 3JT\",\"latitude\":51.65632,\"longitude\":-0.45005},{\"postcode\":\"WD24 5AH\",\"latitude\":51.6717,\"longitude\":-0.40429},{\"postcode\":\"TN23 3DS\",\"latitude\":51.13096,\"longitude\":0.823374},{\"postcode\":\"CT1 1QH\",\"latitude\":51.28102,\"longitude\":1.096342},{\"postcode\":\"DA2 6JX\",\"latitude\":51.43373,\"longitude\":0.245276},{\"postcode\":\"CT14 0JN\",\"latitude\":51.21176,\"longitude\":1.276887},{\"postcode\":\"DA12 3DB\",\"latitude\":51.39649,\"longitude\":0.398744},{\"postcode\":\"ME17 3LZ\",\"latitude\":51.23566,\"longitude\":0.584061},{\"postcode\":\"TN13 3AD\",\"latitude\":51.27563,\"longitude\":0.188936},{\"postcode\":\"CT21 4PD\",\"latitude\":51.07213,\"longitude\":1.000795},{\"postcode\":\"ME9 9PA\",\"latitude\":51.32251,\"longitude\":0.776893},{\"postcode\":\"CT12 5DE\",\"latitude\":51.35252,\"longitude\":1.328226},{\"postcode\":\"ME18 5JZ\",\"latitude\":51.26064,\"longitude\":0.349306},{\"postcode\":\"TN17 2QT\",\"latitude\":51.10254,\"longitude\":0.471632},{\"postcode\":\"BB11 3RH\",\"latitude\":53.77406,\"longitude\":-2.2308},{\"postcode\":\"PR6 9GW\",\"latitude\":53.6724,\"longitude\":-2.61921},{\"postcode\":\"PR4 3WA\",\"latitude\":53.79709,\"longitude\":-2.91914},{\"postcode\":\"BB5 4JH\",\"latitude\":53.75648,\"longitude\":-2.38964},{\"postcode\":\"LA2 9PS\",\"latitude\":54.07901,\"longitude\":-2.6603},{\"postcode\":\"BB8 7LR\",\"latitude\":53.88636,\"longitude\":-2.18957},{\"postcode\":\"PR3 5AU\",\"latitude\":53.82202,\"longitude\":-2.71809},{\"postcode\":\"BB7 3AA\",\"latitude\":53.9245,\"longitude\":-2.4174},{\"postcode\":\"BB4 7AF\",\"latitude\":53.68478,\"longitude\":-2.26149},{\"postcode\":\"PR4 4JU\",\"latitude\":53.72675,\"longitude\":-2.72871},{\"postcode\":\"L40 0RY\",\"latitude\":53.61283,\"longitude\":-2.86893},{\"postcode\":\"PR3 0JB\",\"latitude\":53.89991,\"longitude\":-2.80359},{\"postcode\":\"LE19 2DE\",\"latitude\":52.57706,\"longitude\":-1.19887},{\"postcode\":\"LE12 8LL\",\"latitude\":52.7399,\"longitude\":-1.13694},{\"postcode\":\"\",\"latitude\":52.53766,\"longitude\":-0.90229},{\"postcode\":\"CV13 0ND\",\"latitude\":52.60877,\"longitude\":-1.41755},{\"postcode\":\"LE14 4QG\",\"latitude\":52.80329,\"longitude\":-0.8544},{\"postcode\":\"LE67 8FG\",\"latitude\":52.7425,\"longitude\":-1.42209},{\"postcode\":\"LE18 3RS\",\"latitude\":52.58875,\"longitude\":-1.093},{\"postcode\":\"PE20 3QR\",\"latitude\":52.97794,\"longitude\":-0.11218},{\"postcode\":\"LN9 6QN\",\"latitude\":53.26446,\"longitude\":0.020516},{\"postcode\":\"LN6 7AR\",\"latitude\":53.21921,\"longitude\":-0.55848},{\"postcode\":\"LN5 0DG\",\"latitude\":53.08058,\"longitude\":-0.4767},{\"postcode\":\"PE12 6FT\",\"latitude\":52.78758,\"longitude\":-0.03057},{\"postcode\":\"NG33 4JJ\",\"latitude\":52.84885,\"longitude\":-0.49565},{\"postcode\":\"LN8 2AN\",\"latitude\":53.40044,\"longitude\":-0.50774},{\"postcode\":\"IP25 7JN\",\"latitude\":52.59421,\"longitude\":0.818716},{\"postcode\":\"NR10 3AG\",\"latitude\":52.69622,\"longitude\":1.252317},{\"postcode\":\"\",\"latitude\":52.68439,\"longitude\":1.64951},{\"postcode\":\"PE32 1HP\",\"latitude\":52.71283,\"longitude\":0.533243},{\"postcode\":\"NR11 7BT\",\"latitude\":52.83389,\"longitude\":1.132099},{\"postcode\":\"NR2 4UE\",\"latitude\":52.64013,\"longitude\":1.284979},{\"postcode\":\"NR35 2LP\",\"latitude\":52.51218,\"longitude\":1.373233},{\"postcode\":\"BD23 4BX\",\"latitude\":54.05376,\"longitude\":-2.16168},{\"postcode\":\"YO7 4BN\",\"latitude\":54.30872,\"longitude\":-1.34049},{\"postcode\":\"HG3 3PJ\",\"latitude\":54.07708,\"longitude\":-1.58161},{\"postcode\":\"DL8 4DT\",\"latitude\":54.35761,\"longitude\":-1.98552},{\"postcode\":\"YO17 6UY\",\"latitude\":54.20021,\"longitude\":-0.84277},{\"postcode\":\"YO13 0DT\",\"latitude\":54.3465,\"longitude\":-0.52778},{\"postcode\":\"YO8 8QF\",\"latitude\":53.73327,\"longitude\":-1.12908},{\"postcode\":\"NG17 8BF\",\"latitude\":53.09747,\"longitude\":-1.25422},{\"postcode\":\"DN22 8PT\",\"latitude\":53.35604,\"longitude\":-0.9787},{\"postcode\":\"NG16 2ST\",\"latitude\":52.9721,\"longitude\":-1.25944},{\"postcode\":\"NG5 8PW\",\"latitude\":53.02434,\"longitude\":-1.11907},{\"postcode\":\"NG19 9FD\",\"latitude\":53.16703,\"longitude\":-1.17804},{\"postcode\":\"NG22 8PH\",\"latitude\":53.1096,\"longitude\":-0.94643},{\"postcode\":\"NG12 3HF\",\"latitude\":52.9124,\"longitude\":-1.01097},{\"postcode\":\"OX5 3HP\",\"latitude\":51.8872,\"longitude\":-1.28506},{\"postcode\":\"OX4 1AX\",\"latitude\":51.75357,\"longitude\":-1.24405},{\"postcode\":\"OX10 6LA\",\"latitude\":51.62288,\"longitude\":-1.07847},{\"postcode\":\"SN7 8QJ\",\"latitude\":51.65443,\"longitude\":-1.48543},{\"postcode\":\"OX7 3AS\",\"latitude\":51.8399,\"longitude\":-1.50292},{\"postcode\":\"BA4 5HN\",\"latitude\":51.19476,\"longitude\":-2.54178},{\"postcode\":\"TA7 8NN\",\"latitude\":51.19186,\"longitude\":-2.88246},{\"postcode\":\"TA12 6AW\",\"latitude\":50.98399,\"longitude\":-2.77588},{\"postcode\":\"WS12 2FY\",\"latitude\":52.70166,\"longitude\":-1.98277},{\"postcode\":\"DE13 8RY\",\"latitude\":52.83651,\"longitude\":-1.81438},{\"postcode\":\"WS13 8RH\",\"latitude\":52.69615,\"longitude\":-1.76049},{\"postcode\":\"CW3 9LY\",\"latitude\":53.00345,\"longitude\":-2.32631},{\"postcode\":\"ST19 5QB\",\"latitude\":52.69692,\"longitude\":-2.15495},{\"postcode\":\"ST18 9SW\",\"latitude\":52.84792,\"longitude\":-2.16475},{\"postcode\":\"ST13 7DU\",\"latitude\":53.06924,\"longitude\":-1.99334},{\"postcode\":\"B77 1BW\",\"latitude\":52.62031,\"longitude\":-1.68451},{\"postcode\":\"IP7 6HR\",\"latitude\":52.0645,\"longitude\":0.916149},{\"postcode\":\"IP4 1LT\",\"latitude\":52.05592,\"longitude\":1.166145},{\"postcode\":\"IP14 5JP\",\"latitude\":52.21859,\"longitude\":1.096953},{\"postcode\":\"KT12 4HQ\",\"latitude\":51.36098,\"longitude\":-0.39441},{\"postcode\":\"KT17 1DG\",\"latitude\":51.33945,\"longitude\":-0.26172},{\"postcode\":\"GU4 7YH\",\"latitude\":51.25366,\"longitude\":-0.56257},{\"postcode\":\"RH5 4EB\",\"latitude\":51.22749,\"longitude\":-0.30603},{\"postcode\":\"RH2 9RP\",\"latitude\":51.25846,\"longitude\":-0.19871},{\"postcode\":\"KT16 0AR\",\"latitude\":51.39273,\"longitude\":-0.53855},{\"postcode\":\"TW15 3NP\",\"latitude\":51.41552,\"longitude\":-0.46254},{\"postcode\":\"GU18 5UU\",\"latitude\":51.3361,\"longitude\":-0.68986},{\"postcode\":\"RH9 8EX\",\"latitude\":51.23581,\"longitude\":-0.04805},{\"postcode\":\"GU8 4DB\",\"latitude\":51.15686,\"longitude\":-0.62343},{\"postcode\":\"GU22 0DY\",\"latitude\":51.30837,\"longitude\":-0.57982},{\"postcode\":\"CV9 2HT\",\"latitude\":52.56484,\"longitude\":-1.6242},{\"postcode\":\"CV10 7RG\",\"latitude\":52.50094,\"longitude\":-1.47965},{\"postcode\":\"CV23 9BG\",\"latitude\":52.38228,\"longitude\":-1.31828},{\"postcode\":\"CV37 7NN\",\"latitude\":52.16154,\"longitude\":-1.63565},{\"postcode\":\"CV34 5FL\",\"latitude\":52.30142,\"longitude\":-1.58369},{\"postcode\":\"BN15 0QD\",\"latitude\":50.84572,\"longitude\":-0.32417},{\"postcode\":\"PO20 3SL\",\"latitude\":50.84321,\"longitude\":-0.64999},{\"postcode\":\"GU29 0DR\",\"latitude\":50.94177,\"longitude\":-0.7163},{\"postcode\":\"RH11 7QX\",\"latitude\":51.12357,\"longitude\":-0.19533},{\"postcode\":\"RH13 8GF\",\"latitude\":51.00272,\"longitude\":-0.38126},{\"postcode\":\"RH17 6QY\",\"latitude\":51.05953,\"longitude\":-0.10272},{\"postcode\":\"BN13 2HX\",\"latitude\":50.8331,\"longitude\":-0.40127},{\"postcode\":\"B45 8HU\",\"latitude\":52.36169,\"longitude\":-2.00376},{\"postcode\":\"WR13 5DG\",\"latitude\":52.16758,\"longitude\":-2.33089},{\"postcode\":\"B97 5DE\",\"latitude\":52.28541,\"longitude\":-1.9471},{\"postcode\":\"WR4 9GX\",\"latitude\":52.19482,\"longitude\":-2.21025},{\"postcode\":\"WR10 2QR\",\"latitude\":52.12886,\"longitude\":-2.01614},{\"postcode\":\"DY10 1TP\",\"latitude\":52.3853,\"longitude\":-2.23494},{\"postcode\":\"AL3 6DW\",\"latitude\":51.77356,\"longitude\":-0.3407},{\"postcode\":\"AL9 5PG\",\"latitude\":51.76087,\"longitude\":-0.18518},{\"postcode\":\"SG11 1ES\",\"latitude\":51.86485,\"longitude\":0.002739},{\"postcode\":\"SG1 1PW\",\"latitude\":51.90539,\"longitude\":-0.18987},{\"postcode\":\"IP17 2AR\",\"latitude\":52.24399,\"longitude\":1.456186},{\"postcode\":\"IP28 6HE\",\"latitude\":52.30842,\"longitude\":0.652769},{\"postcode\":\"TA4 2EE\",\"latitude\":51.06348,\"longitude\":-3.35766},{\"postcode\":\"BL1 5EY\",\"latitude\":53.58449,\"longitude\":-2.47952},{\"postcode\":\"BL8 2AD\",\"latitude\":53.5931,\"longitude\":-2.3088},{\"postcode\":\"M13 9PL\",\"latitude\":53.47009,\"longitude\":-2.23359},{\"postcode\":\"OL4 3RF\",\"latitude\":53.55768,\"longitude\":-2.05274},{\"postcode\":\"OL11 1AW\",\"latitude\":53.60741,\"longitude\":-2.14784},{\"postcode\":\"M30 7QF\",\"latitude\":53.47927,\"longitude\":-2.38485},{\"postcode\":\"SK2 5RU\",\"latitude\":53.39116,\"longitude\":-2.12467},{\"postcode\":\"SK16 5NG\",\"latitude\":53.47867,\"longitude\":-2.077},{\"postcode\":\"M33 4JE\",\"latitude\":53.41671,\"longitude\":-2.36572},{\"postcode\":\"WN2 5TN\",\"latitude\":53.51445,\"longitude\":-2.57247},{\"postcode\":\"L34 4AE\",\"latitude\":53.43788,\"longitude\":-2.83297},{\"postcode\":\"L13 4BF\",\"latitude\":53.4083,\"longitude\":-2.91364},{\"postcode\":\"WA11 9RE\",\"latitude\":53.45862,\"longitude\":-2.7031},{\"postcode\":\"L21 0DA\",\"latitude\":53.4821,\"longitude\":-2.99177},{\"postcode\":\"CH43 0XB\",\"latitude\":53.37478,\"longitude\":-3.06701},{\"postcode\":\"S75 3HN\",\"latitude\":53.52577,\"longitude\":-1.54925},{\"postcode\":\"DN2 5EY\",\"latitude\":53.52697,\"longitude\":-1.10894},{\"postcode\":\"S66 9JH\",\"latitude\":53.39553,\"longitude\":-1.28651},{\"postcode\":\"S6 6RF\",\"latitude\":53.40358,\"longitude\":-1.54254},{\"postcode\":\"NE13 9AY\",\"latitude\":55.021,\"longitude\":-1.65297},{\"postcode\":\"NE27 0ER\",\"latitude\":55.02896,\"longitude\":-1.50923},{\"postcode\":\"NE34 0BJ\",\"latitude\":54.96988,\"longitude\":-1.44679},{\"postcode\":\"SR5 9AF\",\"latitude\":54.85719,\"longitude\":-1.43344},{\"postcode\":\"B7 4BL\",\"latitude\":52.48404,\"longitude\":-1.88141},{\"postcode\":\"CV1 4AU\",\"latitude\":52.41423,\"longitude\":-1.51908},{\"postcode\":\"DY2 0UW\",\"latitude\":52.49513,\"longitude\":-2.10171},{\"postcode\":\"B70 8JY\",\"latitude\":52.51477,\"longitude\":-2.00771},{\"postcode\":\"B92 0ET\",\"latitude\":52.431,\"longitude\":-1.71558},{\"postcode\":\"WS3 1RW\",\"latitude\":52.60503,\"longitude\":-1.97044},{\"postcode\":\"WV1 1PA\",\"latitude\":52.59788,\"longitude\":-2.12746},{\"postcode\":\"BD16 1LB\",\"latitude\":53.84382,\"longitude\":-1.87389},{\"postcode\":\"HX2 6JJ\",\"latitude\":53.72048,\"longitude\":-1.96182},{\"postcode\":\"HD1 3DH\",\"latitude\":53.64233,\"longitude\":-1.78085},{\"postcode\":\"LS8 2RS\",\"latitude\":53.82273,\"longitude\":-1.50736},{\"postcode\":\"WF4 1SS\",\"latitude\":53.65922,\"longitude\":-1.42092},{\"postcode\":\"NE16 5SZ\",\"latitude\":54.93115,\"longitude\":-1.68694},{\"postcode\":\"EC2V 7EL\",\"latitude\":51.51564,\"longitude\":-0.09351},{\"postcode\":\"RM9 5SB\",\"latitude\":51.54555,\"longitude\":0.129479},{\"postcode\":\"NW7 2HN\",\"latitude\":51.61107,\"longitude\":-0.21819},{\"postcode\":\"DA7 4HT\",\"latitude\":51.45822,\"longitude\":0.146212},{\"postcode\":\"HA9 9EX\",\"latitude\":51.56438,\"longitude\":-0.27568},{\"postcode\":\"BR2 8HD\",\"latitude\":51.37266,\"longitude\":0.039246},{\"postcode\":\"NW3 3DG\",\"latitude\":51.54305,\"longitude\":-0.16291},{\"postcode\":\"CR0 5RB\",\"latitude\":51.36597,\"longitude\":-0.07761},{\"postcode\":\"W5 1RS\",\"latitude\":51.52442,\"longitude\":-0.3141},{\"postcode\":\"EN2 6TS\",\"latitude\":51.64889,\"longitude\":-0.08144},{\"postcode\":\"SE9 6RN\",\"latitude\":51.46394,\"longitude\":0.050093},{\"postcode\":\"E5 8QP\",\"latitude\":51.55492,\"longitude\":-0.06045},{\"postcode\":\"W6 8HH\",\"latitude\":51.48733,\"longitude\":-0.21735},{\"postcode\":\"N8 0HJ\",\"latitude\":51.58771,\"longitude\":-0.1067},{\"postcode\":\"HA3 5DE\",\"latitude\":51.59467,\"longitude\":-0.33598},{\"postcode\":\"RM11 3AR\",\"latitude\":51.56519,\"longitude\":0.235368},{\"postcode\":\"UB10 0EJ\",\"latitude\":51.53664,\"longitude\":-0.44182},{\"postcode\":\"TW4 5HH\",\"latitude\":51.46238,\"longitude\":-0.37855},{\"postcode\":\"N7 8AS\",\"latitude\":51.54546,\"longitude\":-0.10989},{\"postcode\":\"W8 5JR\",\"latitude\":51.49648,\"longitude\":-0.18977},{\"postcode\":\"KT5 8LW\",\"latitude\":51.39296,\"longitude\":-0.28367},{\"postcode\":\"SW9 7QF\",\"latitude\":51.46445,\"longitude\":-0.11385},{\"postcode\":\"SE6 2LA\",\"latitude\":51.4423,\"longitude\":-0.01734},{\"postcode\":\"SW19 3HX\",\"latitude\":51.41058,\"longitude\":-0.18868},{\"postcode\":\"E13 9AE\",\"latitude\":51.53149,\"longitude\":0.027261},{\"postcode\":\"IG6 1JZ\",\"latitude\":51.58588,\"longitude\":0.070085},{\"postcode\":\"TW10 5HY\",\"latitude\":51.44035,\"longitude\":-0.28914},{\"postcode\":\"SE15 4DG\",\"latitude\":51.46594,\"longitude\":-0.07308},{\"postcode\":\"SM5 3RA\",\"latitude\":51.35755,\"longitude\":-0.17226},{\"postcode\":\"E14 7RA\",\"latitude\":51.51554,\"longitude\":-0.03647},{\"postcode\":\"E17 4NS\",\"latitude\":51.59461,\"longitude\":-0.0188},{\"postcode\":\"SW18 1LT\",\"latitude\":51.4524,\"longitude\":-0.20021},{\"postcode\":\"W1K 6ZD\",\"latitude\":51.51221,\"longitude\":-0.15295}]',NULL),(19,'sadsad','sadas@gmail.com',NULL,'$2y$12$rEf/YDao6n5CGti47xk6iO/E/F6Bd9e8NwxrmYC7X6YjiPAfc2Fpa',NULL,'2025-04-12 07:10:54','2025-04-12 07:10:54','seller','sadsad',NULL,'internal door,bricks,plasterboard,plywood,timber,insulation','IN','₹','d/m/Y','','0','qCkxLnDTisbk9CtnqvKhTJZUbMXtUWEw','[{\"postcode\":\"TS27 3HY\",\"latitude\":54.67614,\"longitude\":-1.27018},{\"postcode\":\"TS4 3BA\",\"latitude\":54.54467,\"longitude\":-1.21099},{\"postcode\":\"TS11 8AD\",\"latitude\":54.56752,\"longitude\":-1.00608},{\"postcode\":\"TS17 6SD\",\"latitude\":54.55691,\"longitude\":-1.30664},{\"postcode\":\"DL3 6QA\",\"latitude\":54.53534,\"longitude\":-1.56835},{\"postcode\":\"WA7 2HW\",\"latitude\":53.33424,\"longitude\":-2.68853},{\"postcode\":\"WA4 1SS\",\"latitude\":53.39163,\"longitude\":-2.56167},{\"postcode\":\"BB3 0HA\",\"latitude\":53.7008,\"longitude\":-2.4636},{\"postcode\":\"FY3 8LZ\",\"latitude\":53.82164,\"longitude\":-3.02199},{\"postcode\":\"HU8 0JD\",\"latitude\":53.7692,\"longitude\":-0.30382},{\"postcode\":\"YO43 3LW\",\"latitude\":53.88112,\"longitude\":-0.66195},{\"postcode\":\"DN37 0AZ\",\"latitude\":53.52327,\"longitude\":-0.13911},{\"postcode\":\"DN20 0BN\",\"latitude\":53.58643,\"longitude\":-0.52407},{\"postcode\":\"YO31 8RH\",\"latitude\":53.96582,\"longitude\":-1.07375},{\"postcode\":\"DE1 2EL\",\"latitude\":52.91464,\"longitude\":-1.47189},{\"postcode\":\"LE1 1WA\",\"latitude\":52.63592,\"longitude\":-1.1304},{\"postcode\":\"LE15 8QL\",\"latitude\":52.66765,\"longitude\":-0.6263},{\"postcode\":\"NG7 1AF\",\"latitude\":52.95419,\"longitude\":-1.16667},{\"postcode\":\"HR4 7SJ\",\"latitude\":52.08154,\"longitude\":-2.73931},{\"postcode\":\"TF1 6QZ\",\"latitude\":52.71417,\"longitude\":-2.48941},{\"postcode\":\"ST2 9NF\",\"latitude\":53.01707,\"longitude\":-2.15888},{\"postcode\":\"BS39 4NS\",\"latitude\":51.35604,\"longitude\":-2.48654},{\"postcode\":\"BS2 9XZ\",\"latitude\":51.47115,\"longitude\":-2.57742},{\"postcode\":\"BS48 3DF\",\"latitude\":51.39706,\"longitude\":-2.75438},{\"postcode\":\"BS37 9TB\",\"latitude\":51.54673,\"longitude\":-2.46922},{\"postcode\":\"PL6 5PZ\",\"latitude\":50.40494,\"longitude\":-4.11297},{\"postcode\":\"TQ2 6DP\",\"latitude\":50.47092,\"longitude\":-3.55523},{\"postcode\":\"SN3 4FY\",\"latitude\":51.57763,\"longitude\":-1.73367},{\"postcode\":\"PE3 7JD\",\"latitude\":52.59214,\"longitude\":-0.26874},{\"postcode\":\"LU3 1HG\",\"latitude\":51.89102,\"longitude\":-0.42319},{\"postcode\":\"SS2 6LQ\",\"latitude\":51.54917,\"longitude\":0.706923},{\"postcode\":\"RM16 3NJ\",\"latitude\":51.50998,\"longitude\":0.334861},{\"postcode\":\"ME3 8NX\",\"latitude\":51.44772,\"longitude\":0.563174},{\"postcode\":\"RG12 9EE\",\"latitude\":51.4113,\"longitude\":-0.73363},{\"postcode\":\"RG18 9QQ\",\"latitude\":51.44559,\"longitude\":-1.27364},{\"postcode\":\"RG1 7YU\",\"latitude\":51.45302,\"longitude\":-0.99071},{\"postcode\":\"SL3 7PH\",\"latitude\":51.5035,\"longitude\":-0.57617},{\"postcode\":\"SL4 4QE\",\"latitude\":51.48034,\"longitude\":-0.67541},{\"postcode\":\"RG41 5DR\",\"latitude\":51.42296,\"longitude\":-0.89935},{\"postcode\":\"MK14 5JW\",\"latitude\":52.07241,\"longitude\":-0.7407},{\"postcode\":\"BN1 6UT\",\"latitude\":50.8465,\"longitude\":-0.15079},{\"postcode\":\"PO1 5QY\",\"latitude\":50.808,\"longitude\":-1.07006},{\"postcode\":\"SO14 6TX\",\"latitude\":50.9212,\"longitude\":-1.39952},{\"postcode\":\"PO30 3HX\",\"latitude\":50.67129,\"longitude\":-1.33366},{\"postcode\":\"DL13 3NW\",\"latitude\":54.68513,\"longitude\":-1.8405},{\"postcode\":\"CW11 2ST\",\"latitude\":53.16793,\"longitude\":-2.29299},{\"postcode\":\"CW6 0EQ\",\"latitude\":53.16336,\"longitude\":-2.70298},{\"postcode\":\"SY5 7NQ\",\"latitude\":52.62212,\"longitude\":-2.73667},{\"postcode\":\"PL30 4BE\",\"latitude\":50.45022,\"longitude\":-4.64254},{\"postcode\":\"TR21 0NE\",\"latitude\":49.92332,\"longitude\":-6.30217},{\"postcode\":\"SN10 3PR\",\"latitude\":51.32883,\"longitude\":-1.92661},{\"postcode\":\"MK44 2RX\",\"latitude\":52.19628,\"longitude\":-0.45463},{\"postcode\":\"MK45 5BH\",\"latitude\":51.99903,\"longitude\":-0.47754},{\"postcode\":\"NE65 7AX\",\"latitude\":55.30037,\"longitude\":-2.07523},{\"postcode\":\"BH8 9PW\",\"latitude\":50.74609,\"longitude\":-1.84807},{\"postcode\":\"DT2 7RX\",\"latitude\":50.79697,\"longitude\":-2.41467},{\"postcode\":\"HP22 5YB\",\"latitude\":51.76966,\"longitude\":-0.80569},{\"postcode\":\"NN14 3AA\",\"latitude\":52.42546,\"longitude\":-0.62504},{\"postcode\":\"NN7 4HJ\",\"latitude\":52.26898,\"longitude\":-1.01682},{\"postcode\":\"CB2 1DP\",\"latitude\":52.20017,\"longitude\":0.126436},{\"postcode\":\"CB7 5TZ\",\"latitude\":52.35788,\"longitude\":0.283149},{\"postcode\":\"PE15 0FQ\",\"latitude\":52.53544,\"longitude\":0.009016},{\"postcode\":\"PE28 4BA\",\"latitude\":52.35315,\"longitude\":-0.2247},{\"postcode\":\"SG8 7RB\",\"latitude\":52.10805,\"longitude\":0.091017},{\"postcode\":\"CA13 9SL\",\"latitude\":54.68524,\"longitude\":-3.2809},{\"postcode\":\"LA14 4QG\",\"latitude\":54.15731,\"longitude\":-3.1999},{\"postcode\":\"CA6 6HA\",\"latitude\":54.97833,\"longitude\":-2.80498},{\"postcode\":\"CA20 1EP\",\"latitude\":54.46617,\"longitude\":-3.37664},{\"postcode\":\"CA10 2DU\",\"latitude\":54.63107,\"longitude\":-2.62678},{\"postcode\":\"LA8 8AG\",\"latitude\":54.29908,\"longitude\":-2.78108},{\"postcode\":\"DE56 1LB\",\"latitude\":53.02884,\"longitude\":-1.46219},{\"postcode\":\"S44 6XG\",\"latitude\":53.23875,\"longitude\":-1.27228},{\"postcode\":\"S43 1AA\",\"latitude\":53.25575,\"longitude\":-1.40115},{\"postcode\":\"DE4 2PR\",\"latitude\":53.12326,\"longitude\":-1.70711},{\"postcode\":\"DE7 4PN\",\"latitude\":52.9382,\"longitude\":-1.3509},{\"postcode\":\"S33 7ZJ\",\"latitude\":53.38569,\"longitude\":-1.84398},{\"postcode\":\"S45 9AZ\",\"latitude\":53.16243,\"longitude\":-1.44253},{\"postcode\":\"DE65 6FD\",\"latitude\":52.8249,\"longitude\":-1.5348},{\"postcode\":\"EX10 0QQ\",\"latitude\":50.7576,\"longitude\":-3.22359},{\"postcode\":\"EX2 4NS\",\"latitude\":50.71782,\"longitude\":-3.51368},{\"postcode\":\"EX17 4HL\",\"latitude\":50.86882,\"longitude\":-3.59212},{\"postcode\":\"EX32\",\"latitude\":51.07621,\"longitude\":-3.92691},{\"postcode\":\"PL21 0HP\",\"latitude\":50.37195,\"longitude\":-3.81996},{\"postcode\":\"TQ13 9QQ\",\"latitude\":50.60981,\"longitude\":-3.65289},{\"postcode\":\"EX38 8NN\",\"latitude\":50.90739,\"longitude\":-4.21728},{\"postcode\":\"EX20 4HP\",\"latitude\":50.66481,\"longitude\":-4.03361},{\"postcode\":\"BN20 8LB\",\"latitude\":50.77387,\"longitude\":0.258516},{\"postcode\":\"TN34 2DP\",\"latitude\":50.86724,\"longitude\":0.578395},{\"postcode\":\"BN7 3HU\",\"latitude\":50.83341,\"longitude\":0.007671},{\"postcode\":\"TN32 5RT\",\"latitude\":50.94871,\"longitude\":0.542937},{\"postcode\":\"TN21 0PN\",\"latitude\":50.93322,\"longitude\":0.205156},{\"postcode\":\"SS14 3HZ\",\"latitude\":51.59036,\"longitude\":0.475055},{\"postcode\":\"CM7 5NT\",\"latitude\":51.91634,\"longitude\":0.575911},{\"postcode\":\"CM15 9QB\",\"latitude\":51.64108,\"longitude\":0.290091},{\"postcode\":\"SS7 3DZ\",\"latitude\":51.56159,\"longitude\":0.588084},{\"postcode\":\"CM2 6EJ\",\"latitude\":51.73503,\"longitude\":0.491177},{\"postcode\":\"CO3 9FB\",\"latitude\":51.87702,\"longitude\":0.859777},{\"postcode\":\"CM16 6BJ\",\"latitude\":51.71279,\"longitude\":0.154147},{\"postcode\":\"CM20 3SX\",\"latitude\":51.76614,\"longitude\":0.103888},{\"postcode\":\"CM9 8EJ\",\"latitude\":51.77458,\"longitude\":0.773106},{\"postcode\":\"SS5 4LL\",\"latitude\":51.5909,\"longitude\":0.683442},{\"postcode\":\"CO16 9GZ\",\"latitude\":51.85674,\"longitude\":1.108981},{\"postcode\":\"CM6 2DD\",\"latitude\":51.93592,\"longitude\":0.294485},{\"postcode\":\"GL50 1HX\",\"latitude\":51.89861,\"longitude\":-2.07515},{\"postcode\":\"GL7 7BZ\",\"latitude\":51.77255,\"longitude\":-1.97059},{\"postcode\":\"GL14 3NY\",\"latitude\":51.81249,\"longitude\":-2.47755},{\"postcode\":\"GL4 6UH\",\"latitude\":51.84641,\"longitude\":-2.23263},{\"postcode\":\"GL10 3TW\",\"latitude\":51.72001,\"longitude\":-2.30818},{\"postcode\":\"GL19 4AF\",\"latitude\":51.93485,\"longitude\":-2.19998},{\"postcode\":\"RG25 3AR\",\"latitude\":51.25937,\"longitude\":-1.22021},{\"postcode\":\"GU33 6LY\",\"latitude\":51.05765,\"longitude\":-0.93971},{\"postcode\":\"SO30 3HP\",\"latitude\":50.94872,\"longitude\":-1.32943},{\"postcode\":\"PO14 4AU\",\"latitude\":50.85388,\"longitude\":-1.23742},{\"postcode\":\"PO13 9XY\",\"latitude\":50.80636,\"longitude\":-1.16731},{\"postcode\":\"RG27 8SP\",\"latitude\":51.28197,\"longitude\":-0.88321},{\"postcode\":\"PO9 4DY\",\"latitude\":50.87231,\"longitude\":-1.00398},{\"postcode\":\"SO43 7FD\",\"latitude\":50.85748,\"longitude\":-1.59293},{\"postcode\":\"GU14 6XN\",\"latitude\":51.27815,\"longitude\":-0.76807},{\"postcode\":\"SO20 6EQ\",\"latitude\":51.13417,\"longitude\":-1.50214},{\"postcode\":\"SO21 1LD\",\"latitude\":51.03002,\"longitude\":-1.24393},{\"postcode\":\"EN7 6DE\",\"latitude\":51.7208,\"longitude\":-0.05073},{\"postcode\":\"HP4 2GW\",\"latitude\":51.76845,\"longitude\":-0.55098},{\"postcode\":\"WD6 5PP\",\"latitude\":51.68017,\"longitude\":-0.26899},{\"postcode\":\"SG6 2AH\",\"latitude\":51.95738,\"longitude\":-0.22314},{\"postcode\":\"WD3 3JT\",\"latitude\":51.65632,\"longitude\":-0.45005},{\"postcode\":\"WD24 5AH\",\"latitude\":51.6717,\"longitude\":-0.40429},{\"postcode\":\"TN23 3DS\",\"latitude\":51.13096,\"longitude\":0.823374},{\"postcode\":\"CT1 1QH\",\"latitude\":51.28102,\"longitude\":1.096342},{\"postcode\":\"DA2 6JX\",\"latitude\":51.43373,\"longitude\":0.245276},{\"postcode\":\"CT14 0JN\",\"latitude\":51.21176,\"longitude\":1.276887},{\"postcode\":\"DA12 3DB\",\"latitude\":51.39649,\"longitude\":0.398744},{\"postcode\":\"ME17 3LZ\",\"latitude\":51.23566,\"longitude\":0.584061},{\"postcode\":\"TN13 3AD\",\"latitude\":51.27563,\"longitude\":0.188936},{\"postcode\":\"CT21 4PD\",\"latitude\":51.07213,\"longitude\":1.000795},{\"postcode\":\"ME9 9PA\",\"latitude\":51.32251,\"longitude\":0.776893},{\"postcode\":\"CT12 5DE\",\"latitude\":51.35252,\"longitude\":1.328226},{\"postcode\":\"ME18 5JZ\",\"latitude\":51.26064,\"longitude\":0.349306},{\"postcode\":\"TN17 2QT\",\"latitude\":51.10254,\"longitude\":0.471632},{\"postcode\":\"BB11 3RH\",\"latitude\":53.77406,\"longitude\":-2.2308},{\"postcode\":\"PR6 9GW\",\"latitude\":53.6724,\"longitude\":-2.61921},{\"postcode\":\"PR4 3WA\",\"latitude\":53.79709,\"longitude\":-2.91914},{\"postcode\":\"BB5 4JH\",\"latitude\":53.75648,\"longitude\":-2.38964},{\"postcode\":\"LA2 9PS\",\"latitude\":54.07901,\"longitude\":-2.6603},{\"postcode\":\"BB8 7LR\",\"latitude\":53.88636,\"longitude\":-2.18957},{\"postcode\":\"PR3 5AU\",\"latitude\":53.82202,\"longitude\":-2.71809},{\"postcode\":\"BB7 3AA\",\"latitude\":53.9245,\"longitude\":-2.4174},{\"postcode\":\"BB4 7AF\",\"latitude\":53.68478,\"longitude\":-2.26149},{\"postcode\":\"PR4 4JU\",\"latitude\":53.72675,\"longitude\":-2.72871},{\"postcode\":\"L40 0RY\",\"latitude\":53.61283,\"longitude\":-2.86893},{\"postcode\":\"PR3 0JB\",\"latitude\":53.89991,\"longitude\":-2.80359},{\"postcode\":\"LE19 2DE\",\"latitude\":52.57706,\"longitude\":-1.19887},{\"postcode\":\"LE12 8LL\",\"latitude\":52.7399,\"longitude\":-1.13694},{\"postcode\":\"\",\"latitude\":52.53766,\"longitude\":-0.90229},{\"postcode\":\"CV13 0ND\",\"latitude\":52.60877,\"longitude\":-1.41755},{\"postcode\":\"LE14 4QG\",\"latitude\":52.80329,\"longitude\":-0.8544},{\"postcode\":\"LE67 8FG\",\"latitude\":52.7425,\"longitude\":-1.42209},{\"postcode\":\"LE18 3RS\",\"latitude\":52.58875,\"longitude\":-1.093},{\"postcode\":\"PE20 3QR\",\"latitude\":52.97794,\"longitude\":-0.11218},{\"postcode\":\"LN9 6QN\",\"latitude\":53.26446,\"longitude\":0.020516},{\"postcode\":\"LN6 7AR\",\"latitude\":53.21921,\"longitude\":-0.55848},{\"postcode\":\"LN5 0DG\",\"latitude\":53.08058,\"longitude\":-0.4767},{\"postcode\":\"PE12 6FT\",\"latitude\":52.78758,\"longitude\":-0.03057},{\"postcode\":\"NG33 4JJ\",\"latitude\":52.84885,\"longitude\":-0.49565},{\"postcode\":\"LN8 2AN\",\"latitude\":53.40044,\"longitude\":-0.50774},{\"postcode\":\"IP25 7JN\",\"latitude\":52.59421,\"longitude\":0.818716},{\"postcode\":\"NR10 3AG\",\"latitude\":52.69622,\"longitude\":1.252317},{\"postcode\":\"\",\"latitude\":52.68439,\"longitude\":1.64951},{\"postcode\":\"PE32 1HP\",\"latitude\":52.71283,\"longitude\":0.533243},{\"postcode\":\"NR11 7BT\",\"latitude\":52.83389,\"longitude\":1.132099},{\"postcode\":\"NR2 4UE\",\"latitude\":52.64013,\"longitude\":1.284979},{\"postcode\":\"NR35 2LP\",\"latitude\":52.51218,\"longitude\":1.373233},{\"postcode\":\"BD23 4BX\",\"latitude\":54.05376,\"longitude\":-2.16168},{\"postcode\":\"YO7 4BN\",\"latitude\":54.30872,\"longitude\":-1.34049},{\"postcode\":\"HG3 3PJ\",\"latitude\":54.07708,\"longitude\":-1.58161},{\"postcode\":\"DL8 4DT\",\"latitude\":54.35761,\"longitude\":-1.98552},{\"postcode\":\"YO17 6UY\",\"latitude\":54.20021,\"longitude\":-0.84277},{\"postcode\":\"YO13 0DT\",\"latitude\":54.3465,\"longitude\":-0.52778},{\"postcode\":\"YO8 8QF\",\"latitude\":53.73327,\"longitude\":-1.12908},{\"postcode\":\"NG17 8BF\",\"latitude\":53.09747,\"longitude\":-1.25422},{\"postcode\":\"DN22 8PT\",\"latitude\":53.35604,\"longitude\":-0.9787},{\"postcode\":\"NG16 2ST\",\"latitude\":52.9721,\"longitude\":-1.25944},{\"postcode\":\"NG5 8PW\",\"latitude\":53.02434,\"longitude\":-1.11907},{\"postcode\":\"NG19 9FD\",\"latitude\":53.16703,\"longitude\":-1.17804},{\"postcode\":\"NG22 8PH\",\"latitude\":53.1096,\"longitude\":-0.94643},{\"postcode\":\"NG12 3HF\",\"latitude\":52.9124,\"longitude\":-1.01097},{\"postcode\":\"OX5 3HP\",\"latitude\":51.8872,\"longitude\":-1.28506},{\"postcode\":\"OX4 1AX\",\"latitude\":51.75357,\"longitude\":-1.24405},{\"postcode\":\"OX10 6LA\",\"latitude\":51.62288,\"longitude\":-1.07847},{\"postcode\":\"SN7 8QJ\",\"latitude\":51.65443,\"longitude\":-1.48543},{\"postcode\":\"OX7 3AS\",\"latitude\":51.8399,\"longitude\":-1.50292},{\"postcode\":\"BA4 5HN\",\"latitude\":51.19476,\"longitude\":-2.54178},{\"postcode\":\"TA7 8NN\",\"latitude\":51.19186,\"longitude\":-2.88246},{\"postcode\":\"TA12 6AW\",\"latitude\":50.98399,\"longitude\":-2.77588},{\"postcode\":\"WS12 2FY\",\"latitude\":52.70166,\"longitude\":-1.98277},{\"postcode\":\"DE13 8RY\",\"latitude\":52.83651,\"longitude\":-1.81438},{\"postcode\":\"WS13 8RH\",\"latitude\":52.69615,\"longitude\":-1.76049},{\"postcode\":\"CW3 9LY\",\"latitude\":53.00345,\"longitude\":-2.32631},{\"postcode\":\"ST19 5QB\",\"latitude\":52.69692,\"longitude\":-2.15495},{\"postcode\":\"ST18 9SW\",\"latitude\":52.84792,\"longitude\":-2.16475},{\"postcode\":\"ST13 7DU\",\"latitude\":53.06924,\"longitude\":-1.99334},{\"postcode\":\"B77 1BW\",\"latitude\":52.62031,\"longitude\":-1.68451},{\"postcode\":\"IP7 6HR\",\"latitude\":52.0645,\"longitude\":0.916149},{\"postcode\":\"IP4 1LT\",\"latitude\":52.05592,\"longitude\":1.166145},{\"postcode\":\"IP14 5JP\",\"latitude\":52.21859,\"longitude\":1.096953},{\"postcode\":\"KT12 4HQ\",\"latitude\":51.36098,\"longitude\":-0.39441},{\"postcode\":\"KT17 1DG\",\"latitude\":51.33945,\"longitude\":-0.26172},{\"postcode\":\"GU4 7YH\",\"latitude\":51.25366,\"longitude\":-0.56257},{\"postcode\":\"RH5 4EB\",\"latitude\":51.22749,\"longitude\":-0.30603},{\"postcode\":\"RH2 9RP\",\"latitude\":51.25846,\"longitude\":-0.19871},{\"postcode\":\"KT16 0AR\",\"latitude\":51.39273,\"longitude\":-0.53855},{\"postcode\":\"TW15 3NP\",\"latitude\":51.41552,\"longitude\":-0.46254},{\"postcode\":\"GU18 5UU\",\"latitude\":51.3361,\"longitude\":-0.68986},{\"postcode\":\"RH9 8EX\",\"latitude\":51.23581,\"longitude\":-0.04805},{\"postcode\":\"GU8 4DB\",\"latitude\":51.15686,\"longitude\":-0.62343},{\"postcode\":\"GU22 0DY\",\"latitude\":51.30837,\"longitude\":-0.57982},{\"postcode\":\"CV9 2HT\",\"latitude\":52.56484,\"longitude\":-1.6242},{\"postcode\":\"CV10 7RG\",\"latitude\":52.50094,\"longitude\":-1.47965},{\"postcode\":\"CV23 9BG\",\"latitude\":52.38228,\"longitude\":-1.31828},{\"postcode\":\"CV37 7NN\",\"latitude\":52.16154,\"longitude\":-1.63565},{\"postcode\":\"CV34 5FL\",\"latitude\":52.30142,\"longitude\":-1.58369},{\"postcode\":\"BN15 0QD\",\"latitude\":50.84572,\"longitude\":-0.32417},{\"postcode\":\"PO20 3SL\",\"latitude\":50.84321,\"longitude\":-0.64999},{\"postcode\":\"GU29 0DR\",\"latitude\":50.94177,\"longitude\":-0.7163},{\"postcode\":\"RH11 7QX\",\"latitude\":51.12357,\"longitude\":-0.19533},{\"postcode\":\"RH13 8GF\",\"latitude\":51.00272,\"longitude\":-0.38126},{\"postcode\":\"RH17 6QY\",\"latitude\":51.05953,\"longitude\":-0.10272},{\"postcode\":\"BN13 2HX\",\"latitude\":50.8331,\"longitude\":-0.40127},{\"postcode\":\"B45 8HU\",\"latitude\":52.36169,\"longitude\":-2.00376},{\"postcode\":\"WR13 5DG\",\"latitude\":52.16758,\"longitude\":-2.33089},{\"postcode\":\"B97 5DE\",\"latitude\":52.28541,\"longitude\":-1.9471},{\"postcode\":\"WR4 9GX\",\"latitude\":52.19482,\"longitude\":-2.21025},{\"postcode\":\"WR10 2QR\",\"latitude\":52.12886,\"longitude\":-2.01614},{\"postcode\":\"DY10 1TP\",\"latitude\":52.3853,\"longitude\":-2.23494},{\"postcode\":\"AL3 6DW\",\"latitude\":51.77356,\"longitude\":-0.3407},{\"postcode\":\"AL9 5PG\",\"latitude\":51.76087,\"longitude\":-0.18518},{\"postcode\":\"SG11 1ES\",\"latitude\":51.86485,\"longitude\":0.002739},{\"postcode\":\"SG1 1PW\",\"latitude\":51.90539,\"longitude\":-0.18987},{\"postcode\":\"IP17 2AR\",\"latitude\":52.24399,\"longitude\":1.456186},{\"postcode\":\"IP28 6HE\",\"latitude\":52.30842,\"longitude\":0.652769},{\"postcode\":\"TA4 2EE\",\"latitude\":51.06348,\"longitude\":-3.35766},{\"postcode\":\"BL1 5EY\",\"latitude\":53.58449,\"longitude\":-2.47952},{\"postcode\":\"BL8 2AD\",\"latitude\":53.5931,\"longitude\":-2.3088},{\"postcode\":\"M13 9PL\",\"latitude\":53.47009,\"longitude\":-2.23359},{\"postcode\":\"OL4 3RF\",\"latitude\":53.55768,\"longitude\":-2.05274},{\"postcode\":\"OL11 1AW\",\"latitude\":53.60741,\"longitude\":-2.14784},{\"postcode\":\"M30 7QF\",\"latitude\":53.47927,\"longitude\":-2.38485},{\"postcode\":\"SK2 5RU\",\"latitude\":53.39116,\"longitude\":-2.12467},{\"postcode\":\"SK16 5NG\",\"latitude\":53.47867,\"longitude\":-2.077},{\"postcode\":\"M33 4JE\",\"latitude\":53.41671,\"longitude\":-2.36572},{\"postcode\":\"WN2 5TN\",\"latitude\":53.51445,\"longitude\":-2.57247},{\"postcode\":\"L34 4AE\",\"latitude\":53.43788,\"longitude\":-2.83297},{\"postcode\":\"L13 4BF\",\"latitude\":53.4083,\"longitude\":-2.91364},{\"postcode\":\"WA11 9RE\",\"latitude\":53.45862,\"longitude\":-2.7031},{\"postcode\":\"L21 0DA\",\"latitude\":53.4821,\"longitude\":-2.99177},{\"postcode\":\"CH43 0XB\",\"latitude\":53.37478,\"longitude\":-3.06701},{\"postcode\":\"S75 3HN\",\"latitude\":53.52577,\"longitude\":-1.54925},{\"postcode\":\"DN2 5EY\",\"latitude\":53.52697,\"longitude\":-1.10894},{\"postcode\":\"S66 9JH\",\"latitude\":53.39553,\"longitude\":-1.28651},{\"postcode\":\"S6 6RF\",\"latitude\":53.40358,\"longitude\":-1.54254},{\"postcode\":\"NE13 9AY\",\"latitude\":55.021,\"longitude\":-1.65297},{\"postcode\":\"NE27 0ER\",\"latitude\":55.02896,\"longitude\":-1.50923},{\"postcode\":\"NE34 0BJ\",\"latitude\":54.96988,\"longitude\":-1.44679},{\"postcode\":\"SR5 9AF\",\"latitude\":54.85719,\"longitude\":-1.43344},{\"postcode\":\"B7 4BL\",\"latitude\":52.48404,\"longitude\":-1.88141},{\"postcode\":\"CV1 4AU\",\"latitude\":52.41423,\"longitude\":-1.51908},{\"postcode\":\"DY2 0UW\",\"latitude\":52.49513,\"longitude\":-2.10171},{\"postcode\":\"B70 8JY\",\"latitude\":52.51477,\"longitude\":-2.00771},{\"postcode\":\"B92 0ET\",\"latitude\":52.431,\"longitude\":-1.71558},{\"postcode\":\"WS3 1RW\",\"latitude\":52.60503,\"longitude\":-1.97044},{\"postcode\":\"WV1 1PA\",\"latitude\":52.59788,\"longitude\":-2.12746},{\"postcode\":\"BD16 1LB\",\"latitude\":53.84382,\"longitude\":-1.87389},{\"postcode\":\"HX2 6JJ\",\"latitude\":53.72048,\"longitude\":-1.96182},{\"postcode\":\"HD1 3DH\",\"latitude\":53.64233,\"longitude\":-1.78085},{\"postcode\":\"LS8 2RS\",\"latitude\":53.82273,\"longitude\":-1.50736},{\"postcode\":\"WF4 1SS\",\"latitude\":53.65922,\"longitude\":-1.42092},{\"postcode\":\"NE16 5SZ\",\"latitude\":54.93115,\"longitude\":-1.68694},{\"postcode\":\"EC2V 7EL\",\"latitude\":51.51564,\"longitude\":-0.09351},{\"postcode\":\"RM9 5SB\",\"latitude\":51.54555,\"longitude\":0.129479},{\"postcode\":\"NW7 2HN\",\"latitude\":51.61107,\"longitude\":-0.21819},{\"postcode\":\"DA7 4HT\",\"latitude\":51.45822,\"longitude\":0.146212},{\"postcode\":\"HA9 9EX\",\"latitude\":51.56438,\"longitude\":-0.27568},{\"postcode\":\"BR2 8HD\",\"latitude\":51.37266,\"longitude\":0.039246},{\"postcode\":\"NW3 3DG\",\"latitude\":51.54305,\"longitude\":-0.16291},{\"postcode\":\"CR0 5RB\",\"latitude\":51.36597,\"longitude\":-0.07761},{\"postcode\":\"W5 1RS\",\"latitude\":51.52442,\"longitude\":-0.3141},{\"postcode\":\"EN2 6TS\",\"latitude\":51.64889,\"longitude\":-0.08144},{\"postcode\":\"SE9 6RN\",\"latitude\":51.46394,\"longitude\":0.050093},{\"postcode\":\"E5 8QP\",\"latitude\":51.55492,\"longitude\":-0.06045},{\"postcode\":\"W6 8HH\",\"latitude\":51.48733,\"longitude\":-0.21735},{\"postcode\":\"N8 0HJ\",\"latitude\":51.58771,\"longitude\":-0.1067},{\"postcode\":\"HA3 5DE\",\"latitude\":51.59467,\"longitude\":-0.33598},{\"postcode\":\"RM11 3AR\",\"latitude\":51.56519,\"longitude\":0.235368},{\"postcode\":\"UB10 0EJ\",\"latitude\":51.53664,\"longitude\":-0.44182},{\"postcode\":\"TW4 5HH\",\"latitude\":51.46238,\"longitude\":-0.37855},{\"postcode\":\"N7 8AS\",\"latitude\":51.54546,\"longitude\":-0.10989},{\"postcode\":\"W8 5JR\",\"latitude\":51.49648,\"longitude\":-0.18977},{\"postcode\":\"KT5 8LW\",\"latitude\":51.39296,\"longitude\":-0.28367},{\"postcode\":\"SW9 7QF\",\"latitude\":51.46445,\"longitude\":-0.11385},{\"postcode\":\"SE6 2LA\",\"latitude\":51.4423,\"longitude\":-0.01734},{\"postcode\":\"SW19 3HX\",\"latitude\":51.41058,\"longitude\":-0.18868},{\"postcode\":\"E13 9AE\",\"latitude\":51.53149,\"longitude\":0.027261},{\"postcode\":\"IG6 1JZ\",\"latitude\":51.58588,\"longitude\":0.070085},{\"postcode\":\"TW10 5HY\",\"latitude\":51.44035,\"longitude\":-0.28914},{\"postcode\":\"SE15 4DG\",\"latitude\":51.46594,\"longitude\":-0.07308},{\"postcode\":\"SM5 3RA\",\"latitude\":51.35755,\"longitude\":-0.17226},{\"postcode\":\"E14 7RA\",\"latitude\":51.51554,\"longitude\":-0.03647},{\"postcode\":\"E17 4NS\",\"latitude\":51.59461,\"longitude\":-0.0188},{\"postcode\":\"SW18 1LT\",\"latitude\":51.4524,\"longitude\":-0.20021},{\"postcode\":\"W1K 6ZD\",\"latitude\":51.51221,\"longitude\":-0.15295}]',NULL),(20,'asdasdsa','asdsadsa@gmail.com',NULL,'$2y$12$5wApk2Tgaat99aLQ7PMh1.5N38W10h9jcGDA0JgYTMwg4vVly8206',NULL,'2025-04-12 07:20:52','2025-04-12 07:20:52','seller','asdasdsa',NULL,'internal door,bricks,plasterboard,plywood,timber,insulation','IN','₹','d/m/Y','','0','VaSPGMftvdGfbclrml4NMeBgaw9KDUQX','[{\"postcode\":\"TS27 3HY\",\"latitude\":54.67614,\"longitude\":-1.27018},{\"postcode\":\"TS4 3BA\",\"latitude\":54.54467,\"longitude\":-1.21099},{\"postcode\":\"TS11 8AD\",\"latitude\":54.56752,\"longitude\":-1.00608},{\"postcode\":\"TS17 6SD\",\"latitude\":54.55691,\"longitude\":-1.30664},{\"postcode\":\"DL3 6QA\",\"latitude\":54.53534,\"longitude\":-1.56835},{\"postcode\":\"WA7 2HW\",\"latitude\":53.33424,\"longitude\":-2.68853},{\"postcode\":\"WA4 1SS\",\"latitude\":53.39163,\"longitude\":-2.56167},{\"postcode\":\"BB3 0HA\",\"latitude\":53.7008,\"longitude\":-2.4636},{\"postcode\":\"FY3 8LZ\",\"latitude\":53.82164,\"longitude\":-3.02199},{\"postcode\":\"HU8 0JD\",\"latitude\":53.7692,\"longitude\":-0.30382},{\"postcode\":\"YO43 3LW\",\"latitude\":53.88112,\"longitude\":-0.66195},{\"postcode\":\"DN37 0AZ\",\"latitude\":53.52327,\"longitude\":-0.13911},{\"postcode\":\"DN20 0BN\",\"latitude\":53.58643,\"longitude\":-0.52407},{\"postcode\":\"YO31 8RH\",\"latitude\":53.96582,\"longitude\":-1.07375},{\"postcode\":\"DE1 2EL\",\"latitude\":52.91464,\"longitude\":-1.47189},{\"postcode\":\"LE1 1WA\",\"latitude\":52.63592,\"longitude\":-1.1304},{\"postcode\":\"LE15 8QL\",\"latitude\":52.66765,\"longitude\":-0.6263},{\"postcode\":\"NG7 1AF\",\"latitude\":52.95419,\"longitude\":-1.16667},{\"postcode\":\"HR4 7SJ\",\"latitude\":52.08154,\"longitude\":-2.73931},{\"postcode\":\"TF1 6QZ\",\"latitude\":52.71417,\"longitude\":-2.48941},{\"postcode\":\"ST2 9NF\",\"latitude\":53.01707,\"longitude\":-2.15888},{\"postcode\":\"BS39 4NS\",\"latitude\":51.35604,\"longitude\":-2.48654},{\"postcode\":\"BS2 9XZ\",\"latitude\":51.47115,\"longitude\":-2.57742},{\"postcode\":\"BS48 3DF\",\"latitude\":51.39706,\"longitude\":-2.75438},{\"postcode\":\"BS37 9TB\",\"latitude\":51.54673,\"longitude\":-2.46922},{\"postcode\":\"PL6 5PZ\",\"latitude\":50.40494,\"longitude\":-4.11297},{\"postcode\":\"TQ2 6DP\",\"latitude\":50.47092,\"longitude\":-3.55523},{\"postcode\":\"SN3 4FY\",\"latitude\":51.57763,\"longitude\":-1.73367},{\"postcode\":\"PE3 7JD\",\"latitude\":52.59214,\"longitude\":-0.26874},{\"postcode\":\"LU3 1HG\",\"latitude\":51.89102,\"longitude\":-0.42319},{\"postcode\":\"SS2 6LQ\",\"latitude\":51.54917,\"longitude\":0.706923},{\"postcode\":\"RM16 3NJ\",\"latitude\":51.50998,\"longitude\":0.334861},{\"postcode\":\"ME3 8NX\",\"latitude\":51.44772,\"longitude\":0.563174},{\"postcode\":\"RG12 9EE\",\"latitude\":51.4113,\"longitude\":-0.73363},{\"postcode\":\"RG18 9QQ\",\"latitude\":51.44559,\"longitude\":-1.27364},{\"postcode\":\"RG1 7YU\",\"latitude\":51.45302,\"longitude\":-0.99071},{\"postcode\":\"SL3 7PH\",\"latitude\":51.5035,\"longitude\":-0.57617},{\"postcode\":\"SL4 4QE\",\"latitude\":51.48034,\"longitude\":-0.67541},{\"postcode\":\"RG41 5DR\",\"latitude\":51.42296,\"longitude\":-0.89935},{\"postcode\":\"MK14 5JW\",\"latitude\":52.07241,\"longitude\":-0.7407},{\"postcode\":\"BN1 6UT\",\"latitude\":50.8465,\"longitude\":-0.15079},{\"postcode\":\"PO1 5QY\",\"latitude\":50.808,\"longitude\":-1.07006},{\"postcode\":\"SO14 6TX\",\"latitude\":50.9212,\"longitude\":-1.39952},{\"postcode\":\"PO30 3HX\",\"latitude\":50.67129,\"longitude\":-1.33366},{\"postcode\":\"DL13 3NW\",\"latitude\":54.68513,\"longitude\":-1.8405},{\"postcode\":\"CW11 2ST\",\"latitude\":53.16793,\"longitude\":-2.29299},{\"postcode\":\"CW6 0EQ\",\"latitude\":53.16336,\"longitude\":-2.70298},{\"postcode\":\"SY5 7NQ\",\"latitude\":52.62212,\"longitude\":-2.73667},{\"postcode\":\"PL30 4BE\",\"latitude\":50.45022,\"longitude\":-4.64254},{\"postcode\":\"TR21 0NE\",\"latitude\":49.92332,\"longitude\":-6.30217},{\"postcode\":\"SN10 3PR\",\"latitude\":51.32883,\"longitude\":-1.92661},{\"postcode\":\"MK44 2RX\",\"latitude\":52.19628,\"longitude\":-0.45463},{\"postcode\":\"MK45 5BH\",\"latitude\":51.99903,\"longitude\":-0.47754},{\"postcode\":\"NE65 7AX\",\"latitude\":55.30037,\"longitude\":-2.07523},{\"postcode\":\"BH8 9PW\",\"latitude\":50.74609,\"longitude\":-1.84807},{\"postcode\":\"DT2 7RX\",\"latitude\":50.79697,\"longitude\":-2.41467},{\"postcode\":\"HP22 5YB\",\"latitude\":51.76966,\"longitude\":-0.80569},{\"postcode\":\"NN14 3AA\",\"latitude\":52.42546,\"longitude\":-0.62504},{\"postcode\":\"NN7 4HJ\",\"latitude\":52.26898,\"longitude\":-1.01682},{\"postcode\":\"CB2 1DP\",\"latitude\":52.20017,\"longitude\":0.126436},{\"postcode\":\"CB7 5TZ\",\"latitude\":52.35788,\"longitude\":0.283149},{\"postcode\":\"PE15 0FQ\",\"latitude\":52.53544,\"longitude\":0.009016},{\"postcode\":\"PE28 4BA\",\"latitude\":52.35315,\"longitude\":-0.2247},{\"postcode\":\"SG8 7RB\",\"latitude\":52.10805,\"longitude\":0.091017},{\"postcode\":\"CA13 9SL\",\"latitude\":54.68524,\"longitude\":-3.2809},{\"postcode\":\"LA14 4QG\",\"latitude\":54.15731,\"longitude\":-3.1999},{\"postcode\":\"CA6 6HA\",\"latitude\":54.97833,\"longitude\":-2.80498},{\"postcode\":\"CA20 1EP\",\"latitude\":54.46617,\"longitude\":-3.37664},{\"postcode\":\"CA10 2DU\",\"latitude\":54.63107,\"longitude\":-2.62678},{\"postcode\":\"LA8 8AG\",\"latitude\":54.29908,\"longitude\":-2.78108},{\"postcode\":\"DE56 1LB\",\"latitude\":53.02884,\"longitude\":-1.46219},{\"postcode\":\"S44 6XG\",\"latitude\":53.23875,\"longitude\":-1.27228},{\"postcode\":\"S43 1AA\",\"latitude\":53.25575,\"longitude\":-1.40115},{\"postcode\":\"DE4 2PR\",\"latitude\":53.12326,\"longitude\":-1.70711},{\"postcode\":\"DE7 4PN\",\"latitude\":52.9382,\"longitude\":-1.3509},{\"postcode\":\"S33 7ZJ\",\"latitude\":53.38569,\"longitude\":-1.84398},{\"postcode\":\"S45 9AZ\",\"latitude\":53.16243,\"longitude\":-1.44253},{\"postcode\":\"DE65 6FD\",\"latitude\":52.8249,\"longitude\":-1.5348},{\"postcode\":\"EX10 0QQ\",\"latitude\":50.7576,\"longitude\":-3.22359},{\"postcode\":\"EX2 4NS\",\"latitude\":50.71782,\"longitude\":-3.51368},{\"postcode\":\"EX17 4HL\",\"latitude\":50.86882,\"longitude\":-3.59212},{\"postcode\":\"EX32\",\"latitude\":51.07621,\"longitude\":-3.92691},{\"postcode\":\"PL21 0HP\",\"latitude\":50.37195,\"longitude\":-3.81996},{\"postcode\":\"TQ13 9QQ\",\"latitude\":50.60981,\"longitude\":-3.65289},{\"postcode\":\"EX38 8NN\",\"latitude\":50.90739,\"longitude\":-4.21728},{\"postcode\":\"EX20 4HP\",\"latitude\":50.66481,\"longitude\":-4.03361},{\"postcode\":\"BN20 8LB\",\"latitude\":50.77387,\"longitude\":0.258516},{\"postcode\":\"TN34 2DP\",\"latitude\":50.86724,\"longitude\":0.578395},{\"postcode\":\"BN7 3HU\",\"latitude\":50.83341,\"longitude\":0.007671},{\"postcode\":\"TN32 5RT\",\"latitude\":50.94871,\"longitude\":0.542937},{\"postcode\":\"TN21 0PN\",\"latitude\":50.93322,\"longitude\":0.205156},{\"postcode\":\"SS14 3HZ\",\"latitude\":51.59036,\"longitude\":0.475055},{\"postcode\":\"CM7 5NT\",\"latitude\":51.91634,\"longitude\":0.575911},{\"postcode\":\"CM15 9QB\",\"latitude\":51.64108,\"longitude\":0.290091},{\"postcode\":\"SS7 3DZ\",\"latitude\":51.56159,\"longitude\":0.588084},{\"postcode\":\"CM2 6EJ\",\"latitude\":51.73503,\"longitude\":0.491177},{\"postcode\":\"CO3 9FB\",\"latitude\":51.87702,\"longitude\":0.859777},{\"postcode\":\"CM16 6BJ\",\"latitude\":51.71279,\"longitude\":0.154147},{\"postcode\":\"CM20 3SX\",\"latitude\":51.76614,\"longitude\":0.103888},{\"postcode\":\"CM9 8EJ\",\"latitude\":51.77458,\"longitude\":0.773106},{\"postcode\":\"SS5 4LL\",\"latitude\":51.5909,\"longitude\":0.683442},{\"postcode\":\"CO16 9GZ\",\"latitude\":51.85674,\"longitude\":1.108981},{\"postcode\":\"CM6 2DD\",\"latitude\":51.93592,\"longitude\":0.294485},{\"postcode\":\"GL50 1HX\",\"latitude\":51.89861,\"longitude\":-2.07515},{\"postcode\":\"GL7 7BZ\",\"latitude\":51.77255,\"longitude\":-1.97059},{\"postcode\":\"GL14 3NY\",\"latitude\":51.81249,\"longitude\":-2.47755},{\"postcode\":\"GL4 6UH\",\"latitude\":51.84641,\"longitude\":-2.23263},{\"postcode\":\"GL10 3TW\",\"latitude\":51.72001,\"longitude\":-2.30818},{\"postcode\":\"GL19 4AF\",\"latitude\":51.93485,\"longitude\":-2.19998},{\"postcode\":\"RG25 3AR\",\"latitude\":51.25937,\"longitude\":-1.22021},{\"postcode\":\"GU33 6LY\",\"latitude\":51.05765,\"longitude\":-0.93971},{\"postcode\":\"SO30 3HP\",\"latitude\":50.94872,\"longitude\":-1.32943},{\"postcode\":\"PO14 4AU\",\"latitude\":50.85388,\"longitude\":-1.23742},{\"postcode\":\"PO13 9XY\",\"latitude\":50.80636,\"longitude\":-1.16731},{\"postcode\":\"RG27 8SP\",\"latitude\":51.28197,\"longitude\":-0.88321},{\"postcode\":\"PO9 4DY\",\"latitude\":50.87231,\"longitude\":-1.00398},{\"postcode\":\"SO43 7FD\",\"latitude\":50.85748,\"longitude\":-1.59293},{\"postcode\":\"GU14 6XN\",\"latitude\":51.27815,\"longitude\":-0.76807},{\"postcode\":\"SO20 6EQ\",\"latitude\":51.13417,\"longitude\":-1.50214},{\"postcode\":\"SO21 1LD\",\"latitude\":51.03002,\"longitude\":-1.24393},{\"postcode\":\"EN7 6DE\",\"latitude\":51.7208,\"longitude\":-0.05073},{\"postcode\":\"HP4 2GW\",\"latitude\":51.76845,\"longitude\":-0.55098},{\"postcode\":\"WD6 5PP\",\"latitude\":51.68017,\"longitude\":-0.26899},{\"postcode\":\"SG6 2AH\",\"latitude\":51.95738,\"longitude\":-0.22314},{\"postcode\":\"WD3 3JT\",\"latitude\":51.65632,\"longitude\":-0.45005},{\"postcode\":\"WD24 5AH\",\"latitude\":51.6717,\"longitude\":-0.40429},{\"postcode\":\"TN23 3DS\",\"latitude\":51.13096,\"longitude\":0.823374},{\"postcode\":\"CT1 1QH\",\"latitude\":51.28102,\"longitude\":1.096342},{\"postcode\":\"DA2 6JX\",\"latitude\":51.43373,\"longitude\":0.245276},{\"postcode\":\"CT14 0JN\",\"latitude\":51.21176,\"longitude\":1.276887},{\"postcode\":\"DA12 3DB\",\"latitude\":51.39649,\"longitude\":0.398744},{\"postcode\":\"ME17 3LZ\",\"latitude\":51.23566,\"longitude\":0.584061},{\"postcode\":\"TN13 3AD\",\"latitude\":51.27563,\"longitude\":0.188936},{\"postcode\":\"CT21 4PD\",\"latitude\":51.07213,\"longitude\":1.000795},{\"postcode\":\"ME9 9PA\",\"latitude\":51.32251,\"longitude\":0.776893},{\"postcode\":\"CT12 5DE\",\"latitude\":51.35252,\"longitude\":1.328226},{\"postcode\":\"ME18 5JZ\",\"latitude\":51.26064,\"longitude\":0.349306},{\"postcode\":\"TN17 2QT\",\"latitude\":51.10254,\"longitude\":0.471632},{\"postcode\":\"BB11 3RH\",\"latitude\":53.77406,\"longitude\":-2.2308},{\"postcode\":\"PR6 9GW\",\"latitude\":53.6724,\"longitude\":-2.61921},{\"postcode\":\"PR4 3WA\",\"latitude\":53.79709,\"longitude\":-2.91914},{\"postcode\":\"BB5 4JH\",\"latitude\":53.75648,\"longitude\":-2.38964},{\"postcode\":\"LA2 9PS\",\"latitude\":54.07901,\"longitude\":-2.6603},{\"postcode\":\"BB8 7LR\",\"latitude\":53.88636,\"longitude\":-2.18957},{\"postcode\":\"PR3 5AU\",\"latitude\":53.82202,\"longitude\":-2.71809},{\"postcode\":\"BB7 3AA\",\"latitude\":53.9245,\"longitude\":-2.4174},{\"postcode\":\"BB4 7AF\",\"latitude\":53.68478,\"longitude\":-2.26149},{\"postcode\":\"PR4 4JU\",\"latitude\":53.72675,\"longitude\":-2.72871},{\"postcode\":\"L40 0RY\",\"latitude\":53.61283,\"longitude\":-2.86893},{\"postcode\":\"PR3 0JB\",\"latitude\":53.89991,\"longitude\":-2.80359},{\"postcode\":\"LE19 2DE\",\"latitude\":52.57706,\"longitude\":-1.19887},{\"postcode\":\"LE12 8LL\",\"latitude\":52.7399,\"longitude\":-1.13694},{\"postcode\":\"\",\"latitude\":52.53766,\"longitude\":-0.90229},{\"postcode\":\"CV13 0ND\",\"latitude\":52.60877,\"longitude\":-1.41755},{\"postcode\":\"LE14 4QG\",\"latitude\":52.80329,\"longitude\":-0.8544},{\"postcode\":\"LE67 8FG\",\"latitude\":52.7425,\"longitude\":-1.42209},{\"postcode\":\"LE18 3RS\",\"latitude\":52.58875,\"longitude\":-1.093},{\"postcode\":\"PE20 3QR\",\"latitude\":52.97794,\"longitude\":-0.11218},{\"postcode\":\"LN9 6QN\",\"latitude\":53.26446,\"longitude\":0.020516},{\"postcode\":\"LN6 7AR\",\"latitude\":53.21921,\"longitude\":-0.55848},{\"postcode\":\"LN5 0DG\",\"latitude\":53.08058,\"longitude\":-0.4767},{\"postcode\":\"PE12 6FT\",\"latitude\":52.78758,\"longitude\":-0.03057},{\"postcode\":\"NG33 4JJ\",\"latitude\":52.84885,\"longitude\":-0.49565},{\"postcode\":\"LN8 2AN\",\"latitude\":53.40044,\"longitude\":-0.50774},{\"postcode\":\"IP25 7JN\",\"latitude\":52.59421,\"longitude\":0.818716},{\"postcode\":\"NR10 3AG\",\"latitude\":52.69622,\"longitude\":1.252317},{\"postcode\":\"\",\"latitude\":52.68439,\"longitude\":1.64951},{\"postcode\":\"PE32 1HP\",\"latitude\":52.71283,\"longitude\":0.533243},{\"postcode\":\"NR11 7BT\",\"latitude\":52.83389,\"longitude\":1.132099},{\"postcode\":\"NR2 4UE\",\"latitude\":52.64013,\"longitude\":1.284979},{\"postcode\":\"NR35 2LP\",\"latitude\":52.51218,\"longitude\":1.373233},{\"postcode\":\"BD23 4BX\",\"latitude\":54.05376,\"longitude\":-2.16168},{\"postcode\":\"YO7 4BN\",\"latitude\":54.30872,\"longitude\":-1.34049},{\"postcode\":\"HG3 3PJ\",\"latitude\":54.07708,\"longitude\":-1.58161},{\"postcode\":\"DL8 4DT\",\"latitude\":54.35761,\"longitude\":-1.98552},{\"postcode\":\"YO17 6UY\",\"latitude\":54.20021,\"longitude\":-0.84277},{\"postcode\":\"YO13 0DT\",\"latitude\":54.3465,\"longitude\":-0.52778},{\"postcode\":\"YO8 8QF\",\"latitude\":53.73327,\"longitude\":-1.12908},{\"postcode\":\"NG17 8BF\",\"latitude\":53.09747,\"longitude\":-1.25422},{\"postcode\":\"DN22 8PT\",\"latitude\":53.35604,\"longitude\":-0.9787},{\"postcode\":\"NG16 2ST\",\"latitude\":52.9721,\"longitude\":-1.25944},{\"postcode\":\"NG5 8PW\",\"latitude\":53.02434,\"longitude\":-1.11907},{\"postcode\":\"NG19 9FD\",\"latitude\":53.16703,\"longitude\":-1.17804},{\"postcode\":\"NG22 8PH\",\"latitude\":53.1096,\"longitude\":-0.94643},{\"postcode\":\"NG12 3HF\",\"latitude\":52.9124,\"longitude\":-1.01097},{\"postcode\":\"OX5 3HP\",\"latitude\":51.8872,\"longitude\":-1.28506},{\"postcode\":\"OX4 1AX\",\"latitude\":51.75357,\"longitude\":-1.24405},{\"postcode\":\"OX10 6LA\",\"latitude\":51.62288,\"longitude\":-1.07847},{\"postcode\":\"SN7 8QJ\",\"latitude\":51.65443,\"longitude\":-1.48543},{\"postcode\":\"OX7 3AS\",\"latitude\":51.8399,\"longitude\":-1.50292},{\"postcode\":\"BA4 5HN\",\"latitude\":51.19476,\"longitude\":-2.54178},{\"postcode\":\"TA7 8NN\",\"latitude\":51.19186,\"longitude\":-2.88246},{\"postcode\":\"TA12 6AW\",\"latitude\":50.98399,\"longitude\":-2.77588},{\"postcode\":\"WS12 2FY\",\"latitude\":52.70166,\"longitude\":-1.98277},{\"postcode\":\"DE13 8RY\",\"latitude\":52.83651,\"longitude\":-1.81438},{\"postcode\":\"WS13 8RH\",\"latitude\":52.69615,\"longitude\":-1.76049},{\"postcode\":\"CW3 9LY\",\"latitude\":53.00345,\"longitude\":-2.32631},{\"postcode\":\"ST19 5QB\",\"latitude\":52.69692,\"longitude\":-2.15495},{\"postcode\":\"ST18 9SW\",\"latitude\":52.84792,\"longitude\":-2.16475},{\"postcode\":\"ST13 7DU\",\"latitude\":53.06924,\"longitude\":-1.99334},{\"postcode\":\"B77 1BW\",\"latitude\":52.62031,\"longitude\":-1.68451},{\"postcode\":\"IP7 6HR\",\"latitude\":52.0645,\"longitude\":0.916149},{\"postcode\":\"IP4 1LT\",\"latitude\":52.05592,\"longitude\":1.166145},{\"postcode\":\"IP14 5JP\",\"latitude\":52.21859,\"longitude\":1.096953},{\"postcode\":\"KT12 4HQ\",\"latitude\":51.36098,\"longitude\":-0.39441},{\"postcode\":\"KT17 1DG\",\"latitude\":51.33945,\"longitude\":-0.26172},{\"postcode\":\"GU4 7YH\",\"latitude\":51.25366,\"longitude\":-0.56257},{\"postcode\":\"RH5 4EB\",\"latitude\":51.22749,\"longitude\":-0.30603},{\"postcode\":\"RH2 9RP\",\"latitude\":51.25846,\"longitude\":-0.19871},{\"postcode\":\"KT16 0AR\",\"latitude\":51.39273,\"longitude\":-0.53855},{\"postcode\":\"TW15 3NP\",\"latitude\":51.41552,\"longitude\":-0.46254},{\"postcode\":\"GU18 5UU\",\"latitude\":51.3361,\"longitude\":-0.68986},{\"postcode\":\"RH9 8EX\",\"latitude\":51.23581,\"longitude\":-0.04805},{\"postcode\":\"GU8 4DB\",\"latitude\":51.15686,\"longitude\":-0.62343},{\"postcode\":\"GU22 0DY\",\"latitude\":51.30837,\"longitude\":-0.57982},{\"postcode\":\"CV9 2HT\",\"latitude\":52.56484,\"longitude\":-1.6242},{\"postcode\":\"CV10 7RG\",\"latitude\":52.50094,\"longitude\":-1.47965},{\"postcode\":\"CV23 9BG\",\"latitude\":52.38228,\"longitude\":-1.31828},{\"postcode\":\"CV37 7NN\",\"latitude\":52.16154,\"longitude\":-1.63565},{\"postcode\":\"CV34 5FL\",\"latitude\":52.30142,\"longitude\":-1.58369},{\"postcode\":\"BN15 0QD\",\"latitude\":50.84572,\"longitude\":-0.32417},{\"postcode\":\"PO20 3SL\",\"latitude\":50.84321,\"longitude\":-0.64999},{\"postcode\":\"GU29 0DR\",\"latitude\":50.94177,\"longitude\":-0.7163},{\"postcode\":\"RH11 7QX\",\"latitude\":51.12357,\"longitude\":-0.19533},{\"postcode\":\"RH13 8GF\",\"latitude\":51.00272,\"longitude\":-0.38126},{\"postcode\":\"RH17 6QY\",\"latitude\":51.05953,\"longitude\":-0.10272},{\"postcode\":\"BN13 2HX\",\"latitude\":50.8331,\"longitude\":-0.40127},{\"postcode\":\"B45 8HU\",\"latitude\":52.36169,\"longitude\":-2.00376},{\"postcode\":\"WR13 5DG\",\"latitude\":52.16758,\"longitude\":-2.33089},{\"postcode\":\"B97 5DE\",\"latitude\":52.28541,\"longitude\":-1.9471},{\"postcode\":\"WR4 9GX\",\"latitude\":52.19482,\"longitude\":-2.21025},{\"postcode\":\"WR10 2QR\",\"latitude\":52.12886,\"longitude\":-2.01614},{\"postcode\":\"DY10 1TP\",\"latitude\":52.3853,\"longitude\":-2.23494},{\"postcode\":\"AL3 6DW\",\"latitude\":51.77356,\"longitude\":-0.3407},{\"postcode\":\"AL9 5PG\",\"latitude\":51.76087,\"longitude\":-0.18518},{\"postcode\":\"SG11 1ES\",\"latitude\":51.86485,\"longitude\":0.002739},{\"postcode\":\"SG1 1PW\",\"latitude\":51.90539,\"longitude\":-0.18987},{\"postcode\":\"IP17 2AR\",\"latitude\":52.24399,\"longitude\":1.456186},{\"postcode\":\"IP28 6HE\",\"latitude\":52.30842,\"longitude\":0.652769},{\"postcode\":\"TA4 2EE\",\"latitude\":51.06348,\"longitude\":-3.35766},{\"postcode\":\"BL1 5EY\",\"latitude\":53.58449,\"longitude\":-2.47952},{\"postcode\":\"BL8 2AD\",\"latitude\":53.5931,\"longitude\":-2.3088},{\"postcode\":\"M13 9PL\",\"latitude\":53.47009,\"longitude\":-2.23359},{\"postcode\":\"OL4 3RF\",\"latitude\":53.55768,\"longitude\":-2.05274},{\"postcode\":\"OL11 1AW\",\"latitude\":53.60741,\"longitude\":-2.14784},{\"postcode\":\"M30 7QF\",\"latitude\":53.47927,\"longitude\":-2.38485},{\"postcode\":\"SK2 5RU\",\"latitude\":53.39116,\"longitude\":-2.12467},{\"postcode\":\"SK16 5NG\",\"latitude\":53.47867,\"longitude\":-2.077},{\"postcode\":\"M33 4JE\",\"latitude\":53.41671,\"longitude\":-2.36572},{\"postcode\":\"WN2 5TN\",\"latitude\":53.51445,\"longitude\":-2.57247},{\"postcode\":\"L34 4AE\",\"latitude\":53.43788,\"longitude\":-2.83297},{\"postcode\":\"L13 4BF\",\"latitude\":53.4083,\"longitude\":-2.91364},{\"postcode\":\"WA11 9RE\",\"latitude\":53.45862,\"longitude\":-2.7031},{\"postcode\":\"L21 0DA\",\"latitude\":53.4821,\"longitude\":-2.99177},{\"postcode\":\"CH43 0XB\",\"latitude\":53.37478,\"longitude\":-3.06701},{\"postcode\":\"S75 3HN\",\"latitude\":53.52577,\"longitude\":-1.54925},{\"postcode\":\"DN2 5EY\",\"latitude\":53.52697,\"longitude\":-1.10894},{\"postcode\":\"S66 9JH\",\"latitude\":53.39553,\"longitude\":-1.28651},{\"postcode\":\"S6 6RF\",\"latitude\":53.40358,\"longitude\":-1.54254},{\"postcode\":\"NE13 9AY\",\"latitude\":55.021,\"longitude\":-1.65297},{\"postcode\":\"NE27 0ER\",\"latitude\":55.02896,\"longitude\":-1.50923},{\"postcode\":\"NE34 0BJ\",\"latitude\":54.96988,\"longitude\":-1.44679},{\"postcode\":\"SR5 9AF\",\"latitude\":54.85719,\"longitude\":-1.43344},{\"postcode\":\"B7 4BL\",\"latitude\":52.48404,\"longitude\":-1.88141},{\"postcode\":\"CV1 4AU\",\"latitude\":52.41423,\"longitude\":-1.51908},{\"postcode\":\"DY2 0UW\",\"latitude\":52.49513,\"longitude\":-2.10171},{\"postcode\":\"B70 8JY\",\"latitude\":52.51477,\"longitude\":-2.00771},{\"postcode\":\"B92 0ET\",\"latitude\":52.431,\"longitude\":-1.71558},{\"postcode\":\"WS3 1RW\",\"latitude\":52.60503,\"longitude\":-1.97044},{\"postcode\":\"WV1 1PA\",\"latitude\":52.59788,\"longitude\":-2.12746},{\"postcode\":\"BD16 1LB\",\"latitude\":53.84382,\"longitude\":-1.87389},{\"postcode\":\"HX2 6JJ\",\"latitude\":53.72048,\"longitude\":-1.96182},{\"postcode\":\"HD1 3DH\",\"latitude\":53.64233,\"longitude\":-1.78085},{\"postcode\":\"LS8 2RS\",\"latitude\":53.82273,\"longitude\":-1.50736},{\"postcode\":\"WF4 1SS\",\"latitude\":53.65922,\"longitude\":-1.42092},{\"postcode\":\"NE16 5SZ\",\"latitude\":54.93115,\"longitude\":-1.68694},{\"postcode\":\"EC2V 7EL\",\"latitude\":51.51564,\"longitude\":-0.09351},{\"postcode\":\"RM9 5SB\",\"latitude\":51.54555,\"longitude\":0.129479},{\"postcode\":\"NW7 2HN\",\"latitude\":51.61107,\"longitude\":-0.21819},{\"postcode\":\"DA7 4HT\",\"latitude\":51.45822,\"longitude\":0.146212},{\"postcode\":\"HA9 9EX\",\"latitude\":51.56438,\"longitude\":-0.27568},{\"postcode\":\"BR2 8HD\",\"latitude\":51.37266,\"longitude\":0.039246},{\"postcode\":\"NW3 3DG\",\"latitude\":51.54305,\"longitude\":-0.16291},{\"postcode\":\"CR0 5RB\",\"latitude\":51.36597,\"longitude\":-0.07761},{\"postcode\":\"W5 1RS\",\"latitude\":51.52442,\"longitude\":-0.3141},{\"postcode\":\"EN2 6TS\",\"latitude\":51.64889,\"longitude\":-0.08144},{\"postcode\":\"SE9 6RN\",\"latitude\":51.46394,\"longitude\":0.050093},{\"postcode\":\"E5 8QP\",\"latitude\":51.55492,\"longitude\":-0.06045},{\"postcode\":\"W6 8HH\",\"latitude\":51.48733,\"longitude\":-0.21735},{\"postcode\":\"N8 0HJ\",\"latitude\":51.58771,\"longitude\":-0.1067},{\"postcode\":\"HA3 5DE\",\"latitude\":51.59467,\"longitude\":-0.33598},{\"postcode\":\"RM11 3AR\",\"latitude\":51.56519,\"longitude\":0.235368},{\"postcode\":\"UB10 0EJ\",\"latitude\":51.53664,\"longitude\":-0.44182},{\"postcode\":\"TW4 5HH\",\"latitude\":51.46238,\"longitude\":-0.37855},{\"postcode\":\"N7 8AS\",\"latitude\":51.54546,\"longitude\":-0.10989},{\"postcode\":\"W8 5JR\",\"latitude\":51.49648,\"longitude\":-0.18977},{\"postcode\":\"KT5 8LW\",\"latitude\":51.39296,\"longitude\":-0.28367},{\"postcode\":\"SW9 7QF\",\"latitude\":51.46445,\"longitude\":-0.11385},{\"postcode\":\"SE6 2LA\",\"latitude\":51.4423,\"longitude\":-0.01734},{\"postcode\":\"SW19 3HX\",\"latitude\":51.41058,\"longitude\":-0.18868},{\"postcode\":\"E13 9AE\",\"latitude\":51.53149,\"longitude\":0.027261},{\"postcode\":\"IG6 1JZ\",\"latitude\":51.58588,\"longitude\":0.070085},{\"postcode\":\"TW10 5HY\",\"latitude\":51.44035,\"longitude\":-0.28914},{\"postcode\":\"SE15 4DG\",\"latitude\":51.46594,\"longitude\":-0.07308},{\"postcode\":\"SM5 3RA\",\"latitude\":51.35755,\"longitude\":-0.17226},{\"postcode\":\"E14 7RA\",\"latitude\":51.51554,\"longitude\":-0.03647},{\"postcode\":\"E17 4NS\",\"latitude\":51.59461,\"longitude\":-0.0188},{\"postcode\":\"SW18 1LT\",\"latitude\":51.4524,\"longitude\":-0.20021},{\"postcode\":\"W1K 6ZD\",\"latitude\":51.51221,\"longitude\":-0.15295}]',NULL),(21,'notification','notification@notification.com',NULL,'$2y$12$XDVLmlwuezeJH3SDFMWz/eRliET4Ug3aApGO6Ibi/VIDb3ArC5l92',NULL,'2025-04-16 10:36:10','2025-04-16 10:36:10','seller','notification',NULL,'internal door,bricks,plasterboard,plywood,timber,insulation','IL','₪','d/m/Y','','0','uOOVSRMKVzKTKIXsB82CcvN7Yrv1QipF','[]',NULL),(22,'notification1@notification1.com','notification1@notification1.com',NULL,'$2y$12$7BvH7ONdWOruyU8zd.r3WeX4XN54QQCeEghfceVvHXFWdAh332B6K',NULL,'2025-04-16 10:50:25','2025-04-16 10:50:25','seller','notification1@notification1.com',NULL,'internal door,bricks,plasterboard,plywood,timber,insulation','IL','₪','d/m/Y','','0','av2YW04tnypVAIQFBPWN0cmkYQTqE9KM','[]',NULL),(23,'seller16','seller16@gmail.com',NULL,'$2y$12$MtehRm5ZtpFeJikEr08rY.2BgnwbR5MkqkSrnhLVPyu8u1s93.m/W',NULL,'2025-04-23 11:32:12','2025-04-23 11:32:12','seller','seller16',NULL,'internal door,bricks,plasterboard','IN','₹','d/m/Y','','0','pl0GqbKV6oHTvkYeZ3DqsUFGeO6FOyYr','[\"IV27\",\"HS3\",\"BT79\",\"DG8\",\"DD8\",\"IV22\",\"IV23\",\"NP8\",\"YO25\",\"ML12\",\"HS2\",\"ZE2\"]',NULL),(24,'seller','seller@gmail.com',NULL,'$2y$12$ta2nrgXBmvB2a0wtpUxtNeBh/zjqKPU7vI7h7J9Xs3/OoCbs6v3IW',NULL,'2025-04-24 14:42:11','2025-04-24 14:42:11','seller','seller',NULL,'internal door,bricks,plasterboard','IN','₹','d/m/Y','https://www.google.com2','0','iFJUgOgSs6MCfsVApPjpWXJxluDDlQtC','[\"AB10\",\"AB11\",\"AB12\",\"AB13\",\"AB14\",\"AB15\",\"AB16\",\"AB21\",\"AB22\",\"AB23\",\"AB24\",\"AB25\",\"AB30\",\"AB31\",\"AB32\",\"AB33\",\"AB34\",\"AB35\",\"AB36\",\"AB37\",\"AB38\",\"AB39\",\"AB41\",\"AB42\",\"AB43\",\"AB44\",\"AB45\",\"AB51\",\"AB52\",\"AB53\",\"AB54\",\"AB55\",\"AB56\",\"AL1\",\"AL2\",\"AL3\",\"AL4\",\"AL5\",\"AL6\",\"AL7\",\"AL8\",\"AL9\",\"AL10\",\"B1\",\"B2\",\"B3\",\"B4\",\"B5\",\"B6\",\"B7\",\"B8\",\"B9\",\"B10\",\"B11\",\"B12\",\"B13\",\"B14\",\"B15\",\"B16\",\"B17\",\"B18\",\"B19\",\"B20\",\"B21\",\"B23\",\"B24\",\"B25\",\"B26\",\"B27\",\"B28\",\"B29\",\"B30\",\"B31\",\"B32\",\"B33\",\"B34\",\"B35\",\"B36\",\"B37\",\"B38\",\"B40\",\"B42\",\"B43\",\"B44\",\"B45\",\"B46\",\"B47\",\"B48\",\"B49\",\"B50\",\"B60\",\"B61\",\"B62\",\"B63\",\"B64\",\"B65\",\"B66\",\"B67\",\"B68\",\"B69\",\"B70\",\"B71\",\"B72\",\"B73\",\"B74\",\"B75\",\"B76\",\"B77\",\"B78\",\"B79\",\"B80\",\"B90\",\"B91\",\"B92\",\"B93\",\"B94\",\"B95\",\"B96\",\"B97\",\"B98\",\"BA1\",\"BA2\",\"BA3\",\"BA4\",\"BA5\",\"BA6\",\"BA7\",\"BA8\",\"BA9\",\"BA10\",\"BA11\",\"BA12\",\"BA13\",\"BA14\",\"BA15\",\"BA16\",\"BA20\",\"BA21\",\"BA22\",\"BB1\",\"BB2\",\"BB3\",\"BB4\",\"BB5\",\"BB6\",\"BB7\",\"BB8\",\"BB9\",\"BB10\",\"BB11\",\"BB12\",\"BB18\",\"BD1\",\"BD2\",\"BD3\",\"BD4\",\"BD5\",\"BD6\",\"BD7\",\"BD8\",\"BD9\",\"BD10\",\"BD11\",\"BD12\",\"BD13\",\"BD14\",\"BD15\",\"BD16\",\"BD17\",\"BD18\",\"BD19\",\"BD20\",\"BD21\",\"BD22\",\"BD23\",\"BD24\",\"BH1\",\"BH2\",\"BH3\",\"BH4\",\"BH5\",\"BH6\",\"BH7\",\"BH8\",\"BH9\",\"BH10\",\"BH11\",\"BH12\",\"BH13\",\"BH14\",\"BH15\",\"BH16\",\"BH17\",\"BH18\",\"BH19\",\"BH20\",\"BH21\",\"BH22\",\"BH23\",\"BH24\",\"BH25\",\"BH31\",\"BL0\",\"BL1\",\"BL2\",\"BL3\",\"BL4\",\"BL5\",\"BL6\",\"BL7\",\"BL8\",\"BL9\",\"BN1\",\"BN2\",\"BN3\",\"BN5\",\"BN6\",\"BN7\",\"BN8\",\"BN9\",\"BN10\",\"BN11\",\"BN12\",\"BN13\",\"BN14\",\"BN15\",\"BN16\",\"BN17\",\"BN18\",\"BN20\",\"BN21\",\"BN22\",\"BN23\",\"BN24\",\"BN25\",\"BN26\",\"BN27\",\"BN41\",\"BN42\",\"BN43\",\"BN44\",\"BN45\",\"BR1\",\"BR2\",\"BR3\",\"BR4\",\"BR5\",\"BR6\",\"BR7\",\"BR8\",\"BS1\",\"BS2\",\"BS3\",\"BS4\",\"BS5\",\"BS6\",\"BS7\",\"BS8\",\"BS9\",\"BS10\",\"BS11\",\"BS13\",\"BS14\",\"BS15\",\"BS16\",\"BS20\",\"BS21\",\"BS22\",\"BS23\",\"BS24\",\"BS25\",\"BS26\",\"BS27\",\"BS28\",\"BS29\",\"BS30\",\"BS31\",\"BS32\",\"BS34\",\"BS35\",\"BS36\",\"BS37\",\"BS39\",\"BS40\",\"BS41\",\"BS48\",\"BS49\",\"CA1\",\"CA2\",\"CA3\",\"CA4\",\"CA5\",\"CA6\",\"CA7\",\"CA8\",\"CA9\",\"CA10\",\"CA11\",\"CA12\",\"CA13\",\"CA14\",\"CA15\",\"CA16\",\"CA17\",\"CA18\",\"CA19\",\"CA20\",\"CA21\",\"CA22\",\"CA23\",\"CA24\",\"CA25\",\"CA26\",\"CA27\",\"CA28\",\"CB1\",\"CB2\",\"CB3\",\"CB4\",\"CB5\",\"CB6\",\"CB7\",\"CB8\",\"CB9\",\"CB10\",\"CB11\",\"CB21\",\"CB22\",\"CB23\",\"CB24\",\"CB25\",\"CF3\",\"CF5\",\"CF10\",\"CF11\",\"CF14\",\"CF15\",\"CF23\",\"CF24\",\"CF31\",\"CF32\",\"CF33\",\"CF34\",\"CF35\",\"CF36\",\"CF37\",\"CF38\",\"CF39\",\"CF40\",\"CF41\",\"CF42\",\"CF43\",\"CF44\",\"CF45\",\"CF46\",\"CF47\",\"CF48\",\"CF61\",\"CF62\",\"CF63\",\"CF64\",\"CF71\",\"CF72\",\"CF81\",\"CF82\",\"CF83\",\"CH1\",\"CH2\",\"CH3\",\"CH4\",\"CH5\",\"CH6\",\"CH7\",\"CH8\",\"CH41\",\"CH42\",\"CH43\",\"CH44\",\"CH45\",\"CH46\",\"CH47\",\"CH48\",\"CH49\",\"CH60\",\"CH61\",\"CH62\",\"CH63\",\"CH64\",\"CH65\",\"CH66\",\"CM0\",\"CM1\",\"CM2\",\"CM3\",\"CM4\",\"CM5\",\"CM6\",\"CM7\",\"CM8\",\"CM9\",\"CM11\",\"CM12\",\"CM13\",\"CM14\",\"CM15\",\"CM16\",\"CM17\",\"CM18\",\"CM19\",\"CM20\",\"CM21\",\"CM22\",\"CM23\",\"CM24\",\"CM77\",\"CO1\",\"CO2\",\"CO3\",\"CO4\",\"CO5\",\"CO6\",\"CO7\",\"CO8\",\"CO9\",\"CO10\",\"CO11\",\"CO12\",\"CO13\",\"CO14\",\"CO15\",\"CO16\",\"CR0\",\"CR2\",\"CR3\",\"CR4\",\"CR5\",\"CR6\",\"CR7\",\"CR8\",\"CT1\",\"CT2\",\"CT3\",\"CT4\",\"CT5\",\"CT6\",\"CT7\",\"CT8\",\"CT9\",\"CT10\",\"CT11\",\"CT12\",\"CT13\",\"CT14\",\"CT15\",\"CT16\",\"CT17\",\"CT18\",\"CT19\",\"CT20\",\"CT21\",\"CV1\",\"CV2\",\"CV3\",\"CV4\",\"CV5\",\"CV6\",\"CV7\",\"CV8\",\"CV9\",\"CV10\",\"CV11\",\"CV12\",\"CV13\",\"CV21\",\"CV22\",\"CV23\",\"CV31\",\"CV32\",\"CV33\",\"CV34\",\"CV35\",\"CV36\",\"CV37\",\"CV47\",\"CW1\",\"CW2\",\"CW3\",\"CW4\",\"CW5\",\"CW6\",\"CW7\",\"CW8\",\"CW9\",\"CW10\",\"CW11\",\"CW12\",\"DA1\",\"DA2\",\"DA3\",\"DA4\",\"DA5\",\"DA6\",\"DA7\",\"DA8\",\"DA9\",\"DA10\",\"DA11\",\"DA12\",\"DA13\",\"DA14\",\"DA15\",\"DA16\",\"DA17\",\"DA18\",\"DD1\",\"DD2\",\"DD3\",\"DD4\",\"DD5\",\"DD6\",\"DD7\",\"DD8\",\"DD9\",\"DD10\",\"DD11\",\"DE1\",\"DE3\",\"DE4\",\"DE5\",\"DE6\",\"DE7\",\"DE11\",\"DE12\",\"DE13\",\"DE14\",\"DE15\",\"DE21\",\"DE22\",\"DE23\",\"DE24\",\"DE45\",\"DE55\",\"DE56\",\"DE65\",\"DE72\",\"DE73\",\"DE74\",\"DE75\",\"DG1\",\"DG2\",\"DG3\",\"DG4\",\"DG5\",\"DG6\",\"DG7\",\"DG8\",\"DG9\",\"DG10\",\"DG11\",\"DG12\",\"DG13\",\"DG14\",\"DG16\",\"DH1\",\"DH2\",\"DH3\",\"DH4\",\"DH5\",\"DH6\",\"DH7\",\"DH8\",\"DH9\",\"DL1\",\"DL2\",\"DL3\",\"DL4\",\"DL5\",\"DL6\",\"DL7\",\"DL8\",\"DL9\",\"DL10\",\"DL11\",\"DL12\",\"DL13\",\"DL14\",\"DL15\",\"DL16\",\"DL17\",\"DN1\",\"DN2\",\"DN3\",\"DN4\",\"DN5\",\"DN6\",\"DN7\",\"DN8\",\"DN9\",\"DN10\",\"DN11\",\"DN12\",\"DN14\",\"DN15\",\"DN16\",\"DN17\",\"DN18\",\"DN19\",\"DN20\",\"DN21\",\"DN22\",\"DN31\",\"DN32\",\"DN33\",\"DN34\",\"DN35\",\"DN36\",\"DN37\",\"DN38\",\"DN39\",\"DN40\",\"DN41\",\"DT1\",\"DT2\",\"DT3\",\"DT4\",\"DT5\",\"DT6\",\"DT7\",\"DT8\",\"DT9\",\"DT10\",\"DT11\",\"DY1\",\"DY2\",\"DY3\",\"DY4\",\"DY5\",\"DY6\",\"DY7\",\"DY8\",\"DY9\",\"DY10\",\"DY11\",\"DY12\",\"DY13\",\"DY14\",\"E2\",\"E3\",\"E4\",\"E5\",\"E6\",\"E7\",\"E8\",\"E9\",\"E10\",\"E11\",\"E12\",\"E13\",\"E14\",\"E15\",\"E16\",\"E17\",\"E18\",\"E20\",\"E1\",\"E1W\",\"EC1A\",\"EC1M\",\"EC1N\",\"EC1R\",\"EC1V\",\"EC1Y\",\"EC2A\",\"EC2M\",\"EC2N\",\"EC2R\",\"EC2V\",\"EC2Y\",\"EC3A\",\"EC3M\",\"EC3N\",\"EC3R\",\"EC3V\",\"EC4A\",\"EC4M\",\"EC4N\",\"EC4R\",\"EC4V\",\"EC4Y\",\"EH1\",\"EH2\",\"EH3\",\"EH4\",\"EH5\",\"EH6\",\"EH7\",\"EH8\",\"EH9\",\"EH10\",\"EH11\",\"EH12\",\"EH13\",\"EH14\",\"EH15\",\"EH16\",\"EH17\",\"EH18\",\"EH19\",\"EH20\",\"EH21\",\"EH22\",\"EH23\",\"EH24\",\"EH25\",\"EH26\",\"EH27\",\"EH28\",\"EH29\",\"EH30\",\"EH31\",\"EH32\",\"EH33\",\"EH34\",\"EH35\",\"EH36\",\"EH37\",\"EH38\",\"EH39\",\"EH40\",\"EH41\",\"EH42\",\"EH43\",\"EH44\",\"EH45\",\"EH46\",\"EH47\",\"EH48\",\"EH49\",\"EH51\",\"EH52\",\"EH53\",\"EH54\",\"EH55\",\"EN1\",\"EN2\",\"EN3\",\"EN4\",\"EN5\",\"EN6\",\"EN7\",\"EN8\",\"EN9\",\"EN10\",\"EN11\",\"EX1\",\"EX2\",\"EX3\",\"EX4\",\"EX5\",\"EX6\",\"EX7\",\"EX8\",\"EX9\",\"EX10\",\"EX11\",\"EX12\",\"EX13\",\"EX14\",\"EX15\",\"EX16\",\"EX17\",\"EX18\",\"EX19\",\"EX20\",\"EX21\",\"EX22\",\"EX23\",\"EX24\",\"EX31\",\"EX32\",\"EX33\",\"EX34\",\"EX35\",\"EX36\",\"EX37\",\"EX38\",\"EX39\",\"FK1\",\"FK2\",\"FK3\",\"FK4\",\"FK5\",\"FK6\",\"FK7\",\"FK8\",\"FK9\",\"FK10\",\"FK11\",\"FK12\",\"FK13\",\"FK14\",\"FK15\",\"FK16\",\"FK17\",\"FK18\",\"FK19\",\"FK20\",\"FK21\",\"FY1\",\"FY2\",\"FY3\",\"FY4\",\"FY5\",\"FY6\",\"FY7\",\"FY8\",\"G1\",\"G2\",\"G3\",\"G4\",\"G5\",\"G11\",\"G12\",\"G13\",\"G14\",\"G15\",\"G20\",\"G21\",\"G22\",\"G23\",\"G31\",\"G32\",\"G33\",\"G34\",\"G40\",\"G41\",\"G42\",\"G43\",\"G44\",\"G45\",\"G46\",\"G51\",\"G52\",\"G53\",\"G60\",\"G61\",\"G62\",\"G63\",\"G64\",\"G65\",\"G66\",\"G67\",\"G68\",\"G69\",\"G71\",\"G72\",\"G73\",\"G74\",\"G75\",\"G76\",\"G77\",\"G78\",\"G81\",\"G82\",\"G83\",\"G84\",\"GL1\",\"GL2\",\"GL3\",\"GL4\",\"GL5\",\"GL6\",\"GL7\",\"GL8\",\"GL9\",\"GL10\",\"GL11\",\"GL12\",\"GL13\",\"GL14\",\"GL15\",\"GL16\",\"GL17\",\"GL18\",\"GL19\",\"GL20\",\"GL50\",\"GL51\",\"GL52\",\"GL53\",\"GL54\",\"GL55\",\"GL56\",\"GU1\",\"GU2\",\"GU3\",\"GU4\",\"GU5\",\"GU6\",\"GU7\",\"GU8\",\"GU9\",\"GU10\",\"GU11\",\"GU12\",\"GU14\",\"GU15\",\"GU16\",\"GU17\",\"GU18\",\"GU19\",\"GU20\",\"GU21\",\"GU22\",\"GU23\",\"GU24\",\"GU25\",\"GU26\",\"GU27\",\"GU28\",\"GU29\",\"GU30\",\"GU31\",\"GU32\",\"GU33\",\"GU34\",\"GU35\",\"GU46\",\"GU47\",\"GU51\",\"GU52\",\"HA0\",\"HA1\",\"HA2\",\"HA3\",\"HA4\",\"HA5\",\"HA6\",\"HA7\",\"HA8\",\"HA9\",\"HD1\",\"HD2\",\"HD3\",\"HD4\",\"HD5\",\"HD6\",\"HD7\",\"HD8\",\"HD9\",\"HG1\",\"HG2\",\"HG3\",\"HG4\",\"HG5\",\"HP1\",\"HP2\",\"HP3\",\"HP4\",\"HP5\",\"HP6\",\"HP7\",\"HP8\",\"HP9\",\"HP10\",\"HP11\",\"HP12\",\"HP13\",\"HP14\",\"HP15\",\"HP16\",\"HP17\",\"HP18\",\"HP19\",\"HP20\",\"HP21\",\"HP22\",\"HP23\",\"HP27\",\"HR1\",\"HR2\",\"HR3\",\"HR4\",\"HR5\",\"HR6\",\"HR7\",\"HR8\",\"HR9\",\"HS1\",\"HS2\",\"HS3\",\"HS4\",\"HS5\",\"HS6\",\"HS7\",\"HS8\",\"HS9\",\"HU1\",\"HU2\",\"HU3\",\"HU4\",\"HU5\",\"HU6\",\"HU7\",\"HU8\",\"HU9\",\"HU10\",\"HU11\",\"HU12\",\"HU13\",\"HU14\",\"HU15\",\"HU16\",\"HU17\",\"HU18\",\"HU19\",\"HU20\",\"HX1\",\"HX2\",\"HX3\",\"HX4\",\"HX5\",\"HX6\",\"HX7\",\"IG1\",\"IG2\",\"IG3\",\"IG4\",\"IG5\",\"IG6\",\"IG7\",\"IG8\",\"IG9\",\"IG10\",\"IG11\",\"IP1\",\"IP2\",\"IP3\",\"IP4\",\"IP5\",\"IP6\",\"IP7\",\"IP8\",\"IP9\",\"IP10\",\"IP11\",\"IP12\",\"IP13\",\"IP14\",\"IP15\",\"IP16\",\"IP17\",\"IP18\",\"IP19\",\"IP20\",\"IP21\",\"IP22\",\"IP23\",\"IP24\",\"IP25\",\"IP26\",\"IP27\",\"IP28\",\"IP29\",\"IP30\",\"IP31\",\"IP32\",\"IP33\",\"IV1\",\"IV2\",\"IV3\",\"IV4\",\"IV5\",\"IV6\",\"IV7\",\"IV8\",\"IV9\",\"IV10\",\"IV11\",\"IV12\",\"IV13\",\"IV14\",\"IV15\",\"IV16\",\"IV17\",\"IV18\",\"IV19\",\"IV20\",\"IV21\",\"IV22\",\"IV23\",\"IV24\",\"IV25\",\"IV26\",\"IV27\",\"IV28\",\"IV30\",\"IV31\",\"IV32\",\"IV36\",\"IV40\",\"IV41\",\"IV42\",\"IV43\",\"IV44\",\"IV45\",\"IV46\",\"IV47\",\"IV48\",\"IV49\",\"IV51\",\"IV52\",\"IV53\",\"IV54\",\"IV55\",\"IV56\",\"IV63\",\"KA1\",\"KA2\",\"KA3\",\"KA4\",\"KA5\",\"KA6\",\"KA7\",\"KA8\",\"KA9\",\"KA10\",\"KA11\",\"KA12\",\"KA13\",\"KA14\",\"KA15\",\"KA16\",\"KA17\",\"KA18\",\"KA19\",\"KA20\",\"KA21\",\"KA22\",\"KA23\",\"KA24\",\"KA25\",\"KA26\",\"KA27\",\"KA28\",\"KA29\",\"KA30\",\"KT1\",\"KT2\",\"KT3\",\"KT4\",\"KT5\",\"KT6\",\"KT7\",\"KT8\",\"KT9\",\"KT10\",\"KT11\",\"KT12\",\"KT13\",\"KT14\",\"KT15\",\"KT16\",\"KT17\",\"KT18\",\"KT19\",\"KT20\",\"KT21\",\"KT22\",\"KT23\",\"KT24\",\"KW1\",\"KW2\",\"KW3\",\"KW5\",\"KW6\",\"KW7\",\"KW8\",\"KW9\",\"KW10\",\"KW11\",\"KW12\",\"KW13\",\"KW14\",\"KW15\",\"KW16\",\"KW17\",\"KY1\",\"KY2\",\"KY3\",\"KY4\",\"KY5\",\"KY6\",\"KY7\",\"KY8\",\"KY9\",\"KY10\",\"KY11\",\"KY12\",\"KY13\",\"KY14\",\"KY15\",\"KY16\",\"L1\",\"L2\",\"L3\",\"L4\",\"L5\",\"L6\",\"L7\",\"L8\",\"L9\",\"L10\",\"L11\",\"L12\",\"L13\",\"L14\",\"L15\",\"L16\",\"L17\",\"L18\",\"L19\",\"L20\",\"L21\",\"L22\",\"L23\",\"L24\",\"L25\",\"L26\",\"L27\",\"L28\",\"L29\",\"L30\",\"L31\",\"L32\",\"L33\",\"L34\",\"L35\",\"L36\",\"L37\",\"L38\",\"L39\",\"L40\",\"LA1\",\"LA2\",\"LA3\",\"LA4\",\"LA5\",\"LA6\",\"LA7\",\"LA8\",\"LA9\",\"LA10\",\"LA11\",\"LA12\",\"LA13\",\"LA14\",\"LA15\",\"LA16\",\"LA17\",\"LA18\",\"LA19\",\"LA20\",\"LA21\",\"LA22\",\"LA23\",\"LD1\",\"LD2\",\"LD3\",\"LD4\",\"LD5\",\"LD6\",\"LD7\",\"LD8\",\"LE1\",\"LE2\",\"LE3\",\"LE4\",\"LE5\",\"LE6\",\"LE7\",\"LE8\",\"LE9\",\"LE10\",\"LE11\",\"LE12\",\"LE13\",\"LE14\",\"LE15\",\"LE16\",\"LE17\",\"LE18\",\"LE19\",\"LE65\",\"LE67\",\"LL11\",\"LL12\",\"LL13\",\"LL14\",\"LL15\",\"LL16\",\"LL17\",\"LL18\",\"LL19\",\"LL20\",\"LL21\",\"LL22\",\"LL23\",\"LL24\",\"LL25\",\"LL26\",\"LL27\",\"LL28\",\"LL29\",\"LL30\",\"LL31\",\"LL32\",\"LL33\",\"LL34\",\"LL35\",\"LL36\",\"LL37\",\"LL38\",\"LL39\",\"LL40\",\"LL41\",\"LL42\",\"LL43\",\"LL44\",\"LL45\",\"LL46\",\"LL47\",\"LL48\",\"LL49\",\"LL51\",\"LL52\",\"LL53\",\"LL54\",\"LL55\",\"LL56\",\"LL57\",\"LL58\",\"LL59\",\"LL60\",\"LL61\",\"LL62\",\"LL63\",\"LL64\",\"LL65\",\"LL66\",\"LL67\",\"LL68\",\"LL69\",\"LL70\",\"LL71\",\"LL72\",\"LL73\",\"LL74\",\"LL75\",\"LL76\",\"LL77\",\"LL78\",\"LN1\",\"LN2\",\"LN3\",\"LN4\",\"LN5\",\"LN6\",\"LN7\",\"LN8\",\"LN9\",\"LN10\",\"LN11\",\"LN12\",\"LN13\",\"LS1\",\"LS2\",\"LS3\",\"LS4\",\"LS5\",\"LS6\",\"LS7\",\"LS8\",\"LS9\",\"LS10\",\"LS11\",\"LS12\",\"LS13\",\"LS14\",\"LS15\",\"LS16\",\"LS17\",\"LS18\",\"LS19\",\"LS20\",\"LS21\",\"LS22\",\"LS23\",\"LS24\",\"LS25\",\"LS26\",\"LS27\",\"LS28\",\"LS29\",\"LU1\",\"LU2\",\"LU3\",\"LU4\",\"LU5\",\"LU6\",\"LU7\",\"M1\",\"M2\",\"M3\",\"M4\",\"M5\",\"M6\",\"M7\",\"M8\",\"M9\",\"M11\",\"M12\",\"M13\",\"M14\",\"M15\",\"M16\",\"M17\",\"M18\",\"M19\",\"M20\",\"M21\",\"M22\",\"M23\",\"M24\",\"M25\",\"M26\",\"M27\",\"M28\",\"M29\",\"M30\",\"M31\",\"M32\",\"M33\",\"M34\",\"M35\",\"M38\",\"M40\",\"M41\",\"M43\",\"M44\",\"M45\",\"M46\",\"M50\",\"M90\",\"ME1\",\"ME2\",\"ME3\",\"ME4\",\"ME5\",\"ME6\",\"ME7\",\"ME8\",\"ME9\",\"ME10\",\"ME11\",\"ME12\",\"ME13\",\"ME14\",\"ME15\",\"ME16\",\"ME17\",\"ME18\",\"ME19\",\"ME20\",\"MK1\",\"MK2\",\"MK3\",\"MK4\",\"MK5\",\"MK6\",\"MK7\",\"MK8\",\"MK9\",\"MK10\",\"MK11\",\"MK12\",\"MK13\",\"MK14\",\"MK15\",\"MK16\",\"MK17\",\"MK18\",\"MK19\",\"MK40\",\"MK41\",\"MK42\",\"MK43\",\"MK44\",\"MK45\",\"MK46\",\"ML1\",\"ML2\",\"ML3\",\"ML4\",\"ML5\",\"ML6\",\"ML7\",\"ML8\",\"ML9\",\"ML10\",\"ML11\",\"ML12\",\"N2\",\"N3\",\"N4\",\"N5\",\"N6\",\"N7\",\"N8\",\"N9\",\"N10\",\"N11\",\"N12\",\"N13\",\"N14\",\"N15\",\"N16\",\"N17\",\"N18\",\"N19\",\"N20\",\"N21\",\"N22\",\"N1\",\"N1C\",\"NE1\",\"NE2\",\"NE3\",\"NE4\",\"NE5\",\"NE6\",\"NE7\",\"NE8\",\"NE9\",\"NE10\",\"NE11\",\"NE12\",\"NE13\",\"NE15\",\"NE16\",\"NE17\",\"NE18\",\"NE19\",\"NE20\",\"NE21\",\"NE22\",\"NE23\",\"NE24\",\"NE25\",\"NE26\",\"NE27\",\"NE28\",\"NE29\",\"NE30\",\"NE31\",\"NE32\",\"NE33\",\"NE34\",\"NE35\",\"NE36\",\"NE37\",\"NE38\",\"NE39\",\"NE40\",\"NE41\",\"NE42\",\"NE43\",\"NE44\",\"NE45\",\"NE46\",\"NE47\",\"NE48\",\"NE49\",\"NE61\",\"NE62\",\"NE63\",\"NE64\",\"NE65\",\"NE66\",\"NE67\",\"NE68\",\"NE69\",\"NE70\",\"NE71\",\"NG1\",\"NG2\",\"NG3\",\"NG4\",\"NG5\",\"NG6\",\"NG7\",\"NG8\",\"NG9\",\"NG10\",\"NG11\",\"NG12\",\"NG13\",\"NG14\",\"NG15\",\"NG16\",\"NG17\",\"NG18\",\"NG19\",\"NG20\",\"NG21\",\"NG22\",\"NG23\",\"NG24\",\"NG25\",\"NG31\",\"NG32\",\"NG33\",\"NG34\",\"NG90\",\"NN1\",\"NN2\",\"NN3\",\"NN4\",\"NN5\",\"NN6\",\"NN7\",\"NN8\",\"NN9\",\"NN10\",\"NN11\",\"NN12\",\"NN13\",\"NN14\",\"NN15\",\"NN16\",\"NN17\",\"NN18\",\"NN29\",\"NP4\",\"NP7\",\"NP8\",\"NP10\",\"NP11\",\"NP12\",\"NP13\",\"NP15\",\"NP16\",\"NP18\",\"NP19\",\"NP20\",\"NP22\",\"NP23\",\"NP24\",\"NP25\",\"NP26\",\"NP44\",\"NR1\",\"NR2\",\"NR3\",\"NR4\",\"NR5\",\"NR6\",\"NR7\",\"NR8\",\"NR9\",\"NR10\",\"NR11\",\"NR12\",\"NR13\",\"NR14\",\"NR15\",\"NR16\",\"NR17\",\"NR18\",\"NR19\",\"NR20\",\"NR21\",\"NR22\",\"NR23\",\"NR24\",\"NR25\",\"NR26\",\"NR27\",\"NR28\",\"NR29\",\"NR30\",\"NR31\",\"NR32\",\"NR33\",\"NR34\",\"NR35\",\"NW1\",\"NW2\",\"NW3\",\"NW4\",\"NW5\",\"NW6\",\"NW7\",\"NW8\",\"NW9\",\"NW10\",\"NW11\",\"OL1\",\"OL2\",\"OL3\",\"OL4\",\"OL5\",\"OL6\",\"OL7\",\"OL8\",\"OL9\",\"OL10\",\"OL11\",\"OL12\",\"OL13\",\"OL14\",\"OL15\",\"OL16\",\"OX1\",\"OX2\",\"OX3\",\"OX4\",\"OX5\",\"OX7\",\"OX9\",\"OX10\",\"OX11\",\"OX12\",\"OX13\",\"OX14\",\"OX15\",\"OX16\",\"OX17\",\"OX18\",\"OX20\",\"OX25\",\"OX26\",\"OX27\",\"OX28\",\"OX29\",\"OX33\",\"OX39\",\"OX44\",\"OX49\",\"PA1\",\"PA2\",\"PA3\",\"PA4\",\"PA5\",\"PA6\",\"PA7\",\"PA8\",\"PA9\",\"PA10\",\"PA11\",\"PA12\",\"PA13\",\"PA14\",\"PA15\",\"PA16\",\"PA17\",\"PA18\",\"PA19\",\"PA20\",\"PA21\",\"PA22\",\"PA23\",\"PA24\",\"PA25\",\"PA26\",\"PA27\",\"PA28\",\"PA29\",\"PA30\",\"PA31\",\"PA32\",\"PA33\",\"PA34\",\"PA35\",\"PA36\",\"PA37\",\"PA38\",\"PA41\",\"PA42\",\"PA43\",\"PA44\",\"PA45\",\"PA46\",\"PA47\",\"PA48\",\"PA49\",\"PA60\",\"PA61\",\"PA62\",\"PA63\",\"PA64\",\"PA65\",\"PA66\",\"PA67\",\"PA68\",\"PA69\",\"PA70\",\"PA71\",\"PA72\",\"PA73\",\"PA74\",\"PA75\",\"PA76\",\"PA77\",\"PA78\",\"PA80\",\"PE1\",\"PE2\",\"PE3\",\"PE4\",\"PE5\",\"PE6\",\"PE7\",\"PE8\",\"PE9\",\"PE10\",\"PE11\",\"PE12\",\"PE13\",\"PE14\",\"PE15\",\"PE16\",\"PE19\",\"PE20\",\"PE21\",\"PE22\",\"PE23\",\"PE24\",\"PE25\",\"PE26\",\"PE27\",\"PE28\",\"PE29\",\"PE30\",\"PE31\",\"PE32\",\"PE33\",\"PE34\",\"PE35\",\"PE36\",\"PE37\",\"PE38\",\"PH1\",\"PH2\",\"PH3\",\"PH4\",\"PH5\",\"PH6\",\"PH7\",\"PH8\",\"PH9\",\"PH10\",\"PH11\",\"PH12\",\"PH13\",\"PH14\",\"PH15\",\"PH16\",\"PH17\",\"PH18\",\"PH19\",\"PH20\",\"PH21\",\"PH22\",\"PH23\",\"PH24\",\"PH25\",\"PH26\",\"PH30\",\"PH31\",\"PH32\",\"PH33\",\"PH34\",\"PH35\",\"PH36\",\"PH37\",\"PH38\",\"PH39\",\"PH40\",\"PH41\",\"PH42\",\"PH43\",\"PH44\",\"PH49\",\"PH50\",\"PL1\",\"PL2\",\"PL3\",\"PL4\",\"PL5\",\"PL6\",\"PL7\",\"PL8\",\"PL9\",\"PL10\",\"PL11\",\"PL12\",\"PL13\",\"PL14\",\"PL15\",\"PL16\",\"PL17\",\"PL18\",\"PL19\",\"PL20\",\"PL21\",\"PL22\",\"PL23\",\"PL24\",\"PL25\",\"PL26\",\"PL27\",\"PL28\",\"PL29\",\"PL30\",\"PL31\",\"PL32\",\"PL33\",\"PL34\",\"PL35\",\"PO1\",\"PO2\",\"PO3\",\"PO4\",\"PO5\",\"PO6\",\"PO7\",\"PO8\",\"PO9\",\"PO10\",\"PO11\",\"PO12\",\"PO13\",\"PO14\",\"PO15\",\"PO16\",\"PO17\",\"PO18\",\"PO19\",\"PO20\",\"PO21\",\"PO22\",\"PO30\",\"PO31\",\"PO32\",\"PO33\",\"PO34\",\"PO35\",\"PO36\",\"PO37\",\"PO38\",\"PO39\",\"PO40\",\"PO41\",\"PR1\",\"PR2\",\"PR3\",\"PR4\",\"PR5\",\"PR6\",\"PR7\",\"PR8\",\"PR9\",\"PR25\",\"PR26\",\"RG1\",\"RG2\",\"RG4\",\"RG5\",\"RG6\",\"RG7\",\"RG8\",\"RG9\",\"RG10\",\"RG12\",\"RG14\",\"RG17\",\"RG18\",\"RG19\",\"RG20\",\"RG21\",\"RG22\",\"RG23\",\"RG24\",\"RG25\",\"RG26\",\"RG27\",\"RG28\",\"RG29\",\"RG30\",\"RG31\",\"RG40\",\"RG41\",\"RG42\",\"RG45\",\"RH1\",\"RH2\",\"RH3\",\"RH4\",\"RH5\",\"RH6\",\"RH7\",\"RH8\",\"RH9\",\"RH10\",\"RH11\",\"RH12\",\"RH13\",\"RH14\",\"RH15\",\"RH16\",\"RH17\",\"RH18\",\"RH19\",\"RH20\",\"RM1\",\"RM2\",\"RM3\",\"RM4\",\"RM5\",\"RM6\",\"RM7\",\"RM8\",\"RM9\",\"RM10\",\"RM11\",\"RM12\",\"RM13\",\"RM14\",\"RM15\",\"RM16\",\"RM17\",\"RM18\",\"RM19\",\"RM20\",\"S1\",\"S2\",\"S3\",\"S4\",\"S5\",\"S6\",\"S7\",\"S8\",\"S9\",\"S10\",\"S11\",\"S12\",\"S13\",\"S14\",\"S17\",\"S18\",\"S20\",\"S21\",\"S25\",\"S26\",\"S32\",\"S33\",\"S35\",\"S36\",\"S40\",\"S41\",\"S42\",\"S43\",\"S44\",\"S45\",\"S60\",\"S61\",\"S62\",\"S63\",\"S64\",\"S65\",\"S66\",\"S70\",\"S71\",\"S72\",\"S73\",\"S74\",\"S75\",\"S80\",\"S81\",\"SA1\",\"SA2\",\"SA3\",\"SA4\",\"SA5\",\"SA6\",\"SA7\",\"SA8\",\"SA9\",\"SA10\",\"SA11\",\"SA12\",\"SA13\",\"SA14\",\"SA15\",\"SA16\",\"SA17\",\"SA18\",\"SA19\",\"SA20\",\"SA31\",\"SA32\",\"SA33\",\"SA34\",\"SA35\",\"SA36\",\"SA37\",\"SA38\",\"SA39\",\"SA40\",\"SA41\",\"SA42\",\"SA43\",\"SA44\",\"SA45\",\"SA46\",\"SA47\",\"SA48\",\"SA61\",\"SA62\",\"SA63\",\"SA64\",\"SA65\",\"SA66\",\"SA67\",\"SA68\",\"SA69\",\"SA70\",\"SA71\",\"SA72\",\"SA73\",\"SE1\",\"SE2\",\"SE3\",\"SE4\",\"SE5\",\"SE6\",\"SE7\",\"SE8\",\"SE9\",\"SE10\",\"SE11\",\"SE12\",\"SE13\",\"SE14\",\"SE15\",\"SE16\",\"SE17\",\"SE18\",\"SE19\",\"SE20\",\"SE21\",\"SE22\",\"SE23\",\"SE24\",\"SE25\",\"SE26\",\"SE27\",\"SE28\",\"SG1\",\"SG2\",\"SG3\",\"SG4\",\"SG5\",\"SG6\",\"SG7\",\"SG8\",\"SG9\",\"SG10\",\"SG11\",\"SG12\",\"SG13\",\"SG14\",\"SG15\",\"SG16\",\"SG17\",\"SG18\",\"SG19\",\"SK1\",\"SK2\",\"SK3\",\"SK4\",\"SK5\",\"SK6\",\"SK7\",\"SK8\",\"SK9\",\"SK10\",\"SK11\",\"SK12\",\"SK13\",\"SK14\",\"SK15\",\"SK16\",\"SK17\",\"SK22\",\"SK23\",\"SL0\",\"SL1\",\"SL2\",\"SL3\",\"SL4\",\"SL5\",\"SL6\",\"SL7\",\"SL8\",\"SL9\",\"SM1\",\"SM2\",\"SM3\",\"SM4\",\"SM5\",\"SM6\",\"SM7\",\"SN1\",\"SN2\",\"SN3\",\"SN4\",\"SN5\",\"SN6\",\"SN7\",\"SN8\",\"SN9\",\"SN10\",\"SN11\",\"SN12\",\"SN13\",\"SN14\",\"SN15\",\"SN16\",\"SN25\",\"SN26\",\"SO14\",\"SO15\",\"SO16\",\"SO17\",\"SO18\",\"SO19\",\"SO20\",\"SO21\",\"SO22\",\"SO23\",\"SO24\",\"SO30\",\"SO31\",\"SO32\",\"SO40\",\"SO41\",\"SO42\",\"SO43\",\"SO45\",\"SO50\",\"SO51\",\"SO52\",\"SO53\",\"SP1\",\"SP2\",\"SP3\",\"SP4\",\"SP5\",\"SP6\",\"SP7\",\"SP8\",\"SP9\",\"SP10\",\"SP11\",\"SR1\",\"SR2\",\"SR3\",\"SR4\",\"SR5\",\"SR6\",\"SR7\",\"SR8\",\"SS0\",\"SS1\",\"SS2\",\"SS3\",\"SS4\",\"SS5\",\"SS6\",\"SS7\",\"SS8\",\"SS9\",\"SS11\",\"SS12\",\"SS13\",\"SS14\",\"SS15\",\"SS16\",\"SS17\",\"ST1\",\"ST2\",\"ST3\",\"ST4\",\"ST5\",\"ST6\",\"ST7\",\"ST8\",\"ST9\",\"ST10\",\"ST11\",\"ST12\",\"ST13\",\"ST14\",\"ST15\",\"ST16\",\"ST17\",\"ST18\",\"ST19\",\"ST20\",\"ST21\",\"SW2\",\"SW3\",\"SW4\",\"SW5\",\"SW6\",\"SW7\",\"SW8\",\"SW9\",\"SW10\",\"SW11\",\"SW12\",\"SW13\",\"SW14\",\"SW15\",\"SW16\",\"SW17\",\"SW18\",\"SW19\",\"SW20\",\"SW1A\",\"SW1E\",\"SW1H\",\"SW1P\",\"SW1V\",\"SW1W\",\"SW1X\",\"SW1Y\",\"SY1\",\"SY2\",\"SY3\",\"SY4\",\"SY5\",\"SY6\",\"SY7\",\"SY8\",\"SY9\",\"SY10\",\"SY11\",\"SY12\",\"SY13\",\"SY14\",\"SY15\",\"SY16\",\"SY17\",\"SY18\",\"SY19\",\"SY20\",\"SY21\",\"SY22\",\"SY23\",\"SY24\",\"SY25\",\"TA1\",\"TA2\",\"TA3\",\"TA4\",\"TA5\",\"TA6\",\"TA7\",\"TA8\",\"TA9\",\"TA10\",\"TA11\",\"TA12\",\"TA13\",\"TA14\",\"TA15\",\"TA16\",\"TA17\",\"TA18\",\"TA19\",\"TA20\",\"TA21\",\"TA22\",\"TA23\",\"TA24\",\"TD1\",\"TD2\",\"TD3\",\"TD4\",\"TD5\",\"TD6\",\"TD7\",\"TD8\",\"TD9\",\"TD10\",\"TD11\",\"TD12\",\"TD13\",\"TD14\",\"TD15\",\"TF1\",\"TF2\",\"TF3\",\"TF4\",\"TF5\",\"TF6\",\"TF7\",\"TF8\",\"TF9\",\"TF10\",\"TF11\",\"TF12\",\"TF13\",\"TN1\",\"TN2\",\"TN3\",\"TN4\",\"TN5\",\"TN6\",\"TN7\",\"TN8\",\"TN9\",\"TN10\",\"TN11\",\"TN12\",\"TN13\",\"TN14\",\"TN15\",\"TN16\",\"TN17\",\"TN18\",\"TN19\",\"TN20\",\"TN21\",\"TN22\",\"TN23\",\"TN24\",\"TN25\",\"TN26\",\"TN27\",\"TN28\",\"TN29\",\"TN30\",\"TN31\",\"TN32\",\"TN33\",\"TN34\",\"TN35\",\"TN36\",\"TN37\",\"TN38\",\"TN39\",\"TN40\",\"TQ1\",\"TQ2\",\"TQ3\",\"TQ4\",\"TQ5\",\"TQ6\",\"TQ7\",\"TQ8\",\"TQ9\",\"TQ10\",\"TQ11\",\"TQ12\",\"TQ13\",\"TQ14\",\"TR1\",\"TR2\",\"TR3\",\"TR4\",\"TR5\",\"TR6\",\"TR7\",\"TR8\",\"TR9\",\"TR10\",\"TR11\",\"TR12\",\"TR13\",\"TR14\",\"TR15\",\"TR16\",\"TR17\",\"TR18\",\"TR19\",\"TR20\",\"TR21\",\"TR22\",\"TR23\",\"TR24\",\"TR25\",\"TR26\",\"TR27\",\"TS1\",\"TS2\",\"TS3\",\"TS4\",\"TS5\",\"TS6\",\"TS7\",\"TS8\",\"TS9\",\"TS10\",\"TS11\",\"TS12\",\"TS13\",\"TS14\",\"TS15\",\"TS16\",\"TS17\",\"TS18\",\"TS19\",\"TS20\",\"TS21\",\"TS22\",\"TS23\",\"TS24\",\"TS25\",\"TS26\",\"TS27\",\"TS28\",\"TS29\",\"TW1\",\"TW2\",\"TW3\",\"TW4\",\"TW5\",\"TW6\",\"TW7\",\"TW8\",\"TW9\",\"TW10\",\"TW11\",\"TW12\",\"TW13\",\"TW14\",\"TW15\",\"TW16\",\"TW17\",\"TW18\",\"TW19\",\"TW20\",\"UB1\",\"UB2\",\"UB3\",\"UB4\",\"UB5\",\"UB6\",\"UB7\",\"UB8\",\"UB9\",\"UB10\",\"UB11\",\"W2\",\"W3\",\"W4\",\"W5\",\"W6\",\"W7\",\"W8\",\"W9\",\"W10\",\"W11\",\"W12\",\"W13\",\"W14\",\"W1B\",\"W1C\",\"W1D\",\"W1F\",\"W1G\",\"W1H\",\"W1J\",\"W1K\",\"W1S\",\"W1T\",\"W1U\",\"W1W\",\"WA1\",\"WA2\",\"WA3\",\"WA4\",\"WA5\",\"WA6\",\"WA7\",\"WA8\",\"WA9\",\"WA10\",\"WA11\",\"WA12\",\"WA13\",\"WA14\",\"WA15\",\"WA16\",\"WC1A\",\"WC1B\",\"WC1E\",\"WC1H\",\"WC1N\",\"WC1R\",\"WC1V\",\"WC1X\",\"WC2A\",\"WC2B\",\"WC2E\",\"WC2H\",\"WC2N\",\"WC2R\",\"WD3\",\"WD4\",\"WD5\",\"WD6\",\"WD7\",\"WD17\",\"WD18\",\"WD19\",\"WD23\",\"WD24\",\"WD25\",\"WF1\",\"WF2\",\"WF3\",\"WF4\",\"WF5\",\"WF6\",\"WF7\",\"WF8\",\"WF9\",\"WF10\",\"WF11\",\"WF12\",\"WF13\",\"WF14\",\"WF15\",\"WF16\",\"WF17\",\"WN1\",\"WN2\",\"WN3\",\"WN4\",\"WN5\",\"WN6\",\"WN7\",\"WN8\",\"WR1\",\"WR2\",\"WR3\",\"WR4\",\"WR5\",\"WR6\",\"WR7\",\"WR8\",\"WR9\",\"WR10\",\"WR11\",\"WR12\",\"WR13\",\"WR14\",\"WR15\",\"WS1\",\"WS2\",\"WS3\",\"WS4\",\"WS5\",\"WS6\",\"WS7\",\"WS8\",\"WS9\",\"WS10\",\"WS11\",\"WS12\",\"WS13\",\"WS14\",\"WS15\",\"WV1\",\"WV2\",\"WV3\",\"WV4\",\"WV5\",\"WV6\",\"WV7\",\"WV8\",\"WV9\",\"WV10\",\"WV11\",\"WV12\",\"WV13\",\"WV14\",\"WV15\",\"WV16\",\"YO1\",\"YO7\",\"YO8\",\"YO10\",\"YO11\",\"YO12\",\"YO13\",\"YO14\",\"YO15\",\"YO16\",\"YO17\",\"YO18\",\"YO19\",\"YO21\",\"YO22\",\"YO23\",\"YO24\",\"YO25\",\"YO26\",\"YO30\",\"YO31\",\"YO32\",\"YO41\",\"YO42\",\"YO43\",\"YO51\",\"YO60\",\"YO61\",\"YO62\",\"ZE1\",\"ZE2\",\"ZE3\",\"BT6\",\"BT5\",\"BT8\",\"BT7\",\"BT2\",\"BT1\",\"BT4\",\"BT3\",\"BT9\",\"BT17\",\"BT16\",\"BT19\",\"BT18\",\"BT13\",\"BT12\",\"BT15\",\"BT14\",\"BT11\",\"BT10\",\"BT28\",\"BT27\",\"BT29\",\"BT24\",\"BT23\",\"BT26\",\"BT25\",\"BT20\",\"BT22\",\"BT21\",\"BT39\",\"BT38\",\"BT35\",\"BT34\",\"BT37\",\"BT36\",\"BT31\",\"BT30\",\"BT33\",\"BT32\",\"BT82\",\"BT81\",\"BT80\",\"BT93\",\"BT92\",\"BT94\",\"BT49\",\"BT40\",\"BT46\",\"BT45\",\"BT48\",\"BT47\",\"BT42\",\"BT41\",\"BT44\",\"BT43\",\"BT51\",\"BT57\",\"BT56\",\"BT53\",\"BT52\",\"BT55\",\"BT54\",\"BT60\",\"BT62\",\"BT61\",\"BT68\",\"BT67\",\"BT69\",\"BT64\",\"BT63\",\"BT66\",\"BT65\",\"BT71\",\"BT70\",\"BT79\",\"BT78\",\"BT75\",\"BT74\",\"BT77\",\"BT76\"]',NULL),(25,'n@n.comm','n@n.comm',NULL,'$2y$12$YqilUkWGHb9Xni2D2FV73uQBoz.vB64FD7r.QAjLOdXj/aCZI2Ghe',NULL,'2025-04-28 12:37:46','2025-04-28 12:37:46','seller','n@n.comm',NULL,'internal door,bricks,plasterboard,plywood,timber,insulation','IL','₪','d/m/Y','','0','APfWXsCQ46jcXpjDFcVE7yWP1nCvzY8e','[]',NULL),(26,'show@show.com','show@show.com',NULL,'$2y$12$l0D8dlK6XSGW5F2Rob4t3.usiVOGkdSKnu0MjOlj6GGp6XBuSteIK',NULL,'2025-04-28 12:42:09','2025-04-28 12:42:09','seller','show@show.com',NULL,'internal door,bricks,plasterboard,plywood,timber,insulation','IL','₪','d/m/Y','','0','kfKayk4t2vq7gYwywa83r8gQSnIVGAHZ','[]',NULL),(27,'testnewstatus@test.com','testnewstatus@test.com',NULL,'$2y$12$Jd61k.6CV/wd3CAT3j62UeSxUbQ3Wko0kU9GKsuQoQqjWA31JtiXa',NULL,'2025-05-02 10:36:44','2025-05-02 10:36:44','seller','testnewstatus@test.com',NULL,'internal door,bricks,plasterboard,plywood,timber,insulation','IL','₪','d/m/Y','','0','2ZGkzAp55rstH1O4f9TVtJRlgQaav2vi','[\"AB10\",\"AB11\",\"AB12\",\"AB13\",\"AB14\",\"AB15\",\"AB16\",\"AB21\",\"AB22\",\"AB23\",\"AB24\",\"AB25\",\"AB30\",\"AB31\",\"AB32\",\"AB33\",\"AB34\",\"AB35\",\"AB36\",\"AB37\",\"AB38\",\"AB39\",\"AB41\",\"AB42\",\"AB43\",\"AB44\",\"AB45\",\"AB51\",\"AB52\",\"AB53\",\"AB54\",\"AB55\",\"AB56\",\"AL1\",\"AL2\",\"AL3\",\"AL4\",\"AL5\",\"AL6\",\"AL7\",\"AL8\",\"AL9\",\"AL10\",\"B1\",\"B2\",\"B3\",\"B4\",\"B5\",\"B6\",\"B7\",\"B8\",\"B9\",\"B10\",\"B11\",\"B12\",\"B13\",\"B14\",\"B15\",\"B16\",\"B17\",\"B18\",\"B19\",\"B20\",\"B21\",\"B23\",\"B24\",\"B25\",\"B26\",\"B27\",\"B28\",\"B29\",\"B30\",\"B31\",\"B32\",\"B33\",\"B34\",\"B35\",\"B36\",\"B37\",\"B38\",\"B40\",\"B42\",\"B43\",\"B44\",\"B45\",\"B46\",\"B47\",\"B48\",\"B49\",\"B50\",\"B60\",\"B61\",\"B62\",\"B63\",\"B64\",\"B65\",\"B66\",\"B67\",\"B68\",\"B69\",\"B70\",\"B71\",\"B72\",\"B73\",\"B74\",\"B75\",\"B76\",\"B77\",\"B78\",\"B79\",\"B80\",\"B90\",\"B91\",\"B92\",\"B93\",\"B94\",\"B95\",\"B96\",\"B97\",\"B98\",\"BA1\",\"BA2\",\"BA3\",\"BA4\",\"BA5\",\"BA6\",\"BA7\",\"BA8\",\"BA9\",\"BA10\",\"BA11\",\"BA12\",\"BA13\",\"BA14\",\"BA15\",\"BA16\",\"BA20\",\"BA21\",\"BA22\",\"BB1\",\"BB2\",\"BB3\",\"BB4\",\"BB5\",\"BB6\",\"BB7\",\"BB8\",\"BB9\",\"BB10\",\"BB11\",\"BB12\",\"BB18\",\"BD1\",\"BD2\",\"BD3\",\"BD4\",\"BD5\",\"BD6\",\"BD7\",\"BD8\",\"BD9\",\"BD10\",\"BD11\",\"BD12\",\"BD13\",\"BD14\",\"BD15\",\"BD16\",\"BD17\",\"BD18\",\"BD19\",\"BD20\",\"BD21\",\"BD22\",\"BD23\",\"BD24\",\"BH1\",\"BH2\",\"BH3\",\"BH4\",\"BH5\",\"BH6\",\"BH7\",\"BH8\",\"BH9\",\"BH10\",\"BH11\",\"BH12\",\"BH13\",\"BH14\",\"BH15\",\"BH16\",\"BH17\",\"BH18\",\"BH19\",\"BH20\",\"BH21\",\"BH22\",\"BH23\",\"BH24\",\"BH25\",\"BH31\",\"BL0\",\"BL1\",\"BL2\",\"BL3\",\"BL4\",\"BL5\",\"BL6\",\"BL7\",\"BL8\",\"BL9\",\"BN1\",\"BN2\",\"BN3\",\"BN5\",\"BN6\",\"BN7\",\"BN8\",\"BN9\",\"BN10\",\"BN11\",\"BN12\",\"BN13\",\"BN14\",\"BN15\",\"BN16\",\"BN17\",\"BN18\",\"BN20\",\"BN21\",\"BN22\",\"BN23\",\"BN24\",\"BN25\",\"BN26\",\"BN27\",\"BN41\",\"BN42\",\"BN43\",\"BN44\",\"BN45\",\"BR1\",\"BR2\",\"BR3\",\"BR4\",\"BR5\",\"BR6\",\"BR7\",\"BR8\",\"BS1\",\"BS2\",\"BS3\",\"BS4\",\"BS5\",\"BS6\",\"BS7\",\"BS8\",\"BS9\",\"BS10\",\"BS11\",\"BS13\",\"BS14\",\"BS15\",\"BS16\",\"BS20\",\"BS21\",\"BS22\",\"BS23\",\"BS24\",\"BS25\",\"BS26\",\"BS27\",\"BS28\",\"BS29\",\"BS30\",\"BS31\",\"BS32\",\"BS34\",\"BS35\",\"BS36\",\"BS37\",\"BS39\",\"BS40\",\"BS41\",\"BS48\",\"BS49\",\"CA1\",\"CA2\",\"CA3\",\"CA4\",\"CA5\",\"CA6\",\"CA7\",\"CA8\",\"CA9\",\"CA10\",\"CA11\",\"CA12\",\"CA13\",\"CA14\",\"CA15\",\"CA16\",\"CA17\",\"CA18\",\"CA19\",\"CA20\",\"CA21\",\"CA22\",\"CA23\",\"CA24\",\"CA25\",\"CA26\",\"CA27\",\"CA28\",\"CB1\",\"CB2\",\"CB3\",\"CB4\",\"CB5\",\"CB6\",\"CB7\",\"CB8\",\"CB9\",\"CB10\",\"CB11\",\"CB21\",\"CB22\",\"CB23\",\"CB24\",\"CB25\",\"CF3\",\"CF5\",\"CF10\",\"CF11\",\"CF14\",\"CF15\",\"CF23\",\"CF24\",\"CF31\",\"CF32\",\"CF33\",\"CF34\",\"CF35\",\"CF36\",\"CF37\",\"CF38\",\"CF39\",\"CF40\",\"CF41\",\"CF42\",\"CF43\",\"CF44\",\"CF45\",\"CF46\",\"CF47\",\"CF48\",\"CF61\",\"CF62\",\"CF63\",\"CF64\",\"CF71\",\"CF72\",\"CF81\",\"CF82\",\"CF83\",\"CH1\",\"CH2\",\"CH3\",\"CH4\",\"CH5\",\"CH6\",\"CH7\",\"CH8\",\"CH41\",\"CH42\",\"CH43\",\"CH44\",\"CH45\",\"CH46\",\"CH47\",\"CH48\",\"CH49\",\"CH60\",\"CH61\",\"CH62\",\"CH63\",\"CH64\",\"CH65\",\"CH66\",\"CM0\",\"CM1\",\"CM2\",\"CM3\",\"CM4\",\"CM5\",\"CM6\",\"CM7\",\"CM8\",\"CM9\",\"CM11\",\"CM12\",\"CM13\",\"CM14\",\"CM15\",\"CM16\",\"CM17\",\"CM18\",\"CM19\",\"CM20\",\"CM21\",\"CM22\",\"CM23\",\"CM24\",\"CM77\",\"CO1\",\"CO2\",\"CO3\",\"CO4\",\"CO5\",\"CO6\",\"CO7\",\"CO8\",\"CO9\",\"CO10\",\"CO11\",\"CO12\",\"CO13\",\"CO14\",\"CO15\",\"CO16\",\"CR0\",\"CR2\",\"CR3\",\"CR4\",\"CR5\",\"CR6\",\"CR7\",\"CR8\",\"CT1\",\"CT2\",\"CT3\",\"CT4\",\"CT5\",\"CT6\",\"CT7\",\"CT8\",\"CT9\",\"CT10\",\"CT11\",\"CT12\",\"CT13\",\"CT14\",\"CT15\",\"CT16\",\"CT17\",\"CT18\",\"CT19\",\"CT20\",\"CT21\",\"CV1\",\"CV2\",\"CV3\",\"CV4\",\"CV5\",\"CV6\",\"CV7\",\"CV8\",\"CV9\",\"CV10\",\"CV11\",\"CV12\",\"CV13\",\"CV21\",\"CV22\",\"CV23\",\"CV31\",\"CV32\",\"CV33\",\"CV34\",\"CV35\",\"CV36\",\"CV37\",\"CV47\",\"CW1\",\"CW2\",\"CW3\",\"CW4\",\"CW5\",\"CW6\",\"CW7\",\"CW8\",\"CW9\",\"CW10\",\"CW11\",\"CW12\",\"DA1\",\"DA2\",\"DA3\",\"DA4\",\"DA5\",\"DA6\",\"DA7\",\"DA8\",\"DA9\",\"DA10\",\"DA11\",\"DA12\",\"DA13\",\"DA14\",\"DA15\",\"DA16\",\"DA17\",\"DA18\",\"DD1\",\"DD2\",\"DD3\",\"DD4\",\"DD5\",\"DD6\",\"DD7\",\"DD8\",\"DD9\",\"DD10\",\"DD11\",\"DE1\",\"DE3\",\"DE4\",\"DE5\",\"DE6\",\"DE7\",\"DE11\",\"DE12\",\"DE13\",\"DE14\",\"DE15\",\"DE21\",\"DE22\",\"DE23\",\"DE24\",\"DE45\",\"DE55\",\"DE56\",\"DE65\",\"DE72\",\"DE73\",\"DE74\",\"DE75\",\"DG1\",\"DG2\",\"DG3\",\"DG4\",\"DG5\",\"DG6\",\"DG7\",\"DG8\",\"DG9\",\"DG10\",\"DG11\",\"DG12\",\"DG13\",\"DG14\",\"DG16\",\"DH1\",\"DH2\",\"DH3\",\"DH4\",\"DH5\",\"DH6\",\"DH7\",\"DH8\",\"DH9\",\"DL1\",\"DL2\",\"DL3\",\"DL4\",\"DL5\",\"DL6\",\"DL7\",\"DL8\",\"DL9\",\"DL10\",\"DL11\",\"DL12\",\"DL13\",\"DL14\",\"DL15\",\"DL16\",\"DL17\",\"DN1\",\"DN2\",\"DN3\",\"DN4\",\"DN5\",\"DN6\",\"DN7\",\"DN8\",\"DN9\",\"DN10\",\"DN11\",\"DN12\",\"DN14\",\"DN15\",\"DN16\",\"DN17\",\"DN18\",\"DN19\",\"DN20\",\"DN21\",\"DN22\",\"DN31\",\"DN32\",\"DN33\",\"DN34\",\"DN35\",\"DN36\",\"DN37\",\"DN38\",\"DN39\",\"DN40\",\"DN41\",\"DT1\",\"DT2\",\"DT3\",\"DT4\",\"DT5\",\"DT6\",\"DT7\",\"DT8\",\"DT9\",\"DT10\",\"DT11\",\"DY1\",\"DY2\",\"DY3\",\"DY4\",\"DY5\",\"DY6\",\"DY7\",\"DY8\",\"DY9\",\"DY10\",\"DY11\",\"DY12\",\"DY13\",\"DY14\",\"E2\",\"E3\",\"E4\",\"E5\",\"E6\",\"E7\",\"E8\",\"E9\",\"E10\",\"E11\",\"E12\",\"E13\",\"E14\",\"E15\",\"E16\",\"E17\",\"E18\",\"E20\",\"E1\",\"E1W\",\"EC1A\",\"EC1M\",\"EC1N\",\"EC1R\",\"EC1V\",\"EC1Y\",\"EC2A\",\"EC2M\",\"EC2N\",\"EC2R\",\"EC2V\",\"EC2Y\",\"EC3A\",\"EC3M\",\"EC3N\",\"EC3R\",\"EC3V\",\"EC4A\",\"EC4M\",\"EC4N\",\"EC4R\",\"EC4V\",\"EC4Y\",\"EH1\",\"EH2\",\"EH3\",\"EH4\",\"EH5\",\"EH6\",\"EH7\",\"EH8\",\"EH9\",\"EH10\",\"EH11\",\"EH12\",\"EH13\",\"EH14\",\"EH15\",\"EH16\",\"EH17\",\"EH18\",\"EH19\",\"EH20\",\"EH21\",\"EH22\",\"EH23\",\"EH24\",\"EH25\",\"EH26\",\"EH27\",\"EH28\",\"EH29\",\"EH30\",\"EH31\",\"EH32\",\"EH33\",\"EH34\",\"EH35\",\"EH36\",\"EH37\",\"EH38\",\"EH39\",\"EH40\",\"EH41\",\"EH42\",\"EH43\",\"EH44\",\"EH45\",\"EH46\",\"EH47\",\"EH48\",\"EH49\",\"EH51\",\"EH52\",\"EH53\",\"EH54\",\"EH55\",\"EN1\",\"EN2\",\"EN3\",\"EN4\",\"EN5\",\"EN6\",\"EN7\",\"EN8\",\"EN9\",\"EN10\",\"EN11\",\"EX1\",\"EX2\",\"EX3\",\"EX4\",\"EX5\",\"EX6\",\"EX7\",\"EX8\",\"EX9\",\"EX10\",\"EX11\",\"EX12\",\"EX13\",\"EX14\",\"EX15\",\"EX16\",\"EX17\",\"EX18\",\"EX19\",\"EX20\",\"EX21\",\"EX22\",\"EX23\",\"EX24\",\"EX31\",\"EX32\",\"EX33\",\"EX34\",\"EX35\",\"EX36\",\"EX37\",\"EX38\",\"EX39\",\"FK1\",\"FK2\",\"FK3\",\"FK4\",\"FK5\",\"FK6\",\"FK7\",\"FK8\",\"FK9\",\"FK10\",\"FK11\",\"FK12\",\"FK13\",\"FK14\",\"FK15\",\"FK16\",\"FK17\",\"FK18\",\"FK19\",\"FK20\",\"FK21\",\"FY1\",\"FY2\",\"FY3\",\"FY4\",\"FY5\",\"FY6\",\"FY7\",\"FY8\",\"G1\",\"G2\",\"G3\",\"G4\",\"G5\",\"G11\",\"G12\",\"G13\",\"G14\",\"G15\",\"G20\",\"G21\",\"G22\",\"G23\",\"G31\",\"G32\",\"G33\",\"G34\",\"G40\",\"G41\",\"G42\",\"G43\",\"G44\",\"G45\",\"G46\",\"G51\",\"G52\",\"G53\",\"G60\",\"G61\",\"G62\",\"G63\",\"G64\",\"G65\",\"G66\",\"G67\",\"G68\",\"G69\",\"G71\",\"G72\",\"G73\",\"G74\",\"G75\",\"G76\",\"G77\",\"G78\",\"G81\",\"G82\",\"G83\",\"G84\",\"GL1\",\"GL2\",\"GL3\",\"GL4\",\"GL5\",\"GL6\",\"GL7\",\"GL8\",\"GL9\",\"GL10\",\"GL11\",\"GL12\",\"GL13\",\"GL14\",\"GL15\",\"GL16\",\"GL17\",\"GL18\",\"GL19\",\"GL20\",\"GL50\",\"GL51\",\"GL52\",\"GL53\",\"GL54\",\"GL55\",\"GL56\",\"GU1\",\"GU2\",\"GU3\",\"GU4\",\"GU5\",\"GU6\",\"GU7\",\"GU8\",\"GU9\",\"GU10\",\"GU11\",\"GU12\",\"GU14\",\"GU15\",\"GU16\",\"GU17\",\"GU18\",\"GU19\",\"GU20\",\"GU21\",\"GU22\",\"GU23\",\"GU24\",\"GU25\",\"GU26\",\"GU27\",\"GU28\",\"GU29\",\"GU30\",\"GU31\",\"GU32\",\"GU33\",\"GU34\",\"GU35\",\"GU46\",\"GU47\",\"GU51\",\"GU52\",\"HA0\",\"HA1\",\"HA2\",\"HA3\",\"HA4\",\"HA5\",\"HA6\",\"HA7\",\"HA8\",\"HA9\",\"HD1\",\"HD2\",\"HD3\",\"HD4\",\"HD5\",\"HD6\",\"HD7\",\"HD8\",\"HD9\",\"HG1\",\"HG2\",\"HG3\",\"HG4\",\"HG5\",\"HP1\",\"HP2\",\"HP3\",\"HP4\",\"HP5\",\"HP6\",\"HP7\",\"HP8\",\"HP9\",\"HP10\",\"HP11\",\"HP12\",\"HP13\",\"HP14\",\"HP15\",\"HP16\",\"HP17\",\"HP18\",\"HP19\",\"HP20\",\"HP21\",\"HP22\",\"HP23\",\"HP27\",\"HR1\",\"HR2\",\"HR3\",\"HR4\",\"HR5\",\"HR6\",\"HR7\",\"HR8\",\"HR9\",\"HS1\",\"HS2\",\"HS3\",\"HS4\",\"HS5\",\"HS6\",\"HS7\",\"HS8\",\"HS9\",\"HU1\",\"HU2\",\"HU3\",\"HU4\",\"HU5\",\"HU6\",\"HU7\",\"HU8\",\"HU9\",\"HU10\",\"HU11\",\"HU12\",\"HU13\",\"HU14\",\"HU15\",\"HU16\",\"HU17\",\"HU18\",\"HU19\",\"HU20\",\"HX1\",\"HX2\",\"HX3\",\"HX4\",\"HX5\",\"HX6\",\"HX7\",\"IG1\",\"IG2\",\"IG3\",\"IG4\",\"IG5\",\"IG6\",\"IG7\",\"IG8\",\"IG9\",\"IG10\",\"IG11\",\"IP1\",\"IP2\",\"IP3\",\"IP4\",\"IP5\",\"IP6\",\"IP7\",\"IP8\",\"IP9\",\"IP10\",\"IP11\",\"IP12\",\"IP13\",\"IP14\",\"IP15\",\"IP16\",\"IP17\",\"IP18\",\"IP19\",\"IP20\",\"IP21\",\"IP22\",\"IP23\",\"IP24\",\"IP25\",\"IP26\",\"IP27\",\"IP28\",\"IP29\",\"IP30\",\"IP31\",\"IP32\",\"IP33\",\"IV1\",\"IV2\",\"IV3\",\"IV4\",\"IV5\",\"IV6\",\"IV7\",\"IV8\",\"IV9\",\"IV10\",\"IV11\",\"IV12\",\"IV13\",\"IV14\",\"IV15\",\"IV16\",\"IV17\",\"IV18\",\"IV19\",\"IV20\",\"IV21\",\"IV22\",\"IV23\",\"IV24\",\"IV25\",\"IV26\",\"IV27\",\"IV28\",\"IV30\",\"IV31\",\"IV32\",\"IV36\",\"IV40\",\"IV41\",\"IV42\",\"IV43\",\"IV44\",\"IV45\",\"IV46\",\"IV47\",\"IV48\",\"IV49\",\"IV51\",\"IV52\",\"IV53\",\"IV54\",\"IV55\",\"IV56\",\"IV63\",\"KA1\",\"KA2\",\"KA3\",\"KA4\",\"KA5\",\"KA6\",\"KA7\",\"KA8\",\"KA9\",\"KA10\",\"KA11\",\"KA12\",\"KA13\",\"KA14\",\"KA15\",\"KA16\",\"KA17\",\"KA18\",\"KA19\",\"KA20\",\"KA21\",\"KA22\",\"KA23\",\"KA24\",\"KA25\",\"KA26\",\"KA27\",\"KA28\",\"KA29\",\"KA30\",\"KT1\",\"KT2\",\"KT3\",\"KT4\",\"KT5\",\"KT6\",\"KT7\",\"KT8\",\"KT9\",\"KT10\",\"KT11\",\"KT12\",\"KT13\",\"KT14\",\"KT15\",\"KT16\",\"KT17\",\"KT18\",\"KT19\",\"KT20\",\"KT21\",\"KT22\",\"KT23\",\"KT24\",\"KW1\",\"KW2\",\"KW3\",\"KW5\",\"KW6\",\"KW7\",\"KW8\",\"KW9\",\"KW10\",\"KW11\",\"KW12\",\"KW13\",\"KW14\",\"KW15\",\"KW16\",\"KW17\",\"KY1\",\"KY2\",\"KY3\",\"KY4\",\"KY5\",\"KY6\",\"KY7\",\"KY8\",\"KY9\",\"KY10\",\"KY11\",\"KY12\",\"KY13\",\"KY14\",\"KY15\",\"KY16\",\"L1\",\"L2\",\"L3\",\"L4\",\"L5\",\"L6\",\"L7\",\"L8\",\"L9\",\"L10\",\"L11\",\"L12\",\"L13\",\"L14\",\"L15\",\"L16\",\"L17\",\"L18\",\"L19\",\"L20\",\"L21\",\"L22\",\"L23\",\"L24\",\"L25\",\"L26\",\"L27\",\"L28\",\"L29\",\"L30\",\"L31\",\"L32\",\"L33\",\"L34\",\"L35\",\"L36\",\"L37\",\"L38\",\"L39\",\"L40\",\"LA1\",\"LA2\",\"LA3\",\"LA4\",\"LA5\",\"LA6\",\"LA7\",\"LA8\",\"LA9\",\"LA10\",\"LA11\",\"LA12\",\"LA13\",\"LA14\",\"LA15\",\"LA16\",\"LA17\",\"LA18\",\"LA19\",\"LA20\",\"LA21\",\"LA22\",\"LA23\",\"LD1\",\"LD2\",\"LD3\",\"LD4\",\"LD5\",\"LD6\",\"LD7\",\"LD8\",\"LE1\",\"LE2\",\"LE3\",\"LE4\",\"LE5\",\"LE6\",\"LE7\",\"LE8\",\"LE9\",\"LE10\",\"LE11\",\"LE12\",\"LE13\",\"LE14\",\"LE15\",\"LE16\",\"LE17\",\"LE18\",\"LE19\",\"LE65\",\"LE67\",\"LL11\",\"LL12\",\"LL13\",\"LL14\",\"LL15\",\"LL16\",\"LL17\",\"LL18\",\"LL19\",\"LL20\",\"LL21\",\"LL22\",\"LL23\",\"LL24\",\"LL25\",\"LL26\",\"LL27\",\"LL28\",\"LL29\",\"LL30\",\"LL31\",\"LL32\",\"LL33\",\"LL34\",\"LL35\",\"LL36\",\"LL37\",\"LL38\",\"LL39\",\"LL40\",\"LL41\",\"LL42\",\"LL43\",\"LL44\",\"LL45\",\"LL46\",\"LL47\",\"LL48\",\"LL49\",\"LL51\",\"LL52\",\"LL53\",\"LL54\",\"LL55\",\"LL56\",\"LL57\",\"LL58\",\"LL59\",\"LL60\",\"LL61\",\"LL62\",\"LL63\",\"LL64\",\"LL65\",\"LL66\",\"LL67\",\"LL68\",\"LL69\",\"LL70\",\"LL71\",\"LL72\",\"LL73\",\"LL74\",\"LL75\",\"LL76\",\"LL77\",\"LL78\",\"LN1\",\"LN2\",\"LN3\",\"LN4\",\"LN5\",\"LN6\",\"LN7\",\"LN8\",\"LN9\",\"LN10\",\"LN11\",\"LN12\",\"LN13\",\"LS1\",\"LS2\",\"LS3\",\"LS4\",\"LS5\",\"LS6\",\"LS7\",\"LS8\",\"LS9\",\"LS10\",\"LS11\",\"LS12\",\"LS13\",\"LS14\",\"LS15\",\"LS16\",\"LS17\",\"LS18\",\"LS19\",\"LS20\",\"LS21\",\"LS22\",\"LS23\",\"LS24\",\"LS25\",\"LS26\",\"LS27\",\"LS28\",\"LS29\",\"LU1\",\"LU2\",\"LU3\",\"LU4\",\"LU5\",\"LU6\",\"LU7\",\"M1\",\"M2\",\"M3\",\"M4\",\"M5\",\"M6\",\"M7\",\"M8\",\"M9\",\"M11\",\"M12\",\"M13\",\"M14\",\"M15\",\"M16\",\"M17\",\"M18\",\"M19\",\"M20\",\"M21\",\"M22\",\"M23\",\"M24\",\"M25\",\"M26\",\"M27\",\"M28\",\"M29\",\"M30\",\"M31\",\"M32\",\"M33\",\"M34\",\"M35\",\"M38\",\"M40\",\"M41\",\"M43\",\"M44\",\"M45\",\"M46\",\"M50\",\"M90\",\"ME1\",\"ME2\",\"ME3\",\"ME4\",\"ME5\",\"ME6\",\"ME7\",\"ME8\",\"ME9\",\"ME10\",\"ME11\",\"ME12\",\"ME13\",\"ME14\",\"ME15\",\"ME16\",\"ME17\",\"ME18\",\"ME19\",\"ME20\",\"MK1\",\"MK2\",\"MK3\",\"MK4\",\"MK5\",\"MK6\",\"MK7\",\"MK8\",\"MK9\",\"MK10\",\"MK11\",\"MK12\",\"MK13\",\"MK14\",\"MK15\",\"MK16\",\"MK17\",\"MK18\",\"MK19\",\"MK40\",\"MK41\",\"MK42\",\"MK43\",\"MK44\",\"MK45\",\"MK46\",\"ML1\",\"ML2\",\"ML3\",\"ML4\",\"ML5\",\"ML6\",\"ML7\",\"ML8\",\"ML9\",\"ML10\",\"ML11\",\"ML12\",\"N2\",\"N3\",\"N4\",\"N5\",\"N6\",\"N7\",\"N8\",\"N9\",\"N10\",\"N11\",\"N12\",\"N13\",\"N14\",\"N15\",\"N16\",\"N17\",\"N18\",\"N19\",\"N20\",\"N21\",\"N22\",\"N1\",\"N1C\",\"NE1\",\"NE2\",\"NE3\",\"NE4\",\"NE5\",\"NE6\",\"NE7\",\"NE8\",\"NE9\",\"NE10\",\"NE11\",\"NE12\",\"NE13\",\"NE15\",\"NE16\",\"NE17\",\"NE18\",\"NE19\",\"NE20\",\"NE21\",\"NE22\",\"NE23\",\"NE24\",\"NE25\",\"NE26\",\"NE27\",\"NE28\",\"NE29\",\"NE30\",\"NE31\",\"NE32\",\"NE33\",\"NE34\",\"NE35\",\"NE36\",\"NE37\",\"NE38\",\"NE39\",\"NE40\",\"NE41\",\"NE42\",\"NE43\",\"NE44\",\"NE45\",\"NE46\",\"NE47\",\"NE48\",\"NE49\",\"NE61\",\"NE62\",\"NE63\",\"NE64\",\"NE65\",\"NE66\",\"NE67\",\"NE68\",\"NE69\",\"NE70\",\"NE71\",\"NG1\",\"NG2\",\"NG3\",\"NG4\",\"NG5\",\"NG6\",\"NG7\",\"NG8\",\"NG9\",\"NG10\",\"NG11\",\"NG12\",\"NG13\",\"NG14\",\"NG15\",\"NG16\",\"NG17\",\"NG18\",\"NG19\",\"NG20\",\"NG21\",\"NG22\",\"NG23\",\"NG24\",\"NG25\",\"NG31\",\"NG32\",\"NG33\",\"NG34\",\"NG90\",\"NN1\",\"NN2\",\"NN3\",\"NN4\",\"NN5\",\"NN6\",\"NN7\",\"NN8\",\"NN9\",\"NN10\",\"NN11\",\"NN12\",\"NN13\",\"NN14\",\"NN15\",\"NN16\",\"NN17\",\"NN18\",\"NN29\",\"NP4\",\"NP7\",\"NP8\",\"NP10\",\"NP11\",\"NP12\",\"NP13\",\"NP15\",\"NP16\",\"NP18\",\"NP19\",\"NP20\",\"NP22\",\"NP23\",\"NP24\",\"NP25\",\"NP26\",\"NP44\",\"NR1\",\"NR2\",\"NR3\",\"NR4\",\"NR5\",\"NR6\",\"NR7\",\"NR8\",\"NR9\",\"NR10\",\"NR11\",\"NR12\",\"NR13\",\"NR14\",\"NR15\",\"NR16\",\"NR17\",\"NR18\",\"NR19\",\"NR20\",\"NR21\",\"NR22\",\"NR23\",\"NR24\",\"NR25\",\"NR26\",\"NR27\",\"NR28\",\"NR29\",\"NR30\",\"NR31\",\"NR32\",\"NR33\",\"NR34\",\"NR35\",\"NW1\",\"NW2\",\"NW3\",\"NW4\",\"NW5\",\"NW6\",\"NW7\",\"NW8\",\"NW9\",\"NW10\",\"NW11\",\"OL1\",\"OL2\",\"OL3\",\"OL4\",\"OL5\",\"OL6\",\"OL7\",\"OL8\",\"OL9\",\"OL10\",\"OL11\",\"OL12\",\"OL13\",\"OL14\",\"OL15\",\"OL16\",\"OX1\",\"OX2\",\"OX3\",\"OX4\",\"OX5\",\"OX7\",\"OX9\",\"OX10\",\"OX11\",\"OX12\",\"OX13\",\"OX14\",\"OX15\",\"OX16\",\"OX17\",\"OX18\",\"OX20\",\"OX25\",\"OX26\",\"OX27\",\"OX28\",\"OX29\",\"OX33\",\"OX39\",\"OX44\",\"OX49\",\"PA1\",\"PA2\",\"PA3\",\"PA4\",\"PA5\",\"PA6\",\"PA7\",\"PA8\",\"PA9\",\"PA10\",\"PA11\",\"PA12\",\"PA13\",\"PA14\",\"PA15\",\"PA16\",\"PA17\",\"PA18\",\"PA19\",\"PA20\",\"PA21\",\"PA22\",\"PA23\",\"PA24\",\"PA25\",\"PA26\",\"PA27\",\"PA28\",\"PA29\",\"PA30\",\"PA31\",\"PA32\",\"PA33\",\"PA34\",\"PA35\",\"PA36\",\"PA37\",\"PA38\",\"PA41\",\"PA42\",\"PA43\",\"PA44\",\"PA45\",\"PA46\",\"PA47\",\"PA48\",\"PA49\",\"PA60\",\"PA61\",\"PA62\",\"PA63\",\"PA64\",\"PA65\",\"PA66\",\"PA67\",\"PA68\",\"PA69\",\"PA70\",\"PA71\",\"PA72\",\"PA73\",\"PA74\",\"PA75\",\"PA76\",\"PA77\",\"PA78\",\"PA80\",\"PE1\",\"PE2\",\"PE3\",\"PE4\",\"PE5\",\"PE6\",\"PE7\",\"PE8\",\"PE9\",\"PE10\",\"PE11\",\"PE12\",\"PE13\",\"PE14\",\"PE15\",\"PE16\",\"PE19\",\"PE20\",\"PE21\",\"PE22\",\"PE23\",\"PE24\",\"PE25\",\"PE26\",\"PE27\",\"PE28\",\"PE29\",\"PE30\",\"PE31\",\"PE32\",\"PE33\",\"PE34\",\"PE35\",\"PE36\",\"PE37\",\"PE38\",\"PH1\",\"PH2\",\"PH3\",\"PH4\",\"PH5\",\"PH6\",\"PH7\",\"PH8\",\"PH9\",\"PH10\",\"PH11\",\"PH12\",\"PH13\",\"PH14\",\"PH15\",\"PH16\",\"PH17\",\"PH18\",\"PH19\",\"PH20\",\"PH21\",\"PH22\",\"PH23\",\"PH24\",\"PH25\",\"PH26\",\"PH30\",\"PH31\",\"PH32\",\"PH33\",\"PH34\",\"PH35\",\"PH36\",\"PH37\",\"PH38\",\"PH39\",\"PH40\",\"PH41\",\"PH42\",\"PH43\",\"PH44\",\"PH49\",\"PH50\",\"PL1\",\"PL2\",\"PL3\",\"PL4\",\"PL5\",\"PL6\",\"PL7\",\"PL8\",\"PL9\",\"PL10\",\"PL11\",\"PL12\",\"PL13\",\"PL14\",\"PL15\",\"PL16\",\"PL17\",\"PL18\",\"PL19\",\"PL20\",\"PL21\",\"PL22\",\"PL23\",\"PL24\",\"PL25\",\"PL26\",\"PL27\",\"PL28\",\"PL29\",\"PL30\",\"PL31\",\"PL32\",\"PL33\",\"PL34\",\"PL35\",\"PO1\",\"PO2\",\"PO3\",\"PO4\",\"PO5\",\"PO6\",\"PO7\",\"PO8\",\"PO9\",\"PO10\",\"PO11\",\"PO12\",\"PO13\",\"PO14\",\"PO15\",\"PO16\",\"PO17\",\"PO18\",\"PO19\",\"PO20\",\"PO21\",\"PO22\",\"PO30\",\"PO31\",\"PO32\",\"PO33\",\"PO34\",\"PO35\",\"PO36\",\"PO37\",\"PO38\",\"PO39\",\"PO40\",\"PO41\",\"PR1\",\"PR2\",\"PR3\",\"PR4\",\"PR5\",\"PR6\",\"PR7\",\"PR8\",\"PR9\",\"PR25\",\"PR26\",\"RG1\",\"RG2\",\"RG4\",\"RG5\",\"RG6\",\"RG7\",\"RG8\",\"RG9\",\"RG10\",\"RG12\",\"RG14\",\"RG17\",\"RG18\",\"RG19\",\"RG20\",\"RG21\",\"RG22\",\"RG23\",\"RG24\",\"RG25\",\"RG26\",\"RG27\",\"RG28\",\"RG29\",\"RG30\",\"RG31\",\"RG40\",\"RG41\",\"RG42\",\"RG45\",\"RH1\",\"RH2\",\"RH3\",\"RH4\",\"RH5\",\"RH6\",\"RH7\",\"RH8\",\"RH9\",\"RH10\",\"RH11\",\"RH12\",\"RH13\",\"RH14\",\"RH15\",\"RH16\",\"RH17\",\"RH18\",\"RH19\",\"RH20\",\"RM1\",\"RM2\",\"RM3\",\"RM4\",\"RM5\",\"RM6\",\"RM7\",\"RM8\",\"RM9\",\"RM10\",\"RM11\",\"RM12\",\"RM13\",\"RM14\",\"RM15\",\"RM16\",\"RM17\",\"RM18\",\"RM19\",\"RM20\",\"S1\",\"S2\",\"S3\",\"S4\",\"S5\",\"S6\",\"S7\",\"S8\",\"S9\",\"S10\",\"S11\",\"S12\",\"S13\",\"S14\",\"S17\",\"S18\",\"S20\",\"S21\",\"S25\",\"S26\",\"S32\",\"S33\",\"S35\",\"S36\",\"S40\",\"S41\",\"S42\",\"S43\",\"S44\",\"S45\",\"S60\",\"S61\",\"S62\",\"S63\",\"S64\",\"S65\",\"S66\",\"S70\",\"S71\",\"S72\",\"S73\",\"S74\",\"S75\",\"S80\",\"S81\",\"SA1\",\"SA2\",\"SA3\",\"SA4\",\"SA5\",\"SA6\",\"SA7\",\"SA8\",\"SA9\",\"SA10\",\"SA11\",\"SA12\",\"SA13\",\"SA14\",\"SA15\",\"SA16\",\"SA17\",\"SA18\",\"SA19\",\"SA20\",\"SA31\",\"SA32\",\"SA33\",\"SA34\",\"SA35\",\"SA36\",\"SA37\",\"SA38\",\"SA39\",\"SA40\",\"SA41\",\"SA42\",\"SA43\",\"SA44\",\"SA45\",\"SA46\",\"SA47\",\"SA48\",\"SA61\",\"SA62\",\"SA63\",\"SA64\",\"SA65\",\"SA66\",\"SA67\",\"SA68\",\"SA69\",\"SA70\",\"SA71\",\"SA72\",\"SA73\",\"SE1\",\"SE2\",\"SE3\",\"SE4\",\"SE5\",\"SE6\",\"SE7\",\"SE8\",\"SE9\",\"SE10\",\"SE11\",\"SE12\",\"SE13\",\"SE14\",\"SE15\",\"SE16\",\"SE17\",\"SE18\",\"SE19\",\"SE20\",\"SE21\",\"SE22\",\"SE23\",\"SE24\",\"SE25\",\"SE26\",\"SE27\",\"SE28\",\"SG1\",\"SG2\",\"SG3\",\"SG4\",\"SG5\",\"SG6\",\"SG7\",\"SG8\",\"SG9\",\"SG10\",\"SG11\",\"SG12\",\"SG13\",\"SG14\",\"SG15\",\"SG16\",\"SG17\",\"SG18\",\"SG19\",\"SK1\",\"SK2\",\"SK3\",\"SK4\",\"SK5\",\"SK6\",\"SK7\",\"SK8\",\"SK9\",\"SK10\",\"SK11\",\"SK12\",\"SK13\",\"SK14\",\"SK15\",\"SK16\",\"SK17\",\"SK22\",\"SK23\",\"SL0\",\"SL1\",\"SL2\",\"SL3\",\"SL4\",\"SL5\",\"SL6\",\"SL7\",\"SL8\",\"SL9\",\"SM1\",\"SM2\",\"SM3\",\"SM4\",\"SM5\",\"SM6\",\"SM7\",\"SN1\",\"SN2\",\"SN3\",\"SN4\",\"SN5\",\"SN6\",\"SN7\",\"SN8\",\"SN9\",\"SN10\",\"SN11\",\"SN12\",\"SN13\",\"SN14\",\"SN15\",\"SN16\",\"SN25\",\"SN26\",\"SO14\",\"SO15\",\"SO16\",\"SO17\",\"SO18\",\"SO19\",\"SO20\",\"SO21\",\"SO22\",\"SO23\",\"SO24\",\"SO30\",\"SO31\",\"SO32\",\"SO40\",\"SO41\",\"SO42\",\"SO43\",\"SO45\",\"SO50\",\"SO51\",\"SO52\",\"SO53\",\"SP1\",\"SP2\",\"SP3\",\"SP4\",\"SP5\",\"SP6\",\"SP7\",\"SP8\",\"SP9\",\"SP10\",\"SP11\",\"SR1\",\"SR2\",\"SR3\",\"SR4\",\"SR5\",\"SR6\",\"SR7\",\"SR8\",\"SS0\",\"SS1\",\"SS2\",\"SS3\",\"SS4\",\"SS5\",\"SS6\",\"SS7\",\"SS8\",\"SS9\",\"SS11\",\"SS12\",\"SS13\",\"SS14\",\"SS15\",\"SS16\",\"SS17\",\"ST1\",\"ST2\",\"ST3\",\"ST4\",\"ST5\",\"ST6\",\"ST7\",\"ST8\",\"ST9\",\"ST10\",\"ST11\",\"ST12\",\"ST13\",\"ST14\",\"ST15\",\"ST16\",\"ST17\",\"ST18\",\"ST19\",\"ST20\",\"ST21\",\"SW2\",\"SW3\",\"SW4\",\"SW5\",\"SW6\",\"SW7\",\"SW8\",\"SW9\",\"SW10\",\"SW11\",\"SW12\",\"SW13\",\"SW14\",\"SW15\",\"SW16\",\"SW17\",\"SW18\",\"SW19\",\"SW20\",\"SW1A\",\"SW1E\",\"SW1H\",\"SW1P\",\"SW1V\",\"SW1W\",\"SW1X\",\"SW1Y\",\"SY1\",\"SY2\",\"SY3\",\"SY4\",\"SY5\",\"SY6\",\"SY7\",\"SY8\",\"SY9\",\"SY10\",\"SY11\",\"SY12\",\"SY13\",\"SY14\",\"SY15\",\"SY16\",\"SY17\",\"SY18\",\"SY19\",\"SY20\",\"SY21\",\"SY22\",\"SY23\",\"SY24\",\"SY25\",\"TA1\",\"TA2\",\"TA3\",\"TA4\",\"TA5\",\"TA6\",\"TA7\",\"TA8\",\"TA9\",\"TA10\",\"TA11\",\"TA12\",\"TA13\",\"TA14\",\"TA15\",\"TA16\",\"TA17\",\"TA18\",\"TA19\",\"TA20\",\"TA21\",\"TA22\",\"TA23\",\"TA24\",\"TD1\",\"TD2\",\"TD3\",\"TD4\",\"TD5\",\"TD6\",\"TD7\",\"TD8\",\"TD9\",\"TD10\",\"TD11\",\"TD12\",\"TD13\",\"TD14\",\"TD15\",\"TF1\",\"TF2\",\"TF3\",\"TF4\",\"TF5\",\"TF6\",\"TF7\",\"TF8\",\"TF9\",\"TF10\",\"TF11\",\"TF12\",\"TF13\",\"TN1\",\"TN2\",\"TN3\",\"TN4\",\"TN5\",\"TN6\",\"TN7\",\"TN8\",\"TN9\",\"TN10\",\"TN11\",\"TN12\",\"TN13\",\"TN14\",\"TN15\",\"TN16\",\"TN17\",\"TN18\",\"TN19\",\"TN20\",\"TN21\",\"TN22\",\"TN23\",\"TN24\",\"TN25\",\"TN26\",\"TN27\",\"TN28\",\"TN29\",\"TN30\",\"TN31\",\"TN32\",\"TN33\",\"TN34\",\"TN35\",\"TN36\",\"TN37\",\"TN38\",\"TN39\",\"TN40\",\"TQ1\",\"TQ2\",\"TQ3\",\"TQ4\",\"TQ5\",\"TQ6\",\"TQ7\",\"TQ8\",\"TQ9\",\"TQ10\",\"TQ11\",\"TQ12\",\"TQ13\",\"TQ14\",\"TR1\",\"TR2\",\"TR3\",\"TR4\",\"TR5\",\"TR6\",\"TR7\",\"TR8\",\"TR9\",\"TR10\",\"TR11\",\"TR12\",\"TR13\",\"TR14\",\"TR15\",\"TR16\",\"TR17\",\"TR18\",\"TR19\",\"TR20\",\"TR21\",\"TR22\",\"TR23\",\"TR24\",\"TR25\",\"TR26\",\"TR27\",\"TS1\",\"TS2\",\"TS3\",\"TS4\",\"TS5\",\"TS6\",\"TS7\",\"TS8\",\"TS9\",\"TS10\",\"TS11\",\"TS12\",\"TS13\",\"TS14\",\"TS15\",\"TS16\",\"TS17\",\"TS18\",\"TS19\",\"TS20\",\"TS21\",\"TS22\",\"TS23\",\"TS24\",\"TS25\",\"TS26\",\"TS27\",\"TS28\",\"TS29\",\"TW1\",\"TW2\",\"TW3\",\"TW4\",\"TW5\",\"TW6\",\"TW7\",\"TW8\",\"TW9\",\"TW10\",\"TW11\",\"TW12\",\"TW13\",\"TW14\",\"TW15\",\"TW16\",\"TW17\",\"TW18\",\"TW19\",\"TW20\",\"UB1\",\"UB2\",\"UB3\",\"UB4\",\"UB5\",\"UB6\",\"UB7\",\"UB8\",\"UB9\",\"UB10\",\"UB11\",\"W2\",\"W3\",\"W4\",\"W5\",\"W6\",\"W7\",\"W8\",\"W9\",\"W10\",\"W11\",\"W12\",\"W13\",\"W14\",\"W1B\",\"W1C\",\"W1D\",\"W1F\",\"W1G\",\"W1H\",\"W1J\",\"W1K\",\"W1S\",\"W1T\",\"W1U\",\"W1W\",\"WA1\",\"WA2\",\"WA3\",\"WA4\",\"WA5\",\"WA6\",\"WA7\",\"WA8\",\"WA9\",\"WA10\",\"WA11\",\"WA12\",\"WA13\",\"WA14\",\"WA15\",\"WA16\",\"WC1A\",\"WC1B\",\"WC1E\",\"WC1H\",\"WC1N\",\"WC1R\",\"WC1V\",\"WC1X\",\"WC2A\",\"WC2B\",\"WC2E\",\"WC2H\",\"WC2N\",\"WC2R\",\"WD3\",\"WD4\",\"WD5\",\"WD6\",\"WD7\",\"WD17\",\"WD18\",\"WD19\",\"WD23\",\"WD24\",\"WD25\",\"WF1\",\"WF2\",\"WF3\",\"WF4\",\"WF5\",\"WF6\",\"WF7\",\"WF8\",\"WF9\",\"WF10\",\"WF11\",\"WF12\",\"WF13\",\"WF14\",\"WF15\",\"WF16\",\"WF17\",\"WN1\",\"WN2\",\"WN3\",\"WN4\",\"WN5\",\"WN6\",\"WN7\",\"WN8\",\"WR1\",\"WR2\",\"WR3\",\"WR4\",\"WR5\",\"WR6\",\"WR7\",\"WR8\",\"WR9\",\"WR10\",\"WR11\",\"WR12\",\"WR13\",\"WR14\",\"WR15\",\"WS1\",\"WS2\",\"WS3\",\"WS4\",\"WS5\",\"WS6\",\"WS7\",\"WS8\",\"WS9\",\"WS10\",\"WS11\",\"WS12\",\"WS13\",\"WS14\",\"WS15\",\"WV1\",\"WV2\",\"WV3\",\"WV4\",\"WV5\",\"WV6\",\"WV7\",\"WV8\",\"WV9\",\"WV10\",\"WV11\",\"WV12\",\"WV13\",\"WV14\",\"WV15\",\"WV16\",\"YO1\",\"YO7\",\"YO8\",\"YO10\",\"YO11\",\"YO12\",\"YO13\",\"YO14\",\"YO15\",\"YO16\",\"YO17\",\"YO18\",\"YO19\",\"YO21\",\"YO22\",\"YO23\",\"YO24\",\"YO25\",\"YO26\",\"YO30\",\"YO31\",\"YO32\",\"YO41\",\"YO42\",\"YO43\",\"YO51\",\"YO60\",\"YO61\",\"YO62\",\"ZE1\",\"ZE2\",\"ZE3\",\"BT6\",\"BT5\",\"BT8\",\"BT7\",\"BT2\",\"BT1\",\"BT4\",\"BT3\",\"BT9\",\"BT17\",\"BT16\",\"BT19\",\"BT18\",\"BT13\",\"BT12\",\"BT15\",\"BT14\",\"BT11\",\"BT10\",\"BT28\",\"BT27\",\"BT29\",\"BT24\",\"BT23\",\"BT26\",\"BT25\",\"BT20\",\"BT22\",\"BT21\",\"BT39\",\"BT38\",\"BT35\",\"BT34\",\"BT37\",\"BT36\",\"BT31\",\"BT30\",\"BT33\",\"BT32\",\"BT82\",\"BT81\",\"BT80\",\"BT93\",\"BT92\",\"BT94\",\"BT49\",\"BT40\",\"BT46\",\"BT45\",\"BT48\",\"BT47\",\"BT42\",\"BT41\",\"BT44\",\"BT43\",\"BT51\",\"BT57\",\"BT56\",\"BT53\",\"BT52\",\"BT55\",\"BT54\",\"BT60\",\"BT62\",\"BT61\",\"BT68\",\"BT67\",\"BT69\",\"BT64\",\"BT63\",\"BT66\",\"BT65\",\"BT71\",\"BT70\",\"BT79\",\"BT78\",\"BT75\",\"BT74\",\"BT77\",\"BT76\"]',NULL),(28,'nochangestaus@test.com','nochangestaus@test.com',NULL,'$2y$12$m8t6.ZoVhXuk3WruDA7H2uAxPoPrIcYdBfiDuzLAQbLbFrcpMhcDO',NULL,'2025-05-02 10:38:27','2025-05-02 10:38:27','seller','nochangestaus@test.com',NULL,'internal door,bricks,plasterboard,plywood,timber,insulation','IL','₪','d/m/Y','','0','Ag0qbks8pUGa3Qe0gSbQ8Q0TPlwEJV6f','[\"AB10\",\"AB11\",\"AB12\",\"AB13\",\"AB14\",\"AB15\",\"AB16\",\"AB21\",\"AB22\",\"AB23\",\"AB24\",\"AB25\",\"AB30\",\"AB31\",\"AB32\",\"AB33\",\"AB34\",\"AB35\",\"AB36\",\"AB37\",\"AB38\",\"AB39\",\"AB41\",\"AB42\",\"AB43\",\"AB44\",\"AB45\",\"AB51\",\"AB52\",\"AB53\",\"AB54\",\"AB55\",\"AB56\",\"AL1\",\"AL2\",\"AL3\",\"AL4\",\"AL5\",\"AL6\",\"AL7\",\"AL8\",\"AL9\",\"AL10\",\"B1\",\"B2\",\"B3\",\"B4\",\"B5\",\"B6\",\"B7\",\"B8\",\"B9\",\"B10\",\"B11\",\"B12\",\"B13\",\"B14\",\"B15\",\"B16\",\"B17\",\"B18\",\"B19\",\"B20\",\"B21\",\"B23\",\"B24\",\"B25\",\"B26\",\"B27\",\"B28\",\"B29\",\"B30\",\"B31\",\"B32\",\"B33\",\"B34\",\"B35\",\"B36\",\"B37\",\"B38\",\"B40\",\"B42\",\"B43\",\"B44\",\"B45\",\"B46\",\"B47\",\"B48\",\"B49\",\"B50\",\"B60\",\"B61\",\"B62\",\"B63\",\"B64\",\"B65\",\"B66\",\"B67\",\"B68\",\"B69\",\"B70\",\"B71\",\"B72\",\"B73\",\"B74\",\"B75\",\"B76\",\"B77\",\"B78\",\"B79\",\"B80\",\"B90\",\"B91\",\"B92\",\"B93\",\"B94\",\"B95\",\"B96\",\"B97\",\"B98\",\"BA1\",\"BA2\",\"BA3\",\"BA4\",\"BA5\",\"BA6\",\"BA7\",\"BA8\",\"BA9\",\"BA10\",\"BA11\",\"BA12\",\"BA13\",\"BA14\",\"BA15\",\"BA16\",\"BA20\",\"BA21\",\"BA22\",\"BB1\",\"BB2\",\"BB3\",\"BB4\",\"BB5\",\"BB6\",\"BB7\",\"BB8\",\"BB9\",\"BB10\",\"BB11\",\"BB12\",\"BB18\",\"BD1\",\"BD2\",\"BD3\",\"BD4\",\"BD5\",\"BD6\",\"BD7\",\"BD8\",\"BD9\",\"BD10\",\"BD11\",\"BD12\",\"BD13\",\"BD14\",\"BD15\",\"BD16\",\"BD17\",\"BD18\",\"BD19\",\"BD20\",\"BD21\",\"BD22\",\"BD23\",\"BD24\",\"BH1\",\"BH2\",\"BH3\",\"BH4\",\"BH5\",\"BH6\",\"BH7\",\"BH8\",\"BH9\",\"BH10\",\"BH11\",\"BH12\",\"BH13\",\"BH14\",\"BH15\",\"BH16\",\"BH17\",\"BH18\",\"BH19\",\"BH20\",\"BH21\",\"BH22\",\"BH23\",\"BH24\",\"BH25\",\"BH31\",\"BL0\",\"BL1\",\"BL2\",\"BL3\",\"BL4\",\"BL5\",\"BL6\",\"BL7\",\"BL8\",\"BL9\",\"BN1\",\"BN2\",\"BN3\",\"BN5\",\"BN6\",\"BN7\",\"BN8\",\"BN9\",\"BN10\",\"BN11\",\"BN12\",\"BN13\",\"BN14\",\"BN15\",\"BN16\",\"BN17\",\"BN18\",\"BN20\",\"BN21\",\"BN22\",\"BN23\",\"BN24\",\"BN25\",\"BN26\",\"BN27\",\"BN41\",\"BN42\",\"BN43\",\"BN44\",\"BN45\",\"BR1\",\"BR2\",\"BR3\",\"BR4\",\"BR5\",\"BR6\",\"BR7\",\"BR8\",\"BS1\",\"BS2\",\"BS3\",\"BS4\",\"BS5\",\"BS6\",\"BS7\",\"BS8\",\"BS9\",\"BS10\",\"BS11\",\"BS13\",\"BS14\",\"BS15\",\"BS16\",\"BS20\",\"BS21\",\"BS22\",\"BS23\",\"BS24\",\"BS25\",\"BS26\",\"BS27\",\"BS28\",\"BS29\",\"BS30\",\"BS31\",\"BS32\",\"BS34\",\"BS35\",\"BS36\",\"BS37\",\"BS39\",\"BS40\",\"BS41\",\"BS48\",\"BS49\",\"CA1\",\"CA2\",\"CA3\",\"CA4\",\"CA5\",\"CA6\",\"CA7\",\"CA8\",\"CA9\",\"CA10\",\"CA11\",\"CA12\",\"CA13\",\"CA14\",\"CA15\",\"CA16\",\"CA17\",\"CA18\",\"CA19\",\"CA20\",\"CA21\",\"CA22\",\"CA23\",\"CA24\",\"CA25\",\"CA26\",\"CA27\",\"CA28\",\"CB1\",\"CB2\",\"CB3\",\"CB4\",\"CB5\",\"CB6\",\"CB7\",\"CB8\",\"CB9\",\"CB10\",\"CB11\",\"CB21\",\"CB22\",\"CB23\",\"CB24\",\"CB25\",\"CF3\",\"CF5\",\"CF10\",\"CF11\",\"CF14\",\"CF15\",\"CF23\",\"CF24\",\"CF31\",\"CF32\",\"CF33\",\"CF34\",\"CF35\",\"CF36\",\"CF37\",\"CF38\",\"CF39\",\"CF40\",\"CF41\",\"CF42\",\"CF43\",\"CF44\",\"CF45\",\"CF46\",\"CF47\",\"CF48\",\"CF61\",\"CF62\",\"CF63\",\"CF64\",\"CF71\",\"CF72\",\"CF81\",\"CF82\",\"CF83\",\"CH1\",\"CH2\",\"CH3\",\"CH4\",\"CH5\",\"CH6\",\"CH7\",\"CH8\",\"CH41\",\"CH42\",\"CH43\",\"CH44\",\"CH45\",\"CH46\",\"CH47\",\"CH48\",\"CH49\",\"CH60\",\"CH61\",\"CH62\",\"CH63\",\"CH64\",\"CH65\",\"CH66\",\"CM0\",\"CM1\",\"CM2\",\"CM3\",\"CM4\",\"CM5\",\"CM6\",\"CM7\",\"CM8\",\"CM9\",\"CM11\",\"CM12\",\"CM13\",\"CM14\",\"CM15\",\"CM16\",\"CM17\",\"CM18\",\"CM19\",\"CM20\",\"CM21\",\"CM22\",\"CM23\",\"CM24\",\"CM77\",\"CO1\",\"CO2\",\"CO3\",\"CO4\",\"CO5\",\"CO6\",\"CO7\",\"CO8\",\"CO9\",\"CO10\",\"CO11\",\"CO12\",\"CO13\",\"CO14\",\"CO15\",\"CO16\",\"CR0\",\"CR2\",\"CR3\",\"CR4\",\"CR5\",\"CR6\",\"CR7\",\"CR8\",\"CT1\",\"CT2\",\"CT3\",\"CT4\",\"CT5\",\"CT6\",\"CT7\",\"CT8\",\"CT9\",\"CT10\",\"CT11\",\"CT12\",\"CT13\",\"CT14\",\"CT15\",\"CT16\",\"CT17\",\"CT18\",\"CT19\",\"CT20\",\"CT21\",\"CV1\",\"CV2\",\"CV3\",\"CV4\",\"CV5\",\"CV6\",\"CV7\",\"CV8\",\"CV9\",\"CV10\",\"CV11\",\"CV12\",\"CV13\",\"CV21\",\"CV22\",\"CV23\",\"CV31\",\"CV32\",\"CV33\",\"CV34\",\"CV35\",\"CV36\",\"CV37\",\"CV47\",\"CW1\",\"CW2\",\"CW3\",\"CW4\",\"CW5\",\"CW6\",\"CW7\",\"CW8\",\"CW9\",\"CW10\",\"CW11\",\"CW12\",\"DA1\",\"DA2\",\"DA3\",\"DA4\",\"DA5\",\"DA6\",\"DA7\",\"DA8\",\"DA9\",\"DA10\",\"DA11\",\"DA12\",\"DA13\",\"DA14\",\"DA15\",\"DA16\",\"DA17\",\"DA18\",\"DD1\",\"DD2\",\"DD3\",\"DD4\",\"DD5\",\"DD6\",\"DD7\",\"DD8\",\"DD9\",\"DD10\",\"DD11\",\"DE1\",\"DE3\",\"DE4\",\"DE5\",\"DE6\",\"DE7\",\"DE11\",\"DE12\",\"DE13\",\"DE14\",\"DE15\",\"DE21\",\"DE22\",\"DE23\",\"DE24\",\"DE45\",\"DE55\",\"DE56\",\"DE65\",\"DE72\",\"DE73\",\"DE74\",\"DE75\",\"DG1\",\"DG2\",\"DG3\",\"DG4\",\"DG5\",\"DG6\",\"DG7\",\"DG8\",\"DG9\",\"DG10\",\"DG11\",\"DG12\",\"DG13\",\"DG14\",\"DG16\",\"DH1\",\"DH2\",\"DH3\",\"DH4\",\"DH5\",\"DH6\",\"DH7\",\"DH8\",\"DH9\",\"DL1\",\"DL2\",\"DL3\",\"DL4\",\"DL5\",\"DL6\",\"DL7\",\"DL8\",\"DL9\",\"DL10\",\"DL11\",\"DL12\",\"DL13\",\"DL14\",\"DL15\",\"DL16\",\"DL17\",\"DN1\",\"DN2\",\"DN3\",\"DN4\",\"DN5\",\"DN6\",\"DN7\",\"DN8\",\"DN9\",\"DN10\",\"DN11\",\"DN12\",\"DN14\",\"DN15\",\"DN16\",\"DN17\",\"DN18\",\"DN19\",\"DN20\",\"DN21\",\"DN22\",\"DN31\",\"DN32\",\"DN33\",\"DN34\",\"DN35\",\"DN36\",\"DN37\",\"DN38\",\"DN39\",\"DN40\",\"DN41\",\"DT1\",\"DT2\",\"DT3\",\"DT4\",\"DT5\",\"DT6\",\"DT7\",\"DT8\",\"DT9\",\"DT10\",\"DT11\",\"DY1\",\"DY2\",\"DY3\",\"DY4\",\"DY5\",\"DY6\",\"DY7\",\"DY8\",\"DY9\",\"DY10\",\"DY11\",\"DY12\",\"DY13\",\"DY14\",\"E2\",\"E3\",\"E4\",\"E5\",\"E6\",\"E7\",\"E8\",\"E9\",\"E10\",\"E11\",\"E12\",\"E13\",\"E14\",\"E15\",\"E16\",\"E17\",\"E18\",\"E20\",\"E1\",\"E1W\",\"EC1A\",\"EC1M\",\"EC1N\",\"EC1R\",\"EC1V\",\"EC1Y\",\"EC2A\",\"EC2M\",\"EC2N\",\"EC2R\",\"EC2V\",\"EC2Y\",\"EC3A\",\"EC3M\",\"EC3N\",\"EC3R\",\"EC3V\",\"EC4A\",\"EC4M\",\"EC4N\",\"EC4R\",\"EC4V\",\"EC4Y\",\"EH1\",\"EH2\",\"EH3\",\"EH4\",\"EH5\",\"EH6\",\"EH7\",\"EH8\",\"EH9\",\"EH10\",\"EH11\",\"EH12\",\"EH13\",\"EH14\",\"EH15\",\"EH16\",\"EH17\",\"EH18\",\"EH19\",\"EH20\",\"EH21\",\"EH22\",\"EH23\",\"EH24\",\"EH25\",\"EH26\",\"EH27\",\"EH28\",\"EH29\",\"EH30\",\"EH31\",\"EH32\",\"EH33\",\"EH34\",\"EH35\",\"EH36\",\"EH37\",\"EH38\",\"EH39\",\"EH40\",\"EH41\",\"EH42\",\"EH43\",\"EH44\",\"EH45\",\"EH46\",\"EH47\",\"EH48\",\"EH49\",\"EH51\",\"EH52\",\"EH53\",\"EH54\",\"EH55\",\"EN1\",\"EN2\",\"EN3\",\"EN4\",\"EN5\",\"EN6\",\"EN7\",\"EN8\",\"EN9\",\"EN10\",\"EN11\",\"EX1\",\"EX2\",\"EX3\",\"EX4\",\"EX5\",\"EX6\",\"EX7\",\"EX8\",\"EX9\",\"EX10\",\"EX11\",\"EX12\",\"EX13\",\"EX14\",\"EX15\",\"EX16\",\"EX17\",\"EX18\",\"EX19\",\"EX20\",\"EX21\",\"EX22\",\"EX23\",\"EX24\",\"EX31\",\"EX32\",\"EX33\",\"EX34\",\"EX35\",\"EX36\",\"EX37\",\"EX38\",\"EX39\",\"FK1\",\"FK2\",\"FK3\",\"FK4\",\"FK5\",\"FK6\",\"FK7\",\"FK8\",\"FK9\",\"FK10\",\"FK11\",\"FK12\",\"FK13\",\"FK14\",\"FK15\",\"FK16\",\"FK17\",\"FK18\",\"FK19\",\"FK20\",\"FK21\",\"FY1\",\"FY2\",\"FY3\",\"FY4\",\"FY5\",\"FY6\",\"FY7\",\"FY8\",\"G1\",\"G2\",\"G3\",\"G4\",\"G5\",\"G11\",\"G12\",\"G13\",\"G14\",\"G15\",\"G20\",\"G21\",\"G22\",\"G23\",\"G31\",\"G32\",\"G33\",\"G34\",\"G40\",\"G41\",\"G42\",\"G43\",\"G44\",\"G45\",\"G46\",\"G51\",\"G52\",\"G53\",\"G60\",\"G61\",\"G62\",\"G63\",\"G64\",\"G65\",\"G66\",\"G67\",\"G68\",\"G69\",\"G71\",\"G72\",\"G73\",\"G74\",\"G75\",\"G76\",\"G77\",\"G78\",\"G81\",\"G82\",\"G83\",\"G84\",\"GL1\",\"GL2\",\"GL3\",\"GL4\",\"GL5\",\"GL6\",\"GL7\",\"GL8\",\"GL9\",\"GL10\",\"GL11\",\"GL12\",\"GL13\",\"GL14\",\"GL15\",\"GL16\",\"GL17\",\"GL18\",\"GL19\",\"GL20\",\"GL50\",\"GL51\",\"GL52\",\"GL53\",\"GL54\",\"GL55\",\"GL56\",\"GU1\",\"GU2\",\"GU3\",\"GU4\",\"GU5\",\"GU6\",\"GU7\",\"GU8\",\"GU9\",\"GU10\",\"GU11\",\"GU12\",\"GU14\",\"GU15\",\"GU16\",\"GU17\",\"GU18\",\"GU19\",\"GU20\",\"GU21\",\"GU22\",\"GU23\",\"GU24\",\"GU25\",\"GU26\",\"GU27\",\"GU28\",\"GU29\",\"GU30\",\"GU31\",\"GU32\",\"GU33\",\"GU34\",\"GU35\",\"GU46\",\"GU47\",\"GU51\",\"GU52\",\"HA0\",\"HA1\",\"HA2\",\"HA3\",\"HA4\",\"HA5\",\"HA6\",\"HA7\",\"HA8\",\"HA9\",\"HD1\",\"HD2\",\"HD3\",\"HD4\",\"HD5\",\"HD6\",\"HD7\",\"HD8\",\"HD9\",\"HG1\",\"HG2\",\"HG3\",\"HG4\",\"HG5\",\"HP1\",\"HP2\",\"HP3\",\"HP4\",\"HP5\",\"HP6\",\"HP7\",\"HP8\",\"HP9\",\"HP10\",\"HP11\",\"HP12\",\"HP13\",\"HP14\",\"HP15\",\"HP16\",\"HP17\",\"HP18\",\"HP19\",\"HP20\",\"HP21\",\"HP22\",\"HP23\",\"HP27\",\"HR1\",\"HR2\",\"HR3\",\"HR4\",\"HR5\",\"HR6\",\"HR7\",\"HR8\",\"HR9\",\"HS1\",\"HS2\",\"HS3\",\"HS4\",\"HS5\",\"HS6\",\"HS7\",\"HS8\",\"HS9\",\"HU1\",\"HU2\",\"HU3\",\"HU4\",\"HU5\",\"HU6\",\"HU7\",\"HU8\",\"HU9\",\"HU10\",\"HU11\",\"HU12\",\"HU13\",\"HU14\",\"HU15\",\"HU16\",\"HU17\",\"HU18\",\"HU19\",\"HU20\",\"HX1\",\"HX2\",\"HX3\",\"HX4\",\"HX5\",\"HX6\",\"HX7\",\"IG1\",\"IG2\",\"IG3\",\"IG4\",\"IG5\",\"IG6\",\"IG7\",\"IG8\",\"IG9\",\"IG10\",\"IG11\",\"IP1\",\"IP2\",\"IP3\",\"IP4\",\"IP5\",\"IP6\",\"IP7\",\"IP8\",\"IP9\",\"IP10\",\"IP11\",\"IP12\",\"IP13\",\"IP14\",\"IP15\",\"IP16\",\"IP17\",\"IP18\",\"IP19\",\"IP20\",\"IP21\",\"IP22\",\"IP23\",\"IP24\",\"IP25\",\"IP26\",\"IP27\",\"IP28\",\"IP29\",\"IP30\",\"IP31\",\"IP32\",\"IP33\",\"IV1\",\"IV2\",\"IV3\",\"IV4\",\"IV5\",\"IV6\",\"IV7\",\"IV8\",\"IV9\",\"IV10\",\"IV11\",\"IV12\",\"IV13\",\"IV14\",\"IV15\",\"IV16\",\"IV17\",\"IV18\",\"IV19\",\"IV20\",\"IV21\",\"IV22\",\"IV23\",\"IV24\",\"IV25\",\"IV26\",\"IV27\",\"IV28\",\"IV30\",\"IV31\",\"IV32\",\"IV36\",\"IV40\",\"IV41\",\"IV42\",\"IV43\",\"IV44\",\"IV45\",\"IV46\",\"IV47\",\"IV48\",\"IV49\",\"IV51\",\"IV52\",\"IV53\",\"IV54\",\"IV55\",\"IV56\",\"IV63\",\"KA1\",\"KA2\",\"KA3\",\"KA4\",\"KA5\",\"KA6\",\"KA7\",\"KA8\",\"KA9\",\"KA10\",\"KA11\",\"KA12\",\"KA13\",\"KA14\",\"KA15\",\"KA16\",\"KA17\",\"KA18\",\"KA19\",\"KA20\",\"KA21\",\"KA22\",\"KA23\",\"KA24\",\"KA25\",\"KA26\",\"KA27\",\"KA28\",\"KA29\",\"KA30\",\"KT1\",\"KT2\",\"KT3\",\"KT4\",\"KT5\",\"KT6\",\"KT7\",\"KT8\",\"KT9\",\"KT10\",\"KT11\",\"KT12\",\"KT13\",\"KT14\",\"KT15\",\"KT16\",\"KT17\",\"KT18\",\"KT19\",\"KT20\",\"KT21\",\"KT22\",\"KT23\",\"KT24\",\"KW1\",\"KW2\",\"KW3\",\"KW5\",\"KW6\",\"KW7\",\"KW8\",\"KW9\",\"KW10\",\"KW11\",\"KW12\",\"KW13\",\"KW14\",\"KW15\",\"KW16\",\"KW17\",\"KY1\",\"KY2\",\"KY3\",\"KY4\",\"KY5\",\"KY6\",\"KY7\",\"KY8\",\"KY9\",\"KY10\",\"KY11\",\"KY12\",\"KY13\",\"KY14\",\"KY15\",\"KY16\",\"L1\",\"L2\",\"L3\",\"L4\",\"L5\",\"L6\",\"L7\",\"L8\",\"L9\",\"L10\",\"L11\",\"L12\",\"L13\",\"L14\",\"L15\",\"L16\",\"L17\",\"L18\",\"L19\",\"L20\",\"L21\",\"L22\",\"L23\",\"L24\",\"L25\",\"L26\",\"L27\",\"L28\",\"L29\",\"L30\",\"L31\",\"L32\",\"L33\",\"L34\",\"L35\",\"L36\",\"L37\",\"L38\",\"L39\",\"L40\",\"LA1\",\"LA2\",\"LA3\",\"LA4\",\"LA5\",\"LA6\",\"LA7\",\"LA8\",\"LA9\",\"LA10\",\"LA11\",\"LA12\",\"LA13\",\"LA14\",\"LA15\",\"LA16\",\"LA17\",\"LA18\",\"LA19\",\"LA20\",\"LA21\",\"LA22\",\"LA23\",\"LD1\",\"LD2\",\"LD3\",\"LD4\",\"LD5\",\"LD6\",\"LD7\",\"LD8\",\"LE1\",\"LE2\",\"LE3\",\"LE4\",\"LE5\",\"LE6\",\"LE7\",\"LE8\",\"LE9\",\"LE10\",\"LE11\",\"LE12\",\"LE13\",\"LE14\",\"LE15\",\"LE16\",\"LE17\",\"LE18\",\"LE19\",\"LE65\",\"LE67\",\"LL11\",\"LL12\",\"LL13\",\"LL14\",\"LL15\",\"LL16\",\"LL17\",\"LL18\",\"LL19\",\"LL20\",\"LL21\",\"LL22\",\"LL23\",\"LL24\",\"LL25\",\"LL26\",\"LL27\",\"LL28\",\"LL29\",\"LL30\",\"LL31\",\"LL32\",\"LL33\",\"LL34\",\"LL35\",\"LL36\",\"LL37\",\"LL38\",\"LL39\",\"LL40\",\"LL41\",\"LL42\",\"LL43\",\"LL44\",\"LL45\",\"LL46\",\"LL47\",\"LL48\",\"LL49\",\"LL51\",\"LL52\",\"LL53\",\"LL54\",\"LL55\",\"LL56\",\"LL57\",\"LL58\",\"LL59\",\"LL60\",\"LL61\",\"LL62\",\"LL63\",\"LL64\",\"LL65\",\"LL66\",\"LL67\",\"LL68\",\"LL69\",\"LL70\",\"LL71\",\"LL72\",\"LL73\",\"LL74\",\"LL75\",\"LL76\",\"LL77\",\"LL78\",\"LN1\",\"LN2\",\"LN3\",\"LN4\",\"LN5\",\"LN6\",\"LN7\",\"LN8\",\"LN9\",\"LN10\",\"LN11\",\"LN12\",\"LN13\",\"LS1\",\"LS2\",\"LS3\",\"LS4\",\"LS5\",\"LS6\",\"LS7\",\"LS8\",\"LS9\",\"LS10\",\"LS11\",\"LS12\",\"LS13\",\"LS14\",\"LS15\",\"LS16\",\"LS17\",\"LS18\",\"LS19\",\"LS20\",\"LS21\",\"LS22\",\"LS23\",\"LS24\",\"LS25\",\"LS26\",\"LS27\",\"LS28\",\"LS29\",\"LU1\",\"LU2\",\"LU3\",\"LU4\",\"LU5\",\"LU6\",\"LU7\",\"M1\",\"M2\",\"M3\",\"M4\",\"M5\",\"M6\",\"M7\",\"M8\",\"M9\",\"M11\",\"M12\",\"M13\",\"M14\",\"M15\",\"M16\",\"M17\",\"M18\",\"M19\",\"M20\",\"M21\",\"M22\",\"M23\",\"M24\",\"M25\",\"M26\",\"M27\",\"M28\",\"M29\",\"M30\",\"M31\",\"M32\",\"M33\",\"M34\",\"M35\",\"M38\",\"M40\",\"M41\",\"M43\",\"M44\",\"M45\",\"M46\",\"M50\",\"M90\",\"ME1\",\"ME2\",\"ME3\",\"ME4\",\"ME5\",\"ME6\",\"ME7\",\"ME8\",\"ME9\",\"ME10\",\"ME11\",\"ME12\",\"ME13\",\"ME14\",\"ME15\",\"ME16\",\"ME17\",\"ME18\",\"ME19\",\"ME20\",\"MK1\",\"MK2\",\"MK3\",\"MK4\",\"MK5\",\"MK6\",\"MK7\",\"MK8\",\"MK9\",\"MK10\",\"MK11\",\"MK12\",\"MK13\",\"MK14\",\"MK15\",\"MK16\",\"MK17\",\"MK18\",\"MK19\",\"MK40\",\"MK41\",\"MK42\",\"MK43\",\"MK44\",\"MK45\",\"MK46\",\"ML1\",\"ML2\",\"ML3\",\"ML4\",\"ML5\",\"ML6\",\"ML7\",\"ML8\",\"ML9\",\"ML10\",\"ML11\",\"ML12\",\"N2\",\"N3\",\"N4\",\"N5\",\"N6\",\"N7\",\"N8\",\"N9\",\"N10\",\"N11\",\"N12\",\"N13\",\"N14\",\"N15\",\"N16\",\"N17\",\"N18\",\"N19\",\"N20\",\"N21\",\"N22\",\"N1\",\"N1C\",\"NE1\",\"NE2\",\"NE3\",\"NE4\",\"NE5\",\"NE6\",\"NE7\",\"NE8\",\"NE9\",\"NE10\",\"NE11\",\"NE12\",\"NE13\",\"NE15\",\"NE16\",\"NE17\",\"NE18\",\"NE19\",\"NE20\",\"NE21\",\"NE22\",\"NE23\",\"NE24\",\"NE25\",\"NE26\",\"NE27\",\"NE28\",\"NE29\",\"NE30\",\"NE31\",\"NE32\",\"NE33\",\"NE34\",\"NE35\",\"NE36\",\"NE37\",\"NE38\",\"NE39\",\"NE40\",\"NE41\",\"NE42\",\"NE43\",\"NE44\",\"NE45\",\"NE46\",\"NE47\",\"NE48\",\"NE49\",\"NE61\",\"NE62\",\"NE63\",\"NE64\",\"NE65\",\"NE66\",\"NE67\",\"NE68\",\"NE69\",\"NE70\",\"NE71\",\"NG1\",\"NG2\",\"NG3\",\"NG4\",\"NG5\",\"NG6\",\"NG7\",\"NG8\",\"NG9\",\"NG10\",\"NG11\",\"NG12\",\"NG13\",\"NG14\",\"NG15\",\"NG16\",\"NG17\",\"NG18\",\"NG19\",\"NG20\",\"NG21\",\"NG22\",\"NG23\",\"NG24\",\"NG25\",\"NG31\",\"NG32\",\"NG33\",\"NG34\",\"NG90\",\"NN1\",\"NN2\",\"NN3\",\"NN4\",\"NN5\",\"NN6\",\"NN7\",\"NN8\",\"NN9\",\"NN10\",\"NN11\",\"NN12\",\"NN13\",\"NN14\",\"NN15\",\"NN16\",\"NN17\",\"NN18\",\"NN29\",\"NP4\",\"NP7\",\"NP8\",\"NP10\",\"NP11\",\"NP12\",\"NP13\",\"NP15\",\"NP16\",\"NP18\",\"NP19\",\"NP20\",\"NP22\",\"NP23\",\"NP24\",\"NP25\",\"NP26\",\"NP44\",\"NR1\",\"NR2\",\"NR3\",\"NR4\",\"NR5\",\"NR6\",\"NR7\",\"NR8\",\"NR9\",\"NR10\",\"NR11\",\"NR12\",\"NR13\",\"NR14\",\"NR15\",\"NR16\",\"NR17\",\"NR18\",\"NR19\",\"NR20\",\"NR21\",\"NR22\",\"NR23\",\"NR24\",\"NR25\",\"NR26\",\"NR27\",\"NR28\",\"NR29\",\"NR30\",\"NR31\",\"NR32\",\"NR33\",\"NR34\",\"NR35\",\"NW1\",\"NW2\",\"NW3\",\"NW4\",\"NW5\",\"NW6\",\"NW7\",\"NW8\",\"NW9\",\"NW10\",\"NW11\",\"OL1\",\"OL2\",\"OL3\",\"OL4\",\"OL5\",\"OL6\",\"OL7\",\"OL8\",\"OL9\",\"OL10\",\"OL11\",\"OL12\",\"OL13\",\"OL14\",\"OL15\",\"OL16\",\"OX1\",\"OX2\",\"OX3\",\"OX4\",\"OX5\",\"OX7\",\"OX9\",\"OX10\",\"OX11\",\"OX12\",\"OX13\",\"OX14\",\"OX15\",\"OX16\",\"OX17\",\"OX18\",\"OX20\",\"OX25\",\"OX26\",\"OX27\",\"OX28\",\"OX29\",\"OX33\",\"OX39\",\"OX44\",\"OX49\",\"PA1\",\"PA2\",\"PA3\",\"PA4\",\"PA5\",\"PA6\",\"PA7\",\"PA8\",\"PA9\",\"PA10\",\"PA11\",\"PA12\",\"PA13\",\"PA14\",\"PA15\",\"PA16\",\"PA17\",\"PA18\",\"PA19\",\"PA20\",\"PA21\",\"PA22\",\"PA23\",\"PA24\",\"PA25\",\"PA26\",\"PA27\",\"PA28\",\"PA29\",\"PA30\",\"PA31\",\"PA32\",\"PA33\",\"PA34\",\"PA35\",\"PA36\",\"PA37\",\"PA38\",\"PA41\",\"PA42\",\"PA43\",\"PA44\",\"PA45\",\"PA46\",\"PA47\",\"PA48\",\"PA49\",\"PA60\",\"PA61\",\"PA62\",\"PA63\",\"PA64\",\"PA65\",\"PA66\",\"PA67\",\"PA68\",\"PA69\",\"PA70\",\"PA71\",\"PA72\",\"PA73\",\"PA74\",\"PA75\",\"PA76\",\"PA77\",\"PA78\",\"PA80\",\"PE1\",\"PE2\",\"PE3\",\"PE4\",\"PE5\",\"PE6\",\"PE7\",\"PE8\",\"PE9\",\"PE10\",\"PE11\",\"PE12\",\"PE13\",\"PE14\",\"PE15\",\"PE16\",\"PE19\",\"PE20\",\"PE21\",\"PE22\",\"PE23\",\"PE24\",\"PE25\",\"PE26\",\"PE27\",\"PE28\",\"PE29\",\"PE30\",\"PE31\",\"PE32\",\"PE33\",\"PE34\",\"PE35\",\"PE36\",\"PE37\",\"PE38\",\"PH1\",\"PH2\",\"PH3\",\"PH4\",\"PH5\",\"PH6\",\"PH7\",\"PH8\",\"PH9\",\"PH10\",\"PH11\",\"PH12\",\"PH13\",\"PH14\",\"PH15\",\"PH16\",\"PH17\",\"PH18\",\"PH19\",\"PH20\",\"PH21\",\"PH22\",\"PH23\",\"PH24\",\"PH25\",\"PH26\",\"PH30\",\"PH31\",\"PH32\",\"PH33\",\"PH34\",\"PH35\",\"PH36\",\"PH37\",\"PH38\",\"PH39\",\"PH40\",\"PH41\",\"PH42\",\"PH43\",\"PH44\",\"PH49\",\"PH50\",\"PL1\",\"PL2\",\"PL3\",\"PL4\",\"PL5\",\"PL6\",\"PL7\",\"PL8\",\"PL9\",\"PL10\",\"PL11\",\"PL12\",\"PL13\",\"PL14\",\"PL15\",\"PL16\",\"PL17\",\"PL18\",\"PL19\",\"PL20\",\"PL21\",\"PL22\",\"PL23\",\"PL24\",\"PL25\",\"PL26\",\"PL27\",\"PL28\",\"PL29\",\"PL30\",\"PL31\",\"PL32\",\"PL33\",\"PL34\",\"PL35\",\"PO1\",\"PO2\",\"PO3\",\"PO4\",\"PO5\",\"PO6\",\"PO7\",\"PO8\",\"PO9\",\"PO10\",\"PO11\",\"PO12\",\"PO13\",\"PO14\",\"PO15\",\"PO16\",\"PO17\",\"PO18\",\"PO19\",\"PO20\",\"PO21\",\"PO22\",\"PO30\",\"PO31\",\"PO32\",\"PO33\",\"PO34\",\"PO35\",\"PO36\",\"PO37\",\"PO38\",\"PO39\",\"PO40\",\"PO41\",\"PR1\",\"PR2\",\"PR3\",\"PR4\",\"PR5\",\"PR6\",\"PR7\",\"PR8\",\"PR9\",\"PR25\",\"PR26\",\"RG1\",\"RG2\",\"RG4\",\"RG5\",\"RG6\",\"RG7\",\"RG8\",\"RG9\",\"RG10\",\"RG12\",\"RG14\",\"RG17\",\"RG18\",\"RG19\",\"RG20\",\"RG21\",\"RG22\",\"RG23\",\"RG24\",\"RG25\",\"RG26\",\"RG27\",\"RG28\",\"RG29\",\"RG30\",\"RG31\",\"RG40\",\"RG41\",\"RG42\",\"RG45\",\"RH1\",\"RH2\",\"RH3\",\"RH4\",\"RH5\",\"RH6\",\"RH7\",\"RH8\",\"RH9\",\"RH10\",\"RH11\",\"RH12\",\"RH13\",\"RH14\",\"RH15\",\"RH16\",\"RH17\",\"RH18\",\"RH19\",\"RH20\",\"RM1\",\"RM2\",\"RM3\",\"RM4\",\"RM5\",\"RM6\",\"RM7\",\"RM8\",\"RM9\",\"RM10\",\"RM11\",\"RM12\",\"RM13\",\"RM14\",\"RM15\",\"RM16\",\"RM17\",\"RM18\",\"RM19\",\"RM20\",\"S1\",\"S2\",\"S3\",\"S4\",\"S5\",\"S6\",\"S7\",\"S8\",\"S9\",\"S10\",\"S11\",\"S12\",\"S13\",\"S14\",\"S17\",\"S18\",\"S20\",\"S21\",\"S25\",\"S26\",\"S32\",\"S33\",\"S35\",\"S36\",\"S40\",\"S41\",\"S42\",\"S43\",\"S44\",\"S45\",\"S60\",\"S61\",\"S62\",\"S63\",\"S64\",\"S65\",\"S66\",\"S70\",\"S71\",\"S72\",\"S73\",\"S74\",\"S75\",\"S80\",\"S81\",\"SA1\",\"SA2\",\"SA3\",\"SA4\",\"SA5\",\"SA6\",\"SA7\",\"SA8\",\"SA9\",\"SA10\",\"SA11\",\"SA12\",\"SA13\",\"SA14\",\"SA15\",\"SA16\",\"SA17\",\"SA18\",\"SA19\",\"SA20\",\"SA31\",\"SA32\",\"SA33\",\"SA34\",\"SA35\",\"SA36\",\"SA37\",\"SA38\",\"SA39\",\"SA40\",\"SA41\",\"SA42\",\"SA43\",\"SA44\",\"SA45\",\"SA46\",\"SA47\",\"SA48\",\"SA61\",\"SA62\",\"SA63\",\"SA64\",\"SA65\",\"SA66\",\"SA67\",\"SA68\",\"SA69\",\"SA70\",\"SA71\",\"SA72\",\"SA73\",\"SE1\",\"SE2\",\"SE3\",\"SE4\",\"SE5\",\"SE6\",\"SE7\",\"SE8\",\"SE9\",\"SE10\",\"SE11\",\"SE12\",\"SE13\",\"SE14\",\"SE15\",\"SE16\",\"SE17\",\"SE18\",\"SE19\",\"SE20\",\"SE21\",\"SE22\",\"SE23\",\"SE24\",\"SE25\",\"SE26\",\"SE27\",\"SE28\",\"SG1\",\"SG2\",\"SG3\",\"SG4\",\"SG5\",\"SG6\",\"SG7\",\"SG8\",\"SG9\",\"SG10\",\"SG11\",\"SG12\",\"SG13\",\"SG14\",\"SG15\",\"SG16\",\"SG17\",\"SG18\",\"SG19\",\"SK1\",\"SK2\",\"SK3\",\"SK4\",\"SK5\",\"SK6\",\"SK7\",\"SK8\",\"SK9\",\"SK10\",\"SK11\",\"SK12\",\"SK13\",\"SK14\",\"SK15\",\"SK16\",\"SK17\",\"SK22\",\"SK23\",\"SL0\",\"SL1\",\"SL2\",\"SL3\",\"SL4\",\"SL5\",\"SL6\",\"SL7\",\"SL8\",\"SL9\",\"SM1\",\"SM2\",\"SM3\",\"SM4\",\"SM5\",\"SM6\",\"SM7\",\"SN1\",\"SN2\",\"SN3\",\"SN4\",\"SN5\",\"SN6\",\"SN7\",\"SN8\",\"SN9\",\"SN10\",\"SN11\",\"SN12\",\"SN13\",\"SN14\",\"SN15\",\"SN16\",\"SN25\",\"SN26\",\"SO14\",\"SO15\",\"SO16\",\"SO17\",\"SO18\",\"SO19\",\"SO20\",\"SO21\",\"SO22\",\"SO23\",\"SO24\",\"SO30\",\"SO31\",\"SO32\",\"SO40\",\"SO41\",\"SO42\",\"SO43\",\"SO45\",\"SO50\",\"SO51\",\"SO52\",\"SO53\",\"SP1\",\"SP2\",\"SP3\",\"SP4\",\"SP5\",\"SP6\",\"SP7\",\"SP8\",\"SP9\",\"SP10\",\"SP11\",\"SR1\",\"SR2\",\"SR3\",\"SR4\",\"SR5\",\"SR6\",\"SR7\",\"SR8\",\"SS0\",\"SS1\",\"SS2\",\"SS3\",\"SS4\",\"SS5\",\"SS6\",\"SS7\",\"SS8\",\"SS9\",\"SS11\",\"SS12\",\"SS13\",\"SS14\",\"SS15\",\"SS16\",\"SS17\",\"ST1\",\"ST2\",\"ST3\",\"ST4\",\"ST5\",\"ST6\",\"ST7\",\"ST8\",\"ST9\",\"ST10\",\"ST11\",\"ST12\",\"ST13\",\"ST14\",\"ST15\",\"ST16\",\"ST17\",\"ST18\",\"ST19\",\"ST20\",\"ST21\",\"SW2\",\"SW3\",\"SW4\",\"SW5\",\"SW6\",\"SW7\",\"SW8\",\"SW9\",\"SW10\",\"SW11\",\"SW12\",\"SW13\",\"SW14\",\"SW15\",\"SW16\",\"SW17\",\"SW18\",\"SW19\",\"SW20\",\"SW1A\",\"SW1E\",\"SW1H\",\"SW1P\",\"SW1V\",\"SW1W\",\"SW1X\",\"SW1Y\",\"SY1\",\"SY2\",\"SY3\",\"SY4\",\"SY5\",\"SY6\",\"SY7\",\"SY8\",\"SY9\",\"SY10\",\"SY11\",\"SY12\",\"SY13\",\"SY14\",\"SY15\",\"SY16\",\"SY17\",\"SY18\",\"SY19\",\"SY20\",\"SY21\",\"SY22\",\"SY23\",\"SY24\",\"SY25\",\"TA1\",\"TA2\",\"TA3\",\"TA4\",\"TA5\",\"TA6\",\"TA7\",\"TA8\",\"TA9\",\"TA10\",\"TA11\",\"TA12\",\"TA13\",\"TA14\",\"TA15\",\"TA16\",\"TA17\",\"TA18\",\"TA19\",\"TA20\",\"TA21\",\"TA22\",\"TA23\",\"TA24\",\"TD1\",\"TD2\",\"TD3\",\"TD4\",\"TD5\",\"TD6\",\"TD7\",\"TD8\",\"TD9\",\"TD10\",\"TD11\",\"TD12\",\"TD13\",\"TD14\",\"TD15\",\"TF1\",\"TF2\",\"TF3\",\"TF4\",\"TF5\",\"TF6\",\"TF7\",\"TF8\",\"TF9\",\"TF10\",\"TF11\",\"TF12\",\"TF13\",\"TN1\",\"TN2\",\"TN3\",\"TN4\",\"TN5\",\"TN6\",\"TN7\",\"TN8\",\"TN9\",\"TN10\",\"TN11\",\"TN12\",\"TN13\",\"TN14\",\"TN15\",\"TN16\",\"TN17\",\"TN18\",\"TN19\",\"TN20\",\"TN21\",\"TN22\",\"TN23\",\"TN24\",\"TN25\",\"TN26\",\"TN27\",\"TN28\",\"TN29\",\"TN30\",\"TN31\",\"TN32\",\"TN33\",\"TN34\",\"TN35\",\"TN36\",\"TN37\",\"TN38\",\"TN39\",\"TN40\",\"TQ1\",\"TQ2\",\"TQ3\",\"TQ4\",\"TQ5\",\"TQ6\",\"TQ7\",\"TQ8\",\"TQ9\",\"TQ10\",\"TQ11\",\"TQ12\",\"TQ13\",\"TQ14\",\"TR1\",\"TR2\",\"TR3\",\"TR4\",\"TR5\",\"TR6\",\"TR7\",\"TR8\",\"TR9\",\"TR10\",\"TR11\",\"TR12\",\"TR13\",\"TR14\",\"TR15\",\"TR16\",\"TR17\",\"TR18\",\"TR19\",\"TR20\",\"TR21\",\"TR22\",\"TR23\",\"TR24\",\"TR25\",\"TR26\",\"TR27\",\"TS1\",\"TS2\",\"TS3\",\"TS4\",\"TS5\",\"TS6\",\"TS7\",\"TS8\",\"TS9\",\"TS10\",\"TS11\",\"TS12\",\"TS13\",\"TS14\",\"TS15\",\"TS16\",\"TS17\",\"TS18\",\"TS19\",\"TS20\",\"TS21\",\"TS22\",\"TS23\",\"TS24\",\"TS25\",\"TS26\",\"TS27\",\"TS28\",\"TS29\",\"TW1\",\"TW2\",\"TW3\",\"TW4\",\"TW5\",\"TW6\",\"TW7\",\"TW8\",\"TW9\",\"TW10\",\"TW11\",\"TW12\",\"TW13\",\"TW14\",\"TW15\",\"TW16\",\"TW17\",\"TW18\",\"TW19\",\"TW20\",\"UB1\",\"UB2\",\"UB3\",\"UB4\",\"UB5\",\"UB6\",\"UB7\",\"UB8\",\"UB9\",\"UB10\",\"UB11\",\"W2\",\"W3\",\"W4\",\"W5\",\"W6\",\"W7\",\"W8\",\"W9\",\"W10\",\"W11\",\"W12\",\"W13\",\"W14\",\"W1B\",\"W1C\",\"W1D\",\"W1F\",\"W1G\",\"W1H\",\"W1J\",\"W1K\",\"W1S\",\"W1T\",\"W1U\",\"W1W\",\"WA1\",\"WA2\",\"WA3\",\"WA4\",\"WA5\",\"WA6\",\"WA7\",\"WA8\",\"WA9\",\"WA10\",\"WA11\",\"WA12\",\"WA13\",\"WA14\",\"WA15\",\"WA16\",\"WC1A\",\"WC1B\",\"WC1E\",\"WC1H\",\"WC1N\",\"WC1R\",\"WC1V\",\"WC1X\",\"WC2A\",\"WC2B\",\"WC2E\",\"WC2H\",\"WC2N\",\"WC2R\",\"WD3\",\"WD4\",\"WD5\",\"WD6\",\"WD7\",\"WD17\",\"WD18\",\"WD19\",\"WD23\",\"WD24\",\"WD25\",\"WF1\",\"WF2\",\"WF3\",\"WF4\",\"WF5\",\"WF6\",\"WF7\",\"WF8\",\"WF9\",\"WF10\",\"WF11\",\"WF12\",\"WF13\",\"WF14\",\"WF15\",\"WF16\",\"WF17\",\"WN1\",\"WN2\",\"WN3\",\"WN4\",\"WN5\",\"WN6\",\"WN7\",\"WN8\",\"WR1\",\"WR2\",\"WR3\",\"WR4\",\"WR5\",\"WR6\",\"WR7\",\"WR8\",\"WR9\",\"WR10\",\"WR11\",\"WR12\",\"WR13\",\"WR14\",\"WR15\",\"WS1\",\"WS2\",\"WS3\",\"WS4\",\"WS5\",\"WS6\",\"WS7\",\"WS8\",\"WS9\",\"WS10\",\"WS11\",\"WS12\",\"WS13\",\"WS14\",\"WS15\",\"WV1\",\"WV2\",\"WV3\",\"WV4\",\"WV5\",\"WV6\",\"WV7\",\"WV8\",\"WV9\",\"WV10\",\"WV11\",\"WV12\",\"WV13\",\"WV14\",\"WV15\",\"WV16\",\"YO1\",\"YO7\",\"YO8\",\"YO10\",\"YO11\",\"YO12\",\"YO13\",\"YO14\",\"YO15\",\"YO16\",\"YO17\",\"YO18\",\"YO19\",\"YO21\",\"YO22\",\"YO23\",\"YO24\",\"YO25\",\"YO26\",\"YO30\",\"YO31\",\"YO32\",\"YO41\",\"YO42\",\"YO43\",\"YO51\",\"YO60\",\"YO61\",\"YO62\",\"ZE1\",\"ZE2\",\"ZE3\",\"BT6\",\"BT5\",\"BT8\",\"BT7\",\"BT2\",\"BT1\",\"BT4\",\"BT3\",\"BT9\",\"BT17\",\"BT16\",\"BT19\",\"BT18\",\"BT13\",\"BT12\",\"BT15\",\"BT14\",\"BT11\",\"BT10\",\"BT28\",\"BT27\",\"BT29\",\"BT24\",\"BT23\",\"BT26\",\"BT25\",\"BT20\",\"BT22\",\"BT21\",\"BT39\",\"BT38\",\"BT35\",\"BT34\",\"BT37\",\"BT36\",\"BT31\",\"BT30\",\"BT33\",\"BT32\",\"BT82\",\"BT81\",\"BT80\",\"BT93\",\"BT92\",\"BT94\",\"BT49\",\"BT40\",\"BT46\",\"BT45\",\"BT48\",\"BT47\",\"BT42\",\"BT41\",\"BT44\",\"BT43\",\"BT51\",\"BT57\",\"BT56\",\"BT53\",\"BT52\",\"BT55\",\"BT54\",\"BT60\",\"BT62\",\"BT61\",\"BT68\",\"BT67\",\"BT69\",\"BT64\",\"BT63\",\"BT66\",\"BT65\",\"BT71\",\"BT70\",\"BT79\",\"BT78\",\"BT75\",\"BT74\",\"BT77\",\"BT76\"]',NULL);


